-- Table structure for table `categories`
--

CREATE TABLE `categories` (
  `id` int(10) UNSIGNED NOT NULL,
  `parent_id` int(10) UNSIGNED DEFAULT NULL,
  `slug` varchar(191) NOT NULL,
  `position` int(10) UNSIGNED DEFAULT NULL,
  `is_searchable` tinyint(1) NOT NULL,
  `is_active` tinyint(1) NOT NULL,
  `created_at` timestamp NULL DEFAULT NULL,
  `updated_at` timestamp NULL DEFAULT NULL
) ENGINE=InnoDB DEFAULT CHARSET=utf8mb4 COLLATE=utf8mb4_unicode_ci;

--
-- Dumping data for table `categories`
--

INSERT INTO `categories` (`id`, `parent_id`, `slug`, `position`, `is_searchable`, `is_active`, `created_at`, `updated_at`) VALUES
(9, NULL, 'audio-gagdets', NULL, 1, 1, '2025-06-12 14:57:29', '2025-06-12 14:57:29'),
(10, 9, 'robot-speakers', NULL, 1, 1, '2025-06-12 14:59:57', '2025-06-12 15:06:13'),
(11, 9, 'home-theater', NULL, 1, 1, '2025-06-12 15:03:17', '2025-06-12 15:03:17'),
(12, 9, 'sound-bars', NULL, 1, 1, '2025-06-12 15:05:50', '2025-06-12 15:05:50'),
(13, NULL, 'home-appliances', NULL, 1, 1, '2025-06-12 15:09:59', '2025-06-12 16:58:53'),
(14, 13, 'washing-machines', NULL, 1, 1, '2025-06-12 15:12:08', '2025-06-12 15:12:08'),
(15, 13, 'micro-waves-and-air-conditioners', NULL, 1, 1, '2025-06-12 15:14:34', '2025-06-12 15:14:34'),
(16, NULL, 'televisions', NULL, 1, 1, '2025-06-12 15:20:17', '2025-06-12 15:20:17'),
(17, 16, 'smart-tv', NULL, 1, 1, '2025-06-12 15:21:50', '2025-06-12 15:21:50'),
(18, 16, 'digital-tvs', NULL, 1, 1, '2025-06-12 15:26:27', '2025-06-12 15:26:27'),
(19, NULL, 'mobile-phones', NULL, 1, 1, '2025-06-12 15:30:05', '2025-06-12 15:30:05'),
(20, 19, 'apple-iphone', NULL, 1, 1, '2025-06-12 15:34:06', '2025-06-12 15:34:06'),
(21, 19, 'samsung', NULL, 1, 1, '2025-06-12 15:36:43', '2025-06-12 15:36:43'),
(22, 19, 'huawei', NULL, 1, 1, '2025-06-12 15:39:39', '2025-06-12 15:39:39'),
(23, NULL, 'watches', NULL, 1, 1, '2025-06-12 18:32:14', '2025-06-12 18:32:14'),
(24, NULL, 'fashion', NULL, 1, 1, '2025-06-12 18:32:25', '2025-06-12 18:32:25'),
(25, NULL, 'luxury', NULL, 1, 1, '2025-06-12 18:32:39', '2025-06-12 18:32:39'),
(26, NULL, 'computers', NULL, 1, 1, '2025-06-12 18:33:28', '2025-06-12 18:33:28'),
(27, NULL, 'consumer-electronics', NULL, 1, 1, '2025-06-12 18:33:46', '2025-06-12 18:33:46');

-- --------------------------------------------------------

--
-- Table structure for table `category_translations`
--

CREATE TABLE `category_translations` (
  `id` int(10) UNSIGNED NOT NULL,
  `category_id` int(10) UNSIGNED NOT NULL,
  `locale` varchar(191) NOT NULL,
  `name` varchar(191) NOT NULL
) ENGINE=InnoDB DEFAULT CHARSET=utf8mb4 COLLATE=utf8mb4_unicode_ci;

--
-- Dumping data for table `category_translations`
--

INSERT INTO `category_translations` (`id`, `category_id`, `locale`, `name`) VALUES
(9, 9, 'en', 'Audio Gagdets'),
(10, 10, 'en', 'Portable Speakers'),
(11, 11, 'en', 'Home Theater'),
(12, 12, 'en', 'Sound Bars'),
(13, 13, 'en', 'Home Appliances'),
(14, 14, 'en', 'Washing Machines'),
(15, 15, 'en', 'Micro Waves and Air conditioners'),
(16, 16, 'en', 'Televisions'),
(17, 17, 'en', 'Smart TV'),
(18, 18, 'en', 'Digital TVs'),
(19, 19, 'en', 'Mobile Phones'),
(20, 20, 'en', 'Apple Iphone'),
(21, 21, 'en', 'Samsung'),
(22, 22, 'en', 'Huawei'),
(23, 23, 'en', 'Watches'),
(24, 24, 'en', 'Fashion'),
(25, 25, 'en', 'Luxury'),
(26, 26, 'en', 'Computers'),
(27, 27, 'en', 'Consumer Electronics');

-- --------------------------------------------------------

--
-- Table structure for table `coupons`
--

CREATE TABLE `coupons` (
  `id` int(10) UNSIGNED NOT NULL,
  `code` varchar(191) NOT NULL,
  `value` decimal(18,4) UNSIGNED DEFAULT NULL,
  `is_percent` tinyint(1) NOT NULL,
  `free_shipping` tinyint(1) NOT NULL,
  `minimum_spend` decimal(18,4) UNSIGNED DEFAULT NULL,
  `maximum_spend` decimal(18,4) UNSIGNED DEFAULT NULL,
  `usage_limit_per_coupon` int(10) UNSIGNED DEFAULT NULL,
  `usage_limit_per_customer` int(10) UNSIGNED DEFAULT NULL,
  `used` int(11) NOT NULL DEFAULT 0,
  `is_active` tinyint(1) NOT NULL,
  `start_date` date DEFAULT NULL,
  `end_date` date DEFAULT NULL,
  `deleted_at` timestamp NULL DEFAULT NULL,
  `created_at` timestamp NULL DEFAULT NULL,
  `updated_at` timestamp NULL DEFAULT NULL
) ENGINE=InnoDB DEFAULT CHARSET=utf8mb4 COLLATE=utf8mb4_unicode_ci;

-- --------------------------------------------------------

--
-- Table structure for table `coupon_categories`
--

CREATE TABLE `coupon_categories` (
  `coupon_id` int(10) UNSIGNED NOT NULL,
  `category_id` int(10) UNSIGNED NOT NULL,
  `exclude` tinyint(1) NOT NULL DEFAULT 0
) ENGINE=InnoDB DEFAULT CHARSET=utf8mb4 COLLATE=utf8mb4_unicode_ci;

-- --------------------------------------------------------

--
-- Table structure for table `coupon_products`
--

CREATE TABLE `coupon_products` (
  `coupon_id` int(10) UNSIGNED NOT NULL,
  `product_id` int(10) UNSIGNED NOT NULL,
  `exclude` tinyint(1) NOT NULL DEFAULT 0
) ENGINE=InnoDB DEFAULT CHARSET=utf8mb4 COLLATE=utf8mb4_unicode_ci;

-- --------------------------------------------------------

--
-- Table structure for table `coupon_translations`
--

CREATE TABLE `coupon_translations` (
  `id` int(10) UNSIGNED NOT NULL,
  `coupon_id` int(10) UNSIGNED NOT NULL,
  `locale` varchar(191) NOT NULL,
  `name` varchar(191) NOT NULL
) ENGINE=InnoDB DEFAULT CHARSET=utf8mb4 COLLATE=utf8mb4_unicode_ci;

-- --------------------------------------------------------

--
-- Table structure for table `cross_sell_products`
--

CREATE TABLE `cross_sell_products` (
  `product_id` int(10) UNSIGNED NOT NULL,
  `cross_sell_product_id` int(10) UNSIGNED NOT NULL,
  `created_at` timestamp NULL DEFAULT NULL,
  `updated_at` timestamp NULL DEFAULT NULL
) ENGINE=InnoDB DEFAULT CHARSET=utf8mb4 COLLATE=utf8mb4_unicode_ci;

-- --------------------------------------------------------

--
-- Table structure for table `currency_rates`
--

CREATE TABLE `currency_rates` (
  `id` int(10) UNSIGNED NOT NULL,
  `currency` varchar(191) NOT NULL,
  `rate` decimal(12,4) NOT NULL,
  `created_at` timestamp NULL DEFAULT NULL,
  `updated_at` timestamp NULL DEFAULT NULL
) ENGINE=InnoDB DEFAULT CHARSET=utf8mb4 COLLATE=utf8mb4_unicode_ci;

--
-- Dumping data for table `currency_rates`
--

INSERT INTO `currency_rates` (`id`, `currency`, `rate`, `created_at`, `updated_at`) VALUES
(1, 'USD', 1.0000, '2025-05-29 10:35:02', '2025-05-29 10:35:02'),
(2, 'UGX', 1.0000, '2025-05-29 13:48:21', '2025-05-29 13:48:21');

-- --------------------------------------------------------

--
-- Table structure for table `default_addresses`
--

CREATE TABLE `default_addresses` (
  `id` int(10) UNSIGNED NOT NULL,
  `customer_id` int(10) UNSIGNED NOT NULL,
  `address_id` int(10) UNSIGNED NOT NULL
) ENGINE=InnoDB DEFAULT CHARSET=utf8mb4 COLLATE=utf8mb4_unicode_ci;

--
-- Dumping data for table `default_addresses`
--

INSERT INTO `default_addresses` (`id`, `customer_id`, `address_id`) VALUES
(1, 7, 1),
(2, 12, 3);

-- --------------------------------------------------------

--
-- Table structure for table `deposits`
--

CREATE TABLE `deposits` (
  `id` bigint(20) NOT NULL,
  `user` bigint(20) NOT NULL,
  `amount` double NOT NULL,
  `date_created` datetime NOT NULL,
  `date_updated` timestamp NOT NULL DEFAULT current_timestamp(),
  `status` enum('pending','completed','failed') NOT NULL DEFAULT 'pending',
  `trx` varchar(200) DEFAULT NULL,
  `order_id` varchar(200) DEFAULT NULL,
  `message` text NOT NULL,
  `rewarded` tinyint(1) NOT NULL DEFAULT 0 COMMENT 'this column is for bonus rewards to the referrer. it checks if true and not reward again.',
  `referal_rewarded` tinyint(4) NOT NULL DEFAULT 0 COMMENT 'used to check if referal commission is rewarded for first level users.'
) ENGINE=InnoDB DEFAULT CHARSET=utf8mb4 COLLATE=utf8mb4_unicode_ci;

--
-- Dumping data for table `deposits`
--

INSERT INTO `deposits` (`id`, `user`, `amount`, `date_created`, `date_updated`, `status`, `trx`, `order_id`, `message`, `rewarded`, `referal_rewarded`) VALUES
(4, 1, 1500, '2025-06-14 11:59:00', '2025-06-14 08:59:00', 'completed', '2d9b5418530ef30716ab29d674415733', '1820575430', 'Transaction fetched successfully', 1, 0),
(5, 1, 1000, '2025-06-14 15:17:35', '2025-06-14 12:17:35', 'completed', '177fbaed3da1a2d60483b04f1d74642c', '1820679867', 'Transaction fetched successfully', 1, 0),
(6, 9, 1000, '2025-06-14 15:29:49', '2025-06-14 12:29:49', 'completed', '538b98c074c742704ec6394556397936', '1820685649', 'Transaction fetched successfully', 1, 1);

-- --------------------------------------------------------

--
-- Table structure for table `entity_files`
--

CREATE TABLE `entity_files` (
  `id` int(10) UNSIGNED NOT NULL,
  `file_id` int(10) UNSIGNED NOT NULL,
  `entity_type` varchar(191) NOT NULL,
  `entity_id` bigint(20) UNSIGNED NOT NULL,
  `zone` varchar(191) NOT NULL,
  `created_at` timestamp NULL DEFAULT NULL,
  `updated_at` timestamp NULL DEFAULT NULL
) ENGINE=InnoDB DEFAULT CHARSET=utf8mb4 COLLATE=utf8mb4_unicode_ci;

--
-- Dumping data for table `entity_files`
--

INSERT INTO `entity_files` (`id`, `file_id`, `entity_type`, `entity_id`, `zone`, `created_at`, `updated_at`) VALUES
(1, 1, 'Modules\\Product\\Entities\\Product', 1, 'base_image', '2025-05-29 16:40:05', '2025-05-29 16:40:05'),
(30, 2, 'Modules\\Product\\Entities\\Product', 1, 'additional_images', '2025-05-29 16:40:05', '2025-05-29 16:40:05'),
(31, 3, 'Modules\\Product\\Entities\\Product', 1, 'additional_images', '2025-05-29 16:40:05', '2025-05-29 16:40:05'),
(32, 4, 'Modules\\Product\\Entities\\Product', 1, 'additional_images', '2025-05-29 16:40:05', '2025-05-29 16:40:05'),
(33, 5, 'Modules\\Product\\Entities\\Product', 1, 'additional_images', '2025-05-29 16:40:05', '2025-05-29 16:40:05'),
(34, 6, 'Modules\\Product\\Entities\\Product', 1, 'additional_images', '2025-05-29 16:40:05', '2025-05-29 16:40:05'),
(35, 7, 'Modules\\Product\\Entities\\Product', 1, 'additional_images', '2025-05-29 16:40:05', '2025-05-29 16:40:05'),
(36, 8, 'Modules\\Product\\Entities\\Product', 1, 'additional_images', '2025-05-29 16:40:05', '2025-05-29 16:40:05'),
(37, 9, 'Modules\\Product\\Entities\\Product', 1, 'additional_images', '2025-05-29 16:40:05', '2025-05-29 16:40:05'),
(38, 10, 'Modules\\Product\\Entities\\Product', 2, 'base_image', '2025-05-29 16:40:05', '2025-05-29 16:40:05'),
(39, 11, 'Modules\\Product\\Entities\\Product', 2, 'additional_images', '2025-05-29 16:40:05', '2025-05-29 16:40:05'),
(40, 12, 'Modules\\Category\\Entities\\Category', 8, 'logo', '2025-06-12 01:12:28', '2025-06-12 01:12:28'),
(41, 14, 'Modules\\Category\\Entities\\Category', 9, 'logo', '2025-06-12 14:57:29', '2025-06-12 14:57:29'),
(42, 15, 'Modules\\Category\\Entities\\Category', 9, 'banner', '2025-06-12 14:57:29', '2025-06-12 14:57:29'),
(45, 18, 'Modules\\Category\\Entities\\Category', 11, 'logo', '2025-06-12 15:03:17', '2025-06-12 15:03:17'),
(46, 19, 'Modules\\Category\\Entities\\Category', 11, 'banner', '2025-06-12 15:03:17', '2025-06-12 15:03:17'),
(47, 20, 'Modules\\Category\\Entities\\Category', 12, 'logo', '2025-06-12 15:05:50', '2025-06-12 15:05:50'),
(48, 21, 'Modules\\Category\\Entities\\Category', 12, 'banner', '2025-06-12 15:05:50', '2025-06-12 15:05:50'),
(49, 16, 'Modules\\Category\\Entities\\Category', 10, 'logo', '2025-06-12 15:06:13', '2025-06-12 15:06:13'),
(50, 17, 'Modules\\Category\\Entities\\Category', 10, 'banner', '2025-06-12 15:06:13', '2025-06-12 15:06:13'),
(53, 24, 'Modules\\Category\\Entities\\Category', 14, 'logo', '2025-06-12 15:12:08', '2025-06-12 15:12:08'),
(54, 25, 'Modules\\Category\\Entities\\Category', 14, 'banner', '2025-06-12 15:12:08', '2025-06-12 15:12:08'),
(55, 26, 'Modules\\Category\\Entities\\Category', 15, 'logo', '2025-06-12 15:14:34', '2025-06-12 15:14:34'),
(56, 27, 'Modules\\Category\\Entities\\Category', 15, 'banner', '2025-06-12 15:14:34', '2025-06-12 15:14:34'),
(57, 30, 'Modules\\Category\\Entities\\Category', 16, 'logo', '2025-06-12 15:20:17', '2025-06-12 15:20:17'),
(58, 29, 'Modules\\Category\\Entities\\Category', 16, 'banner', '2025-06-12 15:20:17', '2025-06-12 15:20:17'),
(59, 31, 'Modules\\Category\\Entities\\Category', 17, 'logo', '2025-06-12 15:21:50', '2025-06-12 15:21:50'),
(60, 21, 'Modules\\Category\\Entities\\Category', 17, 'banner', '2025-06-12 15:21:50', '2025-06-12 15:21:50'),
(61, 32, 'Modules\\Category\\Entities\\Category', 18, 'logo', '2025-06-12 15:26:28', '2025-06-12 15:26:28'),
(62, 33, 'Modules\\Category\\Entities\\Category', 18, 'banner', '2025-06-12 15:26:28', '2025-06-12 15:26:28'),
(63, 34, 'Modules\\Category\\Entities\\Category', 19, 'logo', '2025-06-12 15:30:05', '2025-06-12 15:30:05'),
(64, 35, 'Modules\\Category\\Entities\\Category', 19, 'banner', '2025-06-12 15:30:05', '2025-06-12 15:30:05'),
(65, 36, 'Modules\\Category\\Entities\\Category', 20, 'logo', '2025-06-12 15:34:06', '2025-06-12 15:34:06'),
(66, 37, 'Modules\\Category\\Entities\\Category', 20, 'banner', '2025-06-12 15:34:06', '2025-06-12 15:34:06'),
(67, 38, 'Modules\\Category\\Entities\\Category', 21, 'logo', '2025-06-12 15:36:43', '2025-06-12 15:36:43'),
(68, 39, 'Modules\\Category\\Entities\\Category', 21, 'banner', '2025-06-12 15:36:43', '2025-06-12 15:36:43'),
(69, 40, 'Modules\\Category\\Entities\\Category', 22, 'logo', '2025-06-12 15:39:39', '2025-06-12 15:39:39'),
(70, 41, 'Modules\\Category\\Entities\\Category', 22, 'banner', '2025-06-12 15:39:39', '2025-06-12 15:39:39'),
(73, 44, 'Modules\\Brand\\Entities\\Brand', 5, 'logo', '2025-06-12 15:45:48', '2025-06-12 15:45:48'),
(74, 45, 'Modules\\Brand\\Entities\\Brand', 5, 'banner', '2025-06-12 15:45:48', '2025-06-12 15:45:48'),
(83, 52, 'Modules\\Brand\\Entities\\Brand', 9, 'logo', '2025-06-12 15:56:03', '2025-06-12 15:56:03'),
(84, 53, 'Modules\\Brand\\Entities\\Brand', 9, 'banner', '2025-06-12 15:56:03', '2025-06-12 15:56:03'),
(85, 50, 'Modules\\Brand\\Entities\\Brand', 8, 'logo', '2025-06-12 15:56:08', '2025-06-12 15:56:08'),
(86, 51, 'Modules\\Brand\\Entities\\Brand', 8, 'banner', '2025-06-12 15:56:08', '2025-06-12 15:56:08'),
(89, 48, 'Modules\\Brand\\Entities\\Brand', 7, 'logo', '2025-06-12 15:56:16', '2025-06-12 15:56:16'),
(90, 49, 'Modules\\Brand\\Entities\\Brand', 7, 'banner', '2025-06-12 15:56:16', '2025-06-12 15:56:16'),
(91, 46, 'Modules\\Brand\\Entities\\Brand', 6, 'logo', '2025-06-12 15:56:21', '2025-06-12 15:56:21'),
(92, 47, 'Modules\\Brand\\Entities\\Brand', 6, 'banner', '2025-06-12 15:56:21', '2025-06-12 15:56:21'),
(93, 34, 'Modules\\Product\\Entities\\Product', 3, 'base_image', '2025-06-12 16:04:07', '2025-06-12 16:04:07'),
(94, 58, 'Modules\\Product\\Entities\\Product', 3, 'additional_images', '2025-06-12 16:04:07', '2025-06-12 16:04:07'),
(95, 57, 'Modules\\Product\\Entities\\Product', 3, 'additional_images', '2025-06-12 16:04:07', '2025-06-12 16:04:07'),
(96, 56, 'Modules\\Product\\Entities\\Product', 3, 'additional_images', '2025-06-12 16:04:07', '2025-06-12 16:04:07'),
(97, 55, 'Modules\\Product\\Entities\\Product', 3, 'additional_images', '2025-06-12 16:04:07', '2025-06-12 16:04:07'),
(98, 54, 'Modules\\Product\\Entities\\Product', 3, 'additional_images', '2025-06-12 16:04:07', '2025-06-12 16:04:07'),
(104, 60, 'Modules\\Product\\Entities\\Product', 4, 'base_image', '2025-06-12 16:07:20', '2025-06-12 16:07:20'),
(105, 59, 'Modules\\Product\\Entities\\Product', 4, 'additional_images', '2025-06-12 16:07:20', '2025-06-12 16:07:20'),
(106, 61, 'Modules\\Product\\Entities\\Product', 4, 'additional_images', '2025-06-12 16:07:20', '2025-06-12 16:07:20'),
(107, 62, 'Modules\\Product\\Entities\\Product', 4, 'additional_images', '2025-06-12 16:07:20', '2025-06-12 16:07:20'),
(108, 63, 'Modules\\Product\\Entities\\Product', 4, 'additional_images', '2025-06-12 16:07:20', '2025-06-12 16:07:20'),
(109, 66, 'Modules\\Product\\Entities\\Product', 5, 'base_image', '2025-06-12 16:10:55', '2025-06-12 16:10:55'),
(110, 65, 'Modules\\Product\\Entities\\Product', 5, 'additional_images', '2025-06-12 16:10:55', '2025-06-12 16:10:55'),
(111, 64, 'Modules\\Product\\Entities\\Product', 5, 'additional_images', '2025-06-12 16:10:55', '2025-06-12 16:10:55'),
(112, 67, 'Modules\\Product\\Entities\\Product', 5, 'additional_images', '2025-06-12 16:10:55', '2025-06-12 16:10:55'),
(113, 68, 'Modules\\Product\\Entities\\Product', 5, 'additional_images', '2025-06-12 16:10:55', '2025-06-12 16:10:55'),
(114, 69, 'Modules\\Product\\Entities\\Product', 5, 'additional_images', '2025-06-12 16:10:55', '2025-06-12 16:10:55'),
(120, 72, 'Modules\\Product\\Entities\\Product', 6, 'base_image', '2025-06-12 16:13:54', '2025-06-12 16:13:54'),
(121, 70, 'Modules\\Product\\Entities\\Product', 6, 'additional_images', '2025-06-12 16:13:54', '2025-06-12 16:13:54'),
(122, 71, 'Modules\\Product\\Entities\\Product', 6, 'additional_images', '2025-06-12 16:13:54', '2025-06-12 16:13:54'),
(123, 73, 'Modules\\Product\\Entities\\Product', 6, 'additional_images', '2025-06-12 16:13:54', '2025-06-12 16:13:54'),
(124, 74, 'Modules\\Product\\Entities\\Product', 6, 'additional_images', '2025-06-12 16:13:54', '2025-06-12 16:13:54'),
(125, 77, 'Modules\\Product\\Entities\\Product', 7, 'base_image', '2025-06-12 16:17:13', '2025-06-12 16:17:13'),
(126, 76, 'Modules\\Product\\Entities\\Product', 7, 'additional_images', '2025-06-12 16:17:13', '2025-06-12 16:17:13'),
(127, 75, 'Modules\\Product\\Entities\\Product', 7, 'additional_images', '2025-06-12 16:17:13', '2025-06-12 16:17:13'),
(128, 78, 'Modules\\Product\\Entities\\Product', 7, 'additional_images', '2025-06-12 16:17:13', '2025-06-12 16:17:13'),
(129, 79, 'Modules\\Product\\Entities\\Product', 7, 'additional_images', '2025-06-12 16:17:13', '2025-06-12 16:17:13'),
(135, 82, 'Modules\\Product\\Entities\\Product', 8, 'base_image', '2025-06-12 16:20:27', '2025-06-12 16:20:27'),
(136, 81, 'Modules\\Product\\Entities\\Product', 8, 'additional_images', '2025-06-12 16:20:27', '2025-06-12 16:20:27'),
(137, 80, 'Modules\\Product\\Entities\\Product', 8, 'additional_images', '2025-06-12 16:20:27', '2025-06-12 16:20:27'),
(138, 83, 'Modules\\Product\\Entities\\Product', 8, 'additional_images', '2025-06-12 16:20:27', '2025-06-12 16:20:27'),
(139, 84, 'Modules\\Product\\Entities\\Product', 8, 'additional_images', '2025-06-12 16:20:27', '2025-06-12 16:20:27'),
(140, 85, 'Modules\\Product\\Entities\\Product', 9, 'base_image', '2025-06-12 16:22:48', '2025-06-12 16:22:48'),
(141, 86, 'Modules\\Product\\Entities\\Product', 9, 'additional_images', '2025-06-12 16:22:48', '2025-06-12 16:22:48'),
(142, 87, 'Modules\\Product\\Entities\\Product', 9, 'additional_images', '2025-06-12 16:22:48', '2025-06-12 16:22:48'),
(143, 88, 'Modules\\Product\\Entities\\Product', 9, 'additional_images', '2025-06-12 16:22:48', '2025-06-12 16:22:48'),
(144, 89, 'Modules\\Product\\Entities\\Product', 9, 'additional_images', '2025-06-12 16:22:48', '2025-06-12 16:22:48'),
(145, 90, 'Modules\\Product\\Entities\\Product', 9, 'additional_images', '2025-06-12 16:22:48', '2025-06-12 16:22:48'),
(146, 94, 'Modules\\Product\\Entities\\Product', 10, 'base_image', '2025-06-12 16:25:45', '2025-06-12 16:25:45'),
(147, 93, 'Modules\\Product\\Entities\\Product', 10, 'additional_images', '2025-06-12 16:25:45', '2025-06-12 16:25:45'),
(148, 92, 'Modules\\Product\\Entities\\Product', 10, 'additional_images', '2025-06-12 16:25:45', '2025-06-12 16:25:45'),
(149, 91, 'Modules\\Product\\Entities\\Product', 10, 'additional_images', '2025-06-12 16:25:45', '2025-06-12 16:25:45'),
(150, 100, 'Modules\\Product\\Entities\\Product', 11, 'base_image', '2025-06-12 16:28:24', '2025-06-12 16:28:24'),
(151, 99, 'Modules\\Product\\Entities\\Product', 11, 'additional_images', '2025-06-12 16:28:24', '2025-06-12 16:28:24'),
(152, 98, 'Modules\\Product\\Entities\\Product', 11, 'additional_images', '2025-06-12 16:28:24', '2025-06-12 16:28:24'),
(153, 97, 'Modules\\Product\\Entities\\Product', 11, 'additional_images', '2025-06-12 16:28:24', '2025-06-12 16:28:24'),
(154, 96, 'Modules\\Product\\Entities\\Product', 11, 'additional_images', '2025-06-12 16:28:24', '2025-06-12 16:28:24'),
(155, 95, 'Modules\\Product\\Entities\\Product', 11, 'additional_images', '2025-06-12 16:28:24', '2025-06-12 16:28:24'),
(156, 101, 'Modules\\Product\\Entities\\Product', 11, 'additional_images', '2025-06-12 16:28:24', '2025-06-12 16:28:24'),
(157, 102, 'Modules\\Product\\Entities\\Product', 12, 'base_image', '2025-06-12 16:31:10', '2025-06-12 16:31:10'),
(158, 103, 'Modules\\Product\\Entities\\Product', 12, 'additional_images', '2025-06-12 16:31:10', '2025-06-12 16:31:10'),
(159, 104, 'Modules\\Product\\Entities\\Product', 12, 'additional_images', '2025-06-12 16:31:10', '2025-06-12 16:31:10'),
(160, 105, 'Modules\\Product\\Entities\\Product', 12, 'additional_images', '2025-06-12 16:31:10', '2025-06-12 16:31:10'),
(161, 106, 'Modules\\Product\\Entities\\Product', 12, 'additional_images', '2025-06-12 16:31:10', '2025-06-12 16:31:10'),
(164, 107, 'Modules\\Product\\Entities\\Product', 14, 'base_image', '2025-06-12 16:37:22', '2025-06-12 16:37:22'),
(165, 108, 'Modules\\Product\\Entities\\Product', 14, 'additional_images', '2025-06-12 16:37:22', '2025-06-12 16:37:22'),
(166, 115, 'Modules\\Product\\Entities\\Product', 15, 'base_image', '2025-06-12 16:42:51', '2025-06-12 16:42:51'),
(167, 114, 'Modules\\Product\\Entities\\Product', 15, 'additional_images', '2025-06-12 16:42:51', '2025-06-12 16:42:51'),
(168, 113, 'Modules\\Product\\Entities\\Product', 15, 'additional_images', '2025-06-12 16:42:51', '2025-06-12 16:42:51'),
(169, 112, 'Modules\\Product\\Entities\\Product', 15, 'additional_images', '2025-06-12 16:42:51', '2025-06-12 16:42:51'),
(170, 119, 'Modules\\Product\\Entities\\Product', 16, 'base_image', '2025-06-12 16:45:22', '2025-06-12 16:45:22'),
(171, 118, 'Modules\\Product\\Entities\\Product', 16, 'additional_images', '2025-06-12 16:45:22', '2025-06-12 16:45:22'),
(172, 120, 'Modules\\Product\\Entities\\Product', 16, 'additional_images', '2025-06-12 16:45:22', '2025-06-12 16:45:22'),
(173, 117, 'Modules\\Product\\Entities\\Product', 16, 'additional_images', '2025-06-12 16:45:22', '2025-06-12 16:45:22'),
(174, 116, 'Modules\\Product\\Entities\\Product', 16, 'additional_images', '2025-06-12 16:45:22', '2025-06-12 16:45:22'),
(175, 121, 'Modules\\Product\\Entities\\Product', 17, 'base_image', '2025-06-12 16:48:35', '2025-06-12 16:48:35'),
(176, 122, 'Modules\\Product\\Entities\\Product', 17, 'additional_images', '2025-06-12 16:48:35', '2025-06-12 16:48:35'),
(177, 123, 'Modules\\Product\\Entities\\Product', 17, 'additional_images', '2025-06-12 16:48:35', '2025-06-12 16:48:35'),
(178, 124, 'Modules\\Product\\Entities\\Product', 17, 'additional_images', '2025-06-12 16:48:35', '2025-06-12 16:48:35'),
(179, 125, 'Modules\\Product\\Entities\\Product', 17, 'additional_images', '2025-06-12 16:48:35', '2025-06-12 16:48:35'),
(180, 126, 'Modules\\Product\\Entities\\Product', 18, 'base_image', '2025-06-12 16:50:36', '2025-06-12 16:50:36'),
(181, 127, 'Modules\\Product\\Entities\\Product', 18, 'additional_images', '2025-06-12 16:50:36', '2025-06-12 16:50:36'),
(182, 128, 'Modules\\Product\\Entities\\Product', 18, 'additional_images', '2025-06-12 16:50:36', '2025-06-12 16:50:36'),
(183, 129, 'Modules\\Product\\Entities\\Product', 18, 'additional_images', '2025-06-12 16:50:36', '2025-06-12 16:50:36'),
(184, 130, 'Modules\\Product\\Entities\\Product', 19, 'base_image', '2025-06-12 16:53:15', '2025-06-12 16:53:15'),
(185, 131, 'Modules\\Product\\Entities\\Product', 19, 'additional_images', '2025-06-12 16:53:15', '2025-06-12 16:53:15'),
(186, 132, 'Modules\\Product\\Entities\\Product', 19, 'additional_images', '2025-06-12 16:53:15', '2025-06-12 16:53:15'),
(187, 133, 'Modules\\Product\\Entities\\Product', 19, 'additional_images', '2025-06-12 16:53:15', '2025-06-12 16:53:15'),
(188, 134, 'Modules\\Product\\Entities\\Product', 19, 'additional_images', '2025-06-12 16:53:15', '2025-06-12 16:53:15'),
(189, 135, 'Modules\\Product\\Entities\\Product', 19, 'additional_images', '2025-06-12 16:53:15', '2025-06-12 16:53:15'),
(194, 23, 'Modules\\Category\\Entities\\Category', 13, 'logo', '2025-06-12 16:58:53', '2025-06-12 16:58:53'),
(195, 22, 'Modules\\Category\\Entities\\Category', 13, 'banner', '2025-06-12 16:58:53', '2025-06-12 16:58:53'),
(196, 138, 'Modules\\Product\\Entities\\Product', 20, 'base_image', '2025-06-12 16:59:33', '2025-06-12 16:59:33'),
(197, 139, 'Modules\\Product\\Entities\\Product', 20, 'additional_images', '2025-06-12 16:59:33', '2025-06-12 16:59:33'),
(198, 137, 'Modules\\Product\\Entities\\Product', 20, 'additional_images', '2025-06-12 16:59:33', '2025-06-12 16:59:33'),
(199, 136, 'Modules\\Product\\Entities\\Product', 20, 'additional_images', '2025-06-12 16:59:33', '2025-06-12 16:59:33'),
(200, 141, 'Modules\\Product\\Entities\\Product', 21, 'base_image', '2025-06-12 17:01:34', '2025-06-12 17:01:34'),
(201, 140, 'Modules\\Product\\Entities\\Product', 21, 'additional_images', '2025-06-12 17:01:34', '2025-06-12 17:01:34'),
(202, 142, 'Modules\\Product\\Entities\\Product', 21, 'additional_images', '2025-06-12 17:01:34', '2025-06-12 17:01:34'),
(203, 144, 'Modules\\Product\\Entities\\Product', 22, 'base_image', '2025-06-12 17:03:18', '2025-06-12 17:03:18'),
(204, 143, 'Modules\\Product\\Entities\\Product', 22, 'additional_images', '2025-06-12 17:03:18', '2025-06-12 17:03:18'),
(205, 145, 'Modules\\Product\\Entities\\Product', 22, 'additional_images', '2025-06-12 17:03:18', '2025-06-12 17:03:18'),
(206, 146, 'Modules\\Product\\Entities\\Product', 23, 'base_image', '2025-06-12 17:06:47', '2025-06-12 17:06:47'),
(207, 147, 'Modules\\Product\\Entities\\Product', 23, 'additional_images', '2025-06-12 17:06:47', '2025-06-12 17:06:47'),
(208, 148, 'Modules\\Product\\Entities\\Product', 23, 'additional_images', '2025-06-12 17:06:47', '2025-06-12 17:06:47'),
(209, 149, 'Modules\\Product\\Entities\\Product', 23, 'additional_images', '2025-06-12 17:06:47', '2025-06-12 17:06:47'),
(210, 150, 'Modules\\Product\\Entities\\Product', 24, 'base_image', '2025-06-12 17:12:06', '2025-06-12 17:12:06'),
(212, 155, 'Modules\\Brand\\Entities\\Brand', 10, 'logo', '2025-06-17 12:45:48', '2025-06-17 12:45:48'),
(213, 157, 'Modules\\Brand\\Entities\\Brand', 4, 'logo', '2025-06-17 12:51:18', '2025-06-17 12:51:18'),
(214, 43, 'Modules\\Brand\\Entities\\Brand', 4, 'banner', '2025-06-17 12:51:18', '2025-06-17 12:51:18'),
(215, 158, 'Modules\\Brand\\Entities\\Brand', 11, 'logo', '2025-06-17 12:56:07', '2025-06-17 12:56:07'),
(216, 159, 'Modules\\Brand\\Entities\\Brand', 11, 'banner', '2025-06-17 12:56:07', '2025-06-17 12:56:07');

-- --------------------------------------------------------

--
-- Table structure for table `files`
--

CREATE TABLE `files` (
  `id` int(10) UNSIGNED NOT NULL,
  `user_id` int(10) UNSIGNED NOT NULL,
  `filename` varchar(191) NOT NULL,
  `disk` varchar(191) NOT NULL,
  `path` varchar(191) NOT NULL,
  `extension` varchar(191) NOT NULL,
  `mime` varchar(191) NOT NULL,
  `size` varchar(191) NOT NULL,
  `created_at` timestamp NULL DEFAULT NULL,
  `updated_at` timestamp NULL DEFAULT NULL
) ENGINE=InnoDB DEFAULT CHARSET=utf8mb4 COLLATE=utf8mb4_unicode_ci;

--
-- Dumping data for table `files`
--

INSERT INTO `files` (`id`, `user_id`, `filename`, `disk`, `path`, `extension`, `mime`, `size`, `created_at`, `updated_at`) VALUES
(1, 1, 'Large01.jpg', 'public_storage', 'media/RLwy9lgDDhChzARM9R5La3r8puNhtyycqPezJcIy.jpg', 'jpg', 'image/jpeg', '181051', '2025-05-29 16:40:05', '2025-05-29 16:40:05'),
(2, 1, 'G9NTv78PyOutz8tobeUq3hEx6ayZmrYBR7FwoCKy.jpeg', 'public_storage', 'media/ESY4egSx9z53r9eEolQmvZuUlcLYq9a8ut1g0Xr3.jpeg', 'jpeg', 'image/jpeg', '96176', '2025-05-29 16:40:05', '2025-05-29 16:40:05'),
(3, 1, 'DZ-3.jpg', 'public_storage', 'media/sDt38EFi8fZSH0jh7cKMs9nAu8aVwzrpNHtD7eIN.jpg', 'jpg', 'image/jpeg', '133446', '2025-05-29 16:40:05', '2025-05-29 16:40:05'),
(4, 1, 'DZ-7.jpg', 'public_storage', 'media/3FEHPumB8CIq6YkCVpr2cVldvnMBsDOINdL3NiWG.jpg', 'jpg', 'image/jpeg', '122473', '2025-05-29 16:40:05', '2025-05-29 16:40:05'),
(5, 1, 'DZ-8.jpg', 'public_storage', 'media/X8SOyaz0N0wTvCVmENzg7ARnYdIGm9H4DHAKUT1p.jpg', 'jpg', 'image/jpeg', '39935', '2025-05-29 16:40:05', '2025-05-29 16:40:05'),
(6, 1, 'OLED55C3PSA-OLED-TV-DZ-03.jpg', 'public_storage', 'media/F64Jt4TXPDWzi7PUIn23UvwTs3MC7Ek5GVt7wS0S.jpg', 'jpg', 'image/jpeg', '388593', '2025-05-29 16:40:05', '2025-05-29 16:40:05'),
(7, 1, 'OLED55C3PSA-OLED-TV-DZ-08.jpg', 'public_storage', 'media/fqpa6t6CwdxnXXDSQHocyCRxwdvqW6NYjIrWSt1w.jpg', 'jpg', 'image/jpeg', '44353', '2025-05-29 16:40:05', '2025-05-29 16:40:05'),
(8, 1, 'OLED55C3PSA-OLED-TV-DZ-14.jpg', 'public_storage', 'media/n0OWKsbrBmMv0W62HzMipypusNHGIKZXqXjhlPfb.jpg', 'jpg', 'image/jpeg', '422947', '2025-05-29 16:40:05', '2025-05-29 16:40:05'),
(9, 1, 'OLED55C3PSA-OLED-TV-DZ-15.jpg', 'public_storage', 'media/YL6bMnjWBTOOXc3Us1xlksRkXp4Jlr6wFwflDLzn.jpg', 'jpg', 'image/jpeg', '325183', '2025-05-29 16:40:05', '2025-05-29 16:40:05'),
(10, 1, 'MacBook-Pro-M3-16inch---Silver-3587.jpg', 'public_storage', 'media/cD1fYbY5s1lG2nHYhZAcYtDfTy7nALs9eRHeeidm.jpg', 'jpg', 'image/jpeg', '25104', '2025-05-29 16:40:05', '2025-05-29 16:40:05'),
(11, 1, 'MacBook-Pro-M3-16inch-Space-Black-9948.jpg', 'public_storage', 'media/bUG9jYup4oikAzXsA1up7JI4H9ErQk7W7zITGNvO.jpg', 'jpg', 'image/jpeg', '25087', '2025-05-29 16:40:05', '2025-05-29 16:40:05'),
(12, 1, 'Tablet-vs-smartphone-1200x884.jpg', 'public_storage', 'media/eZP0BxdeOlrVDfAejiOYSKdk6R3XatzwpOl23vPG.jpg', 'jpg', 'image/jpeg', '96470', '2025-06-12 01:04:14', '2025-06-12 01:04:14'),
(13, 1, '1.jpg', 'public_storage', 'media/3jEfNu3oYFknUvyuiLSdJnasVZKTQZnlChUIJbdE.jpg', 'jpg', 'image/jpeg', '22858', '2025-06-12 01:09:48', '2025-06-12 01:09:48'),
(14, 1, 'H8b64612abf004b819dc08402bc9bd470f.jpg_720x720q50.avif', 'public_storage', 'media/8KxcAPUakfhX65oRpn6hnQ1SiaT8ya21y9KvFTYk.avif', 'avif', 'image/avif', '24810', '2025-06-12 14:56:01', '2025-06-12 14:56:01'),
(15, 1, '9dde385a-e339-4a3b-a241-1c91848637fa.__CR0,0,1464,600_PT0_SX1464_V1___.jpg', 'public_storage', 'media/6vJbRNlPv9UYSXCtzUfYAM9wsMNxrAjnqPrumjdQ.jpg', 'jpg', 'image/jpeg', '640560', '2025-06-12 14:57:22', '2025-06-12 14:57:22'),
(16, 1, '81l7mB5LhsL._AC_SX679_.jpg', 'public_storage', 'media/OfF8qXgc56PWuBSrBeIgvZVSzoifCNa7Th0JnPPV.jpg', 'jpg', 'image/jpeg', '103628', '2025-06-12 14:59:10', '2025-06-12 14:59:10'),
(17, 1, '3b0f0ec5-9c52-424c-99e4-e372a9009455.__CR31,0,1464,625_PT0_SX1464_V1___.jpg', 'public_storage', 'media/W684fXDcSlr18F4y3MNnJ9WQMHIz5wxbw8lUQNJ0.jpg', 'jpg', 'image/jpeg', '62633', '2025-06-12 14:59:53', '2025-06-12 14:59:53'),
(18, 1, 'LHD457_Large_01.avif', 'public_storage', 'media/nf5LTW0lMPFc6VcUWAPLgXuAujdNUYdj7dNs02Db.avif', 'avif', 'image/avif', '8279', '2025-06-12 15:02:58', '2025-06-12 15:02:58'),
(19, 1, 'Home-Theatre_Web-Banner-D.avif', 'public_storage', 'media/iFkfBKHug5v0eZUJG6ftMxyxTGJ0uMGmQdIP7qPd.avif', 'avif', 'image/avif', '58968', '2025-06-12 15:03:09', '2025-06-12 15:03:09'),
(20, 1, 'JBLBar2p0AIOMK2_1605x1605_WEB_HERO.webp', 'public_storage', 'media/tllzW4seaUeHumGSk83CVPR1Dur2Pql0zQTnaPBm.webp', 'webp', 'image/webp', '42540', '2025-06-12 15:05:27', '2025-06-12 15:05:27'),
(21, 1, 'JBL_Soundbar_2.webp', 'public_storage', 'media/ikKDa1jnKxREx1I4AmXBYbj3qOyEPBcq3qwZnJuv.webp', 'webp', 'image/webp', '2320476', '2025-06-12 15:05:43', '2025-06-12 15:05:43'),
(22, 1, 'What-we-know-of-home-appliance-industry-of-Pakistan.webp', 'public_storage', 'media/WoBAklGRBKYIwGITrKjp5Xh1ZY6ATqfNk7vLjlZU.webp', 'webp', 'image/webp', '38102', '2025-06-12 15:07:44', '2025-06-12 15:07:44'),
(23, 1, '61j6gfgv1DL._AC_SX679_.jpg', 'public_storage', 'media/IJckRjwjjC3whs0uKjujwwM7lpZkXh0Sp07qAQ5n.jpg', 'jpg', 'image/jpeg', '31129', '2025-06-12 15:09:54', '2025-06-12 15:09:54'),
(24, 1, '61JZ9wO6HtL._AC_SX679_.jpg', 'public_storage', 'media/ou73hHdIZuYAtZcKymfRJMhzjBAA6MZ4TEPr5UT3.jpg', 'jpg', 'image/jpeg', '44813', '2025-06-12 15:11:00', '2025-06-12 15:11:00'),
(25, 1, '7956efa7436c02d8dec4d5d387ce395b.w3000.h600._CR0,0,3000,600_SX3000_.jpg', 'public_storage', 'media/ETYeBTwlmaemPkOUn7PV0TfdBZZ3WBa2kaRp3AfF.jpg', 'jpg', 'image/jpeg', '850628', '2025-06-12 15:12:01', '2025-06-12 15:12:01'),
(26, 1, '81kHQTndGFL._AC_SX679_.jpg', 'public_storage', 'media/Pi8JsynVRe4aFeH3vVOXsfbb5RC6DT4XECClh9M5.jpg', 'jpg', 'image/jpeg', '97742', '2025-06-12 15:13:22', '2025-06-12 15:13:22'),
(27, 1, '277b21ef-96ae-4377-b87a-5f252e5c923b.__CR0,0,1464,625_PT0_SX1464_V1___.jpeg', 'public_storage', 'media/L9RdyDUyPrTb5p8Op9VCKkWdplKWmb32daUAgLIp.png', 'jpg', 'image/jpeg', '1427856', '2025-06-12 15:14:28', '2025-06-12 15:14:28'),
(28, 1, 'abstract-monitor-tv-logo-design-graphic-vector-29214184.jpg', 'public_storage', 'media/haGutBiMQ4V5DjKy7fjtcRmQxPQAwpBjmCGcx8AS.jpg', 'jpg', 'image/jpeg', '76929', '2025-06-12 15:17:06', '2025-06-12 15:17:06'),
(29, 1, '7700e25f-68d5-4fdb-91ae-d7fcc79ba24f.__CR0,0,1464,600_PT0_SX1464_V1___.jpeg', 'public_storage', 'media/QHIYLjDokergLNspiIUOIyrmlkgx2T3PfNvzoF6h.png', 'jpg', 'image/jpeg', '1400227', '2025-06-12 15:19:48', '2025-06-12 15:19:48'),
(30, 1, '55_a6n_front-1.webp', 'public_storage', 'media/aZ3WduNmeFVlF6reZczpwPKpcK2nYJEGr0Jp1rM3.webp', 'webp', 'image/webp', '35038', '2025-06-12 15:20:13', '2025-06-12 15:20:13'),
(31, 1, 'UA32T5300.webp', 'public_storage', 'media/mt0w0tWPDy4zeriHNmNcepqKbl8i6k2cZu0pY78W.webp', 'webp', 'image/webp', '43610', '2025-06-12 15:21:22', '2025-06-12 15:21:22'),
(32, 1, 'Digital-TVs-in-Uganda.webp', 'public_storage', 'media/REFcZweDIK4ydrB4vJeFET0R0j1gPKsebRl0MNyq.webp', 'webp', 'image/webp', '117110', '2025-06-12 15:23:14', '2025-06-12 15:23:14'),
(33, 1, 'tv-smart-category-banner-desktop.avif', 'public_storage', 'media/p8yMkzYjtqRHHQDwmn1Vjr2Zj1VsZZ5MIkt4qkMa.avif', 'avif', 'image/avif', '38596', '2025-06-12 15:26:22', '2025-06-12 15:26:22'),
(34, 1, '51OUIET8LfL._AC_SX679_.jpg', 'public_storage', 'media/Qy9AwAemcDSOr0WAwjy059ECa4mVCftZIpjXYDkb.jpg', 'jpg', 'image/jpeg', '37282', '2025-06-12 15:27:33', '2025-06-12 15:27:33'),
(35, 1, 'Refurbished_Mobile_Phones_1.webp', 'public_storage', 'media/NWjVT9VOnsfZHb8wjLE5j8R0YZA5qYsROi7Ap7Jp.webp', 'webp', 'image/webp', '180632', '2025-06-12 15:29:58', '2025-06-12 15:29:58'),
(36, 1, 'innovation__os9bmmo3mjee_large_2x.jpg', 'public_storage', 'media/fUPx3rMsjh8hBH7WHeHedvNk5kwOBMZ7wEebGPd5.jpg', 'jpg', 'image/jpeg', '106533', '2025-06-12 15:31:29', '2025-06-12 15:31:29'),
(37, 1, 'audio__3clbnanoq82e_large_2x.jpg', 'public_storage', 'media/IyurrjlGX85pNYKgIYSPljVr1BaffJrYlQ7KFiqq.jpg', 'jpg', 'image/jpeg', '314040', '2025-06-12 15:33:58', '2025-06-12 15:33:58'),
(38, 1, 'galaxy-s25-ultra-features-kv.jpg', 'public_storage', 'media/LNW6rXRzk9da2phW4cQNEqENkrlhsG1KEryP3EKb.jpg', 'jpg', 'image/jpeg', '185854', '2025-06-12 15:35:07', '2025-06-12 15:35:07'),
(39, 1, 'S25-Edge-MLP-Doechii-placement-pc.jpg', 'public_storage', 'media/aozHXHgsvoqN9plWThohSyZDYG4f7iXCQPFO9s80.jpg', 'jpg', 'image/jpeg', '208209', '2025-06-12 15:36:38', '2025-06-12 15:36:38'),
(40, 1, 'huawei-mate-xt-ultimate-design-pc.jpg', 'public_storage', 'media/toaEZ8SOZ1U2EOamN5LCUhkuUSOBgy8vbIWtjM5c.jpg', 'jpg', 'image/jpeg', '631657', '2025-06-12 15:37:50', '2025-06-12 15:37:50'),
(41, 1, 'net-zero-pathways-2.jpg', 'public_storage', 'media/62atWZ65Ggq4k0gHfRPc2YUjErnAyYGWMpuMCBQR.jpg', 'jpg', 'image/jpeg', '329608', '2025-06-12 15:39:34', '2025-06-12 15:39:34'),
(42, 1, 'Apple_logo_grey.svg.png', 'public_storage', 'media/ymyzVch70IrWXcrj2LcHqXq7iDw3dEeM3Q9WwZgF.png', 'png', 'image/png', '43136', '2025-06-12 15:40:56', '2025-06-12 15:40:56'),
(43, 1, 'battery_hero__d5zgrstiu9si_large_2x.jpg', 'public_storage', 'media/wwjuANcQVUcbNb7BFOsd9Y9VUsiKFrhHZbA0dDWV.jpg', 'jpg', 'image/jpeg', '810786', '2025-06-12 15:42:49', '2025-06-12 15:42:49'),
(44, 1, 'Samsung_Logo.svg', 'public_storage', 'media/HGBLPAyCGSEL1MVXQly179WMh5O31mUFliYmdDTM.svg', 'svg', 'image/svg+xml', '6713', '2025-06-12 15:44:02', '2025-06-12 15:44:02'),
(45, 1, 'DA-Promo-EarlyJ4-HP-LOB-02-BespokeREF-DT.avif', 'public_storage', 'media/CkHfI866l27tCune6iQOHzjKwovjXiZw9m8HKNKs.avif', 'avif', 'image/avif', '10905', '2025-06-12 15:45:39', '2025-06-12 15:45:39'),
(46, 1, 'logo-b2c.jpg', 'public_storage', 'media/g9PtnL01HLPmazDe48jltAjrA8xAloCuRqq21yDJ.jpg', 'jpg', 'image/jpeg', '13526', '2025-06-12 15:46:36', '2025-06-12 15:46:36'),
(47, 1, 'Nanocell-TVs_Web-Banner-new.jpg', 'public_storage', 'media/EWDku3Io31dlOwzFcruCoQogtOFXMWoabOm0VPLC.jpg', 'jpg', 'image/jpeg', '140851', '2025-06-12 15:47:06', '2025-06-12 15:47:06'),
(48, 1, 'jbl-logo.svg', 'public_storage', 'media/R3HsybEiOj96eWahwneIdCcxtKy9Zm9QMDFvcXsm.svg', 'svg', 'image/svg+xml', '2642', '2025-06-12 15:49:02', '2025-06-12 15:49:02'),
(49, 1, '0001_DDP25_DESKTOP.png', 'public_storage', 'media/MEszMgru8nkHxsvLcW51RumcrBrMcbbDKxvou6Zp.png', 'png', 'image/png', '5297351', '2025-06-12 15:49:17', '2025-06-12 15:49:17'),
(50, 1, '36162b554e288f749f8ff1bb09584369.jpg', 'public_storage', 'media/gyiOzK7uzUH9Cf9naVmO7IjZDvH1Wvp43U29VqAK.jpg', 'jpg', 'image/jpeg', '13460', '2025-06-12 15:51:15', '2025-06-12 15:51:15'),
(51, 1, '20250219.webp', 'public_storage', 'media/VWmRuDKva8Z7Kz3OcWshWpus20oGI0IkfrowT55h.webp', 'webp', 'image/webp', '41344', '2025-06-12 15:52:55', '2025-06-12 15:52:55'),
(52, 1, '2148933-3840x2160-desktop-4k-huawei-logo-wallpaper.jpg', 'public_storage', 'media/18Oxaah2In0N5vk6zS2gDEfeqi83NH3fzTRHtKrP.jpg', 'jpg', 'image/jpeg', '202795', '2025-06-12 15:54:08', '2025-06-12 15:54:08'),
(53, 1, 'accelerate-industry-intelligence-en.avif', 'public_storage', 'media/LJV6aQLHAI1negUhJqCqmdlQIfVxLqeDqUliqkxM.avif', 'avif', 'image/avif', '35488', '2025-06-12 15:55:38', '2025-06-12 15:55:38'),
(54, 1, '61PCsOgud5L._AC_SL1500_.jpg', 'public_storage', 'media/FkJYnapwQukWbOr3tonJW4PKIED005tAM77d2buo.jpg', 'jpg', 'image/jpeg', '88041', '2025-06-12 16:03:38', '2025-06-12 16:03:38'),
(55, 1, '71g-Ke4jjPL._AC_SL1500_.jpg', 'public_storage', 'media/TXn2Un9GuWq13DAn59noAkdCEqFbC1c3Zje6MsN8.jpg', 'jpg', 'image/jpeg', '168669', '2025-06-12 16:03:38', '2025-06-12 16:03:38'),
(56, 1, '71JlqFexaJL._AC_SX679_.jpg', 'public_storage', 'media/asJAxDl9z4MvLivSOmndvWrJXhCZlxj1jEmldbsw.jpg', 'jpg', 'image/jpeg', '64182', '2025-06-12 16:03:38', '2025-06-12 16:03:38'),
(57, 1, '71Z2ur3GBUL._AC_SX679_.jpg', 'public_storage', 'media/SSTEmIyQoHF8KdtfpLiAHlcGc95mCHFOHOXdpcnT.jpg', 'jpg', 'image/jpeg', '55809', '2025-06-12 16:03:38', '2025-06-12 16:03:38'),
(58, 1, '616jYM7zwqL._AC_SX679_.jpg', 'public_storage', 'media/TN4zV7fYH5ytHIiW313Rrj84RK8w4TTKeD317qTm.jpg', 'jpg', 'image/jpeg', '42431', '2025-06-12 16:03:38', '2025-06-12 16:03:38'),
(59, 1, '51AEhnky1+L._AC_SX679_.jpg', 'public_storage', 'media/6UbyFKuPFlyZwSS1Rm1NrF4pVuBYEyofbSZobFaP.jpg', 'jpg', 'image/jpeg', '26945', '2025-06-12 16:06:01', '2025-06-12 16:06:01'),
(60, 1, '51f2L-96TdL._AC_SY879_.jpg', 'public_storage', 'media/pmadekVABnEP4WP42gLaC57hSwRi2yhr7dW6IfKY.jpg', 'jpg', 'image/jpeg', '28441', '2025-06-12 16:06:01', '2025-06-12 16:06:01'),
(61, 1, '51FIPvpMw8L._AC_SX679_.jpg', 'public_storage', 'media/ibG3AlZ3hCg2qLZrTRUIWnGcnN9vHaPqkbUpccTj.jpg', 'jpg', 'image/jpeg', '27363', '2025-06-12 16:06:02', '2025-06-12 16:06:02'),
(62, 1, '51j1IoSyrlL._AC_SY879_.jpg', 'public_storage', 'media/Moiyr5nyIzwGVCsTmCnbFYg0Lv6kqnGVtd4m1kUY.jpg', 'jpg', 'image/jpeg', '37306', '2025-06-12 16:06:02', '2025-06-12 16:06:02'),
(63, 1, '71zqJ3AuvsL._AC_SX679_.jpg', 'public_storage', 'media/z5V7wE67K10ro2mN6WxCSfj9YVD2j4Q8HzqdhVjX.jpg', 'jpg', 'image/jpeg', '37657', '2025-06-12 16:06:02', '2025-06-12 16:06:02'),
(64, 1, '61CmIlFRMjL._AC_SX679_.jpg', 'public_storage', 'media/t7IC8WA4oe3fVfFQmtAjitXRU1hblUrz66Wg9iUR.jpg', 'jpg', 'image/jpeg', '35323', '2025-06-12 16:09:25', '2025-06-12 16:09:25'),
(65, 1, '61Fka88E2UL._AC_SX679_.jpg', 'public_storage', 'media/r0cx72bt31KPPfOLyKq6UoI8cUB7J2lZsItLPm2f.jpg', 'jpg', 'image/jpeg', '45473', '2025-06-12 16:09:25', '2025-06-12 16:09:25'),
(66, 1, '61qvRagAn9L._AC_SX679_.jpg', 'public_storage', 'media/Mp7A04lkS9bGH1EWeOaRZobog75YdxGvTHY3nH8p.jpg', 'jpg', 'image/jpeg', '25064', '2025-06-12 16:09:25', '2025-06-12 16:09:25'),
(67, 1, '61uLkjXsHlL._AC_SX679_.jpg', 'public_storage', 'media/2R4jp8PBiJsVlSKssPTP1SjUmhKZSU8AuiBq9Lgr.jpg', 'jpg', 'image/jpeg', '45452', '2025-06-12 16:09:25', '2025-06-12 16:09:25'),
(68, 1, '71h+LRy7j+L._AC_SX679_.jpg', 'public_storage', 'media/fatZPGfWzRQ00tYzpXz4aPWJ60psYbGGDfFoCIsl.jpg', 'jpg', 'image/jpeg', '59794', '2025-06-12 16:09:25', '2025-06-12 16:09:25'),
(69, 1, '71qP5-g-YSL._AC_SL1500_.jpg', 'public_storage', 'media/d9w3ZeJakuNJVieGpPX1jYxSEnX0SkI1uMr5lYzp.jpg', 'jpg', 'image/jpeg', '162933', '2025-06-12 16:09:26', '2025-06-12 16:09:26'),
(70, 1, '71G5bjvbk5L._AC_SX679_.jpg', 'public_storage', 'media/iuvt96hwPWvG0ZeYSiw5weumyh8HOn4CH7n7QQDM.jpg', 'jpg', 'image/jpeg', '33663', '2025-06-12 16:12:26', '2025-06-12 16:12:26'),
(71, 1, '71IXcyAXC8L._AC_SX679_.jpg', 'public_storage', 'media/DEvu3pPnxWzR8xThjdomO604n9EW1jY9letSQQm8.jpg', 'jpg', 'image/jpeg', '27099', '2025-06-12 16:12:26', '2025-06-12 16:12:26'),
(72, 1, '71VV0kyOKCL._AC_SX679_.jpg', 'public_storage', 'media/XbTtAOMCsHrChwQt8b8h0dHB1BioRREQNO0Oqlfn.jpg', 'jpg', 'image/jpeg', '36566', '2025-06-12 16:12:26', '2025-06-12 16:12:26'),
(73, 1, '71yh1SfygML._AC_SX679_.jpg', 'public_storage', 'media/elVChxUYdBAsJPZ2ZWX3J2BQ1QUQHamcujdgOU0B.jpg', 'jpg', 'image/jpeg', '37197', '2025-06-12 16:12:26', '2025-06-12 16:12:26'),
(74, 1, '81BHHuppE9L._AC_SX679_.jpg', 'public_storage', 'media/JYaP6hLuwMIEBbbwMAQ3awuvEM1ftCxxCyWYEJv8.jpg', 'jpg', 'image/jpeg', '57043', '2025-06-12 16:12:26', '2025-06-12 16:12:26'),
(75, 1, '61G6miyalyL._AC_SX679_.jpg', 'public_storage', 'media/97Fclx0CphK85YtP1IWjEn8Paj1nP03EesOi0WUi.jpg', 'jpg', 'image/jpeg', '37572', '2025-06-12 16:16:35', '2025-06-12 16:16:35'),
(76, 1, '71Q2oC5cizL._AC_SX679_.jpg', 'public_storage', 'media/2lMsbjzga9AxJGoSwQLLOitNHayHGaj3iddnO00X.jpg', 'jpg', 'image/jpeg', '43106', '2025-06-12 16:16:35', '2025-06-12 16:16:35'),
(77, 1, '81XMzlM2LTL._AC_SX679_.jpg', 'public_storage', 'media/ulCWbUyaGJzJ7xubMbIrbxYbfRCoUiBKPKBp5wME.jpg', 'jpg', 'image/jpeg', '53740', '2025-06-12 16:16:35', '2025-06-12 16:16:35'),
(78, 1, '71V34ghPhLL._AC_SX679_.jpg', 'public_storage', 'media/UOmuyGv8fV2JqIScMwHSWaR169d5I9h7zudIRUxv.jpg', 'jpg', 'image/jpeg', '67225', '2025-06-12 16:16:35', '2025-06-12 16:16:35'),
(79, 1, '710JZYru1aL._AC_SX679_.jpg', 'public_storage', 'media/ztsWcwSE2qZQbRWDNO0G6mn7l62Io2jangeoqL5z.jpg', 'jpg', 'image/jpeg', '80105', '2025-06-12 16:16:35', '2025-06-12 16:16:35'),
(80, 1, '31OI31zHoIL._AC_SX679_.jpg', 'public_storage', 'media/6GUyaeASTehqBhGW2Mt1wwDiKSdJK7kYBoASoQBO.jpg', 'jpg', 'image/jpeg', '7587', '2025-06-12 16:19:02', '2025-06-12 16:19:02'),
(81, 1, '71aJEcIFN8L._AC_SX679_.jpg', 'public_storage', 'media/lOVnIiovKT4M7VAjItdDcxXDnNEeog206NBGwRWC.jpg', 'jpg', 'image/jpeg', '81725', '2025-06-12 16:19:03', '2025-06-12 16:19:03'),
(82, 1, '71YYYJN2E2L._AC_SX679_.jpg', 'public_storage', 'media/D0DbbFEkJRE0gW54WoCDxOGJafFAacHYqdqoiLHN.jpg', 'jpg', 'image/jpeg', '78233', '2025-06-12 16:19:03', '2025-06-12 16:19:03'),
(83, 1, '81-Ltp4GMRL._AC_SX679_.jpg', 'public_storage', 'media/s7Ie7eoga8cTa3q5etz4uDw447mr8gp3Q4JZyHCA.jpg', 'jpg', 'image/jpeg', '51689', '2025-06-12 16:19:03', '2025-06-12 16:19:03'),
(84, 1, '410LrgobkRL._AC_SX679_.jpg', 'public_storage', 'media/w0VZzLIZfudUb6zxl43ThOhpdIiMRG9BnkOnZTRT.jpg', 'jpg', 'image/jpeg', '13532', '2025-06-12 16:19:03', '2025-06-12 16:19:03'),
(85, 1, '71M9K65HHfL._AC_SX679_.jpg', 'public_storage', 'media/crR2OX3cs1qn2hiyQdnGnFbrhagPoa6dZUpUcInN.jpg', 'jpg', 'image/jpeg', '38038', '2025-06-12 16:21:58', '2025-06-12 16:21:58'),
(86, 1, '71pYO1HzanL._AC_SX679_.jpg', 'public_storage', 'media/Bd8NVu1zGBd8auaBMsu81xqhfe3af9G4aLJL3qv8.jpg', 'jpg', 'image/jpeg', '34320', '2025-06-12 16:21:58', '2025-06-12 16:21:58'),
(87, 1, '81V4O5EG2xL._AC_SX679_.jpg', 'public_storage', 'media/sY0iXSjPT5rhwZ1gSXUoDz6FvQarG0xZ5T6xnmKh.jpg', 'jpg', 'image/jpeg', '62291', '2025-06-12 16:21:58', '2025-06-12 16:21:58'),
(88, 1, '91vASd2i+QL._AC_SX679_.jpg', 'public_storage', 'media/6UHr1HynzE0oUVfPwh7uOSuItITgzogFsHSttRCv.jpg', 'jpg', 'image/jpeg', '92157', '2025-06-12 16:21:58', '2025-06-12 16:21:58'),
(89, 1, '91XvkzBWeYL._AC_SX679_.jpg', 'public_storage', 'media/6Oq6T4MuTbtJonR6hT85hmhu03bdNDSdgMGJrtg0.jpg', 'jpg', 'image/jpeg', '103548', '2025-06-12 16:21:58', '2025-06-12 16:21:58'),
(90, 1, '815H-UY0b-L._AC_SX679_.jpg', 'public_storage', 'media/TlgBDFfnjjZCJL2zjd3uDFqb2GUmiJRqa1rZ9Ld0.jpg', 'jpg', 'image/jpeg', '83366', '2025-06-12 16:21:59', '2025-06-12 16:21:59'),
(91, 1, '41fEpcg+8IL._AC_SY879_.jpg', 'public_storage', 'media/87r24sEkP0JokyXvKhuoeWzIF5YQahjzXRYWLiVw.jpg', 'jpg', 'image/jpeg', '10553', '2025-06-12 16:24:54', '2025-06-12 16:24:54'),
(92, 1, '51B-b6zreBL._AC_SX679_.jpg', 'public_storage', 'media/9Z8K0UpSQcY6cRbNtUXuDpkgYQWvPTr3Ix4SssYp.jpg', 'jpg', 'image/jpeg', '14383', '2025-06-12 16:24:54', '2025-06-12 16:24:54'),
(93, 1, '613R6ZJsJNL._AC_SX679_.jpg', 'public_storage', 'media/WYK5KxSIZe7UeozwT2Lv0u6PiaJuvXMfTiT9EyZI.jpg', 'jpg', 'image/jpeg', '44294', '2025-06-12 16:24:54', '2025-06-12 16:24:54'),
(94, 1, '6128QeCWeLL._AC_SX679_.jpg', 'public_storage', 'media/GOQsAXN05062NtsG1Xzr3B7oBBhKresJLdDHMWIG.jpg', 'jpg', 'image/jpeg', '44523', '2025-06-12 16:24:54', '2025-06-12 16:24:54'),
(95, 1, '71ddhIr7naL._AC_SX679_.jpg', 'public_storage', 'media/KgSpgDXR4j2vv8ud8FcaXcO1qanLDCZILuMvpPuW.jpg', 'jpg', 'image/jpeg', '39580', '2025-06-12 16:27:29', '2025-06-12 16:27:29'),
(96, 1, '71A4shZdcmL._AC_SX679_.jpg', 'public_storage', 'media/uNhqxVPUAU2URiO4qPATFWKEmbJcoq5NRUeNxlhY.jpg', 'jpg', 'image/jpeg', '63422', '2025-06-12 16:27:29', '2025-06-12 16:27:29'),
(97, 1, '71gIwzX5LGL._AC_SX679_.jpg', 'public_storage', 'media/RvRtk5tCTnULOTJVPeajWa8r112UR6w8oRlvX2Zs.jpg', 'jpg', 'image/jpeg', '64905', '2025-06-12 16:27:30', '2025-06-12 16:27:30'),
(98, 1, '71i4d9kvcsL._AC_SX679_.jpg', 'public_storage', 'media/bxb92JFEV4SqhOvibERoPvaaOSD7UcXaCF4lrGrW.jpg', 'jpg', 'image/jpeg', '50598', '2025-06-12 16:27:30', '2025-06-12 16:27:30'),
(99, 1, '71iG530mtEL._AC_SX679_.jpg', 'public_storage', 'media/eHLMisivjWCw7PkngpG66NIVPY9YF29VYacc7i0y.jpg', 'jpg', 'image/jpeg', '58217', '2025-06-12 16:27:30', '2025-06-12 16:27:30'),
(100, 1, '71mXcPOmS4L._AC_SX679_.jpg', 'public_storage', 'media/FemfJ9L8MfDjsaO5CgYVKBl4xrWxVKALjx19LTRD.jpg', 'jpg', 'image/jpeg', '44957', '2025-06-12 16:27:30', '2025-06-12 16:27:30'),
(101, 1, '719aHEZX7eL._AC_SX679_.jpg', 'public_storage', 'media/GdS2lXWT18kyq4gYOtVteWVfaBF0PEZzB1FtEjDs.jpg', 'jpg', 'image/jpeg', '63888', '2025-06-12 16:27:30', '2025-06-12 16:27:30'),
(102, 1, '61Rl2U7ZBSL._AC_SX679_.jpg', 'public_storage', 'media/nr5rxD6XzLGzzV2Bh7w5ke5NhL7fcwULyj0V6c30.jpg', 'jpg', 'image/jpeg', '41691', '2025-06-12 16:30:10', '2025-06-12 16:30:10'),
(103, 1, '71SHcXAkw5L._AC_SX679_.jpg', 'public_storage', 'media/6qAZ5p9qG7vIYtgSfDxpL3HtpnCXHsQYYTu5Tilm.jpg', 'jpg', 'image/jpeg', '55269', '2025-06-12 16:30:10', '2025-06-12 16:30:10'),
(104, 1, '71vF9d5frUL._AC_SX679_.jpg', 'public_storage', 'media/P32ClAOPl83f5Gi8RLnt1rfHrCKkopqfFslZ3mMs.jpg', 'jpg', 'image/jpeg', '51085', '2025-06-12 16:30:10', '2025-06-12 16:30:10'),
(105, 1, '71xuULKXuFL._AC_SX679_.jpg', 'public_storage', 'media/S7N3ecT01tnYeYRct4gt0e46BFPBR2MIRD902Emh.jpg', 'jpg', 'image/jpeg', '50589', '2025-06-12 16:30:10', '2025-06-12 16:30:10'),
(106, 1, '81N0g0r4W3L._AC_SX679_.jpg', 'public_storage', 'media/1bBNl3LhD3noogUe4geMHu7WDU11BWmDlU3bsE92.jpg', 'jpg', 'image/jpeg', '59872', '2025-06-12 16:30:10', '2025-06-12 16:30:10'),
(107, 1, '71kI34+jBAL._AC_SX679_.jpg', 'public_storage', 'media/Bpxm2dKDDbgLa5x9pHIuDh4j92lS458fWEK69a0F.jpg', 'jpg', 'image/jpeg', '66018', '2025-06-12 16:32:42', '2025-06-12 16:32:42'),
(108, 1, '71fJfSIHd7L._AC_SY879_.jpg', 'public_storage', 'media/GqsaX7rGlQLsMdZa7tV1BxnNIQ5CIkzVrJS9QV6V.jpg', 'jpg', 'image/jpeg', '66379', '2025-06-12 16:32:42', '2025-06-12 16:32:42'),
(109, 1, '81g5ofo5dWL._AC_SX679_.jpg', 'public_storage', 'media/iLWtdyWzJQGJjtQR4uSRbla1yFReJGqor57cYoBE.jpg', 'jpg', 'image/jpeg', '61055', '2025-06-12 16:32:42', '2025-06-12 16:32:42'),
(110, 1, '81GGkPqomZL._AC_SX679_.jpg', 'public_storage', 'media/YFarWmSLb9Fb8Xz55qSxRbvlBLU6IeCDLz0cIbXf.jpg', 'jpg', 'image/jpeg', '75414', '2025-06-12 16:32:43', '2025-06-12 16:32:43'),
(111, 1, '81PL1H0G5bL._AC_SX679_.jpg', 'public_storage', 'media/z3eIPwdKxDixeDuFXUOODcBFvjb9hhC75WU4id06.jpg', 'jpg', 'image/jpeg', '73727', '2025-06-12 16:32:43', '2025-06-12 16:32:43'),
(112, 1, '61+1bTdSAHL._AC_SX679_ (2).jpg', 'public_storage', 'media/Pjzko4kLjeUAGRnUNxoORe4c0I3XzB6xDYwEjMsO.jpg', 'jpg', 'image/jpeg', '33923', '2025-06-12 16:42:22', '2025-06-12 16:42:22'),
(113, 1, '81RebmrI3tL._AC_SX679_ (1).jpg', 'public_storage', 'media/pAoy8cD3vavZ9qt3uJTATscdWyaLnFLubP4SEjtI.jpg', 'jpg', 'image/jpeg', '57696', '2025-06-12 16:42:22', '2025-06-12 16:42:22'),
(114, 1, '81xQVv2WiAL._AC_SX679_ (1).jpg', 'public_storage', 'media/jX2Cx9jWdAKTmLwSaRMqKRp9YEwLPfVi2nSD5WCL.jpg', 'jpg', 'image/jpeg', '85950', '2025-06-12 16:42:22', '2025-06-12 16:42:22'),
(115, 1, '5152Bv5nVcL._AC_SX679_.jpg', 'public_storage', 'media/6FVd7449s0AJgP6Pv3F0A2EpPi2qcCdcbKOAsbWy.jpg', 'jpg', 'image/jpeg', '15299', '2025-06-12 16:42:22', '2025-06-12 16:42:22'),
(116, 1, '41a1UKbAe5L._AC_SX679_.jpg', 'public_storage', 'media/N8ioIH92LFwDxrRok2deZp0M6kvEXuUqH1ioMoot.jpg', 'jpg', 'image/jpeg', '17899', '2025-06-12 16:44:35', '2025-06-12 16:44:35'),
(117, 1, '41EOgc3I5iL._AC_SX679_.jpg', 'public_storage', 'media/ywwpM2ZTi8750sPOrnFzLpQgG2wq5GiLRUbD6RdJ.jpg', 'jpg', 'image/jpeg', '14559', '2025-06-12 16:44:35', '2025-06-12 16:44:35'),
(118, 1, '51Qya2whQEL._AC_SX679_.jpg', 'public_storage', 'media/5ZlJQWD1pwpLSuG1Ljph5SzjXxwVWeH5Z1gesFcg.jpg', 'jpg', 'image/jpeg', '33488', '2025-06-12 16:44:35', '2025-06-12 16:44:35'),
(119, 1, '614ULT5c4jL._AC_SX679_.jpg', 'public_storage', 'media/3dD9XhwYsChQrGq1uXyRHR00xuW7knBzveXr7x8C.jpg', 'jpg', 'image/jpeg', '30695', '2025-06-12 16:44:35', '2025-06-12 16:44:35'),
(120, 1, '619ynWdVvOL._AC_SX679_.jpg', 'public_storage', 'media/LJOvrfgejnvG6ZCKH2vpAiUTDHGNLRpKOioIqtMA.jpg', 'jpg', 'image/jpeg', '20643', '2025-06-12 16:44:36', '2025-06-12 16:44:36'),
(121, 1, '61jQT2fEYWL._AC_SX679_.jpg', 'public_storage', 'media/jyNMziOBuCXHisa4SFwFw5dmahh0YIFaN5jYJt4z.jpg', 'jpg', 'image/jpeg', '8095', '2025-06-12 16:47:25', '2025-06-12 16:47:25'),
(122, 1, '61PiAezoAaL._AC_SX679_.jpg', 'public_storage', 'media/wmXreGirL0spkyoE4v6KqHJQn0OpkdijDE4GzyWD.jpg', 'jpg', 'image/jpeg', '25079', '2025-06-12 16:47:25', '2025-06-12 16:47:25'),
(123, 1, '71l+ugvDsML._AC_SX679_.jpg', 'public_storage', 'media/AcYXGmfd4Oo8GThqtdKlYzeNkpM4O15EcpiUKPxA.jpg', 'jpg', 'image/jpeg', '30832', '2025-06-12 16:47:26', '2025-06-12 16:47:26'),
(124, 1, '71utcdO9BtL._AC_SX679_.jpg', 'public_storage', 'media/34VjksGlJq9vtWiWjd3ZCDFPoPHFNy6UKeoGkZoZ.jpg', 'jpg', 'image/jpeg', '19622', '2025-06-12 16:47:26', '2025-06-12 16:47:26'),
(125, 1, '81sA3ECFlHL._AC_SX679_.jpg', 'public_storage', 'media/xJgEQw82L75d7N2zX47NKwTugMrJRtuoWtfmafAn.jpg', 'jpg', 'image/jpeg', '54102', '2025-06-12 16:47:26', '2025-06-12 16:47:26'),
(126, 1, '51Uc1q1UsCL._AC_SX679_.jpg', 'public_storage', 'media/DDWtro1tGnjKckOHBXs9DBOAJwxUsM2m6c5treG9.jpg', 'jpg', 'image/jpeg', '11216', '2025-06-12 16:49:52', '2025-06-12 16:49:52'),
(127, 1, '61j8r8nVdfL._AC_SX679_.jpg', 'public_storage', 'media/Yo44YSMtdyC1QEh5fmC3zU8wW4nf4tboOQROnl7u.jpg', 'jpg', 'image/jpeg', '33766', '2025-06-12 16:49:52', '2025-06-12 16:49:52'),
(128, 1, '61OqQUqA66L._AC_SX679_.jpg', 'public_storage', 'media/xpZhYtDFwnbycgfviWtCl3PByoPpvMWQbOdlXGJg.jpg', 'jpg', 'image/jpeg', '40008', '2025-06-12 16:49:52', '2025-06-12 16:49:52'),
(129, 1, '61UjCmlm8gL._AC_SX679_.jpg', 'public_storage', 'media/tysWjTazAwQofIXtCHlFO8VvYJfVTdRUvQU4X7rx.jpg', 'jpg', 'image/jpeg', '25729', '2025-06-12 16:49:52', '2025-06-12 16:49:52'),
(130, 1, '61W+JQyNaIL._AC_SX679_.jpg', 'public_storage', 'media/ufhzRyS5XImVtotcD1RGWg5MzOMtU7PrIFPC2f9v.jpg', 'jpg', 'image/jpeg', '14106', '2025-06-12 16:52:22', '2025-06-12 16:52:22'),
(131, 1, '71awy8gZU8L._AC_SX679_.jpg', 'public_storage', 'media/hHHUQWiWvBG9avJbevHCyhHZB6hYC3xK0EcySiH8.jpg', 'jpg', 'image/jpeg', '40633', '2025-06-12 16:52:22', '2025-06-12 16:52:22'),
(132, 1, '81iQkww4VdL._AC_SX679_.jpg', 'public_storage', 'media/Ylkjog6fNnOYo5vaYdKl3I2VIjvWjLtNzuBnq10v.jpg', 'jpg', 'image/jpeg', '58379', '2025-06-12 16:52:22', '2025-06-12 16:52:22'),
(133, 1, '81QqfKSmf8L._AC_SX679_.jpg', 'public_storage', 'media/IzffnQtGOUJf2qzr09IjC9u6S0R3PjrXHasrGXW5.jpg', 'jpg', 'image/jpeg', '66203', '2025-06-12 16:52:22', '2025-06-12 16:52:22'),
(134, 1, '712ZNobtMUL._AC_SX679_.jpg', 'public_storage', 'media/NVaK9htTccTkWcM1iruhGqiY4JtaP7txIjvuSlLb.jpg', 'jpg', 'image/jpeg', '35249', '2025-06-12 16:52:23', '2025-06-12 16:52:23'),
(135, 1, '81tl9rQ-4EL._AC_SX679_.jpg', 'public_storage', 'media/wlE46EZ63LhnU4xAJTsJQ2NpViUEuPE3XE0nlkUq.jpg', 'jpg', 'image/jpeg', '74945', '2025-06-12 16:52:23', '2025-06-12 16:52:23'),
(136, 1, 'D-02.avif', 'public_storage', 'media/cwAYPS33qjIGmY9FQC7FrZ6Q8jXvvNEP3pyT7Rto.avif', 'avif', 'image/avif', '29277', '2025-06-12 16:57:47', '2025-06-12 16:57:47'),
(137, 1, 'D-03.avif', 'public_storage', 'media/49dARuApaafCWYW9sU8jYJ2ygJkmh0pJCmaWKz4d.avif', 'avif', 'image/avif', '28883', '2025-06-12 16:57:47', '2025-06-12 16:57:47'),
(138, 1, 'Thumb-350.avif', 'public_storage', 'media/Y0k82o30oifs4ViGKT3ZBHO85daP9sPzKtEe1QnF.avif', 'avif', 'image/avif', '9462', '2025-06-12 16:57:47', '2025-06-12 16:57:47'),
(139, 1, 'F0L9DGP2S-AIDD-D.avif', 'public_storage', 'media/kaQ1L7IeVVtf9iycLWoJVEGhr0UxFuedTUUW0aty.avif', 'avif', 'image/avif', '134899', '2025-06-12 16:57:47', '2025-06-12 16:57:47'),
(140, 1, '2-17-1024x1024.png.webp', 'public_storage', 'media/me15FyF6krJtOXErP5SG28ErcRniErYSFMUxvW3U.webp', 'webp', 'image/webp', '52840', '2025-06-12 17:01:00', '2025-06-12 17:01:00'),
(141, 1, '1-24-1024x1024.png.webp', 'public_storage', 'media/OztWqGkAW98g3NAac5zP2fn3ijgeWecZo5fWDOXF.webp', 'webp', 'image/webp', '71930', '2025-06-12 17:01:00', '2025-06-12 17:01:00'),
(142, 1, '3-14-600x550-1-1024x1024.png.webp', 'public_storage', 'media/tA8ZbeWatfrmWiD0WM7D42o44SSGn0Cr4taDtbdq.webp', 'webp', 'image/webp', '69804', '2025-06-12 17:01:01', '2025-06-12 17:01:01'),
(143, 1, 'samsung-ww90-k61oqs-washing-machine-adwash-front-load-inox-9kg-1-1024x1024.png.webp', 'public_storage', 'media/EjTo1LqDFZuxxiSL76ReAuTK0EzSFRS3vyr7KWfU.webp', 'webp', 'image/webp', '31854', '2025-06-12 17:02:53', '2025-06-12 17:02:53'),
(144, 1, '1-2022-06-25T235536.449.avif', 'public_storage', 'media/fbYVBhrdQigKXLMP7Nuny2XnyQgdiHeaHwJViPmF.avif', 'avif', 'image/avif', '20064', '2025-06-12 17:02:53', '2025-06-12 17:02:53'),
(145, 1, 'samsung-ww90-k61oqs-washing-machine-adwash-front-load-inox-9kg-3-1024x1024.png.webp', 'public_storage', 'media/QNNopW03OpHnEJjbUR4NlIUL3e8G2q7ojf63aB9p.webp', 'webp', 'image/webp', '31764', '2025-06-12 17:02:53', '2025-06-12 17:02:53'),
(146, 1, 'D-1.avif', 'public_storage', 'media/amoTDwSY0zjiMOxqtocvLZXJZxQCPjI2pNHS2oht.avif', 'avif', 'image/avif', '17539', '2025-06-12 17:06:10', '2025-06-12 17:06:10'),
(147, 1, 'D-2.jpg', 'public_storage', 'media/dVc913r3OU7JAnu6kq69A3Wkw6YoT2bftHYODXL5.jpg', 'jpg', 'image/jpeg', '44471', '2025-06-12 17:06:11', '2025-06-12 17:06:11'),
(148, 1, 'D-3.avif', 'public_storage', 'media/Wkf5sLoDO7CN53rGLWTkDrvXOFaTD0ForDgDCNmm.avif', 'avif', 'image/avif', '12797', '2025-06-12 17:06:11', '2025-06-12 17:06:11'),
(149, 1, 'D-4.jpg', 'public_storage', 'media/F73NKrApSmmNsX8QYcw2smFFDT61pooHhSqki05q.jpg', 'jpg', 'image/jpeg', '43705', '2025-06-12 17:06:11', '2025-06-12 17:06:11'),
(150, 1, 'Microwave_H28MOBS8HGUK.jpg', 'public_storage', 'media/GPcRZLlHDLhmNQZ6p4KOUsWI9gNLN7sqjVZ96KkQ.jpg', 'jpg', 'image/jpeg', '149609', '2025-06-12 17:11:47', '2025-06-12 17:11:47'),
(151, 1, 'mobile.webp', 'public_storage', 'media/5HR7zxsOFvSwBWt5SE7JdONUGIlDGjJilgOlJqtY.webp', 'webp', 'image/webp', '127122', '2025-06-12 17:42:32', '2025-06-12 17:42:32'),
(152, 1, 'pngtree-bee-logo-vector-animal-design-image_355656.jpg', 'public_storage', 'media/CHi9wzrQhgmuZGGIiyzmORM69mebY3wov1ZUAkWE.jpg', 'jpg', 'image/jpeg', '8889', '2025-06-14 11:06:50', '2025-06-14 11:06:50'),
(153, 1, '1 (1).jpg', 'public_storage', 'media/JofBl1ugoolEpdpUYlQ6KrYxhT0ciiolSSSRYVIa.jpg', 'jpg', 'image/jpeg', '15738', '2025-06-17 01:11:30', '2025-06-17 01:11:30'),
(154, 1, '1 (2).jpg', 'public_storage', 'media/T8Zcfh6r3uObOclBmFZST7qEer0tR4VzfKFIYHVL.jpg', 'jpg', 'image/jpeg', '20112', '2025-06-17 12:44:13', '2025-06-17 12:44:13'),
(155, 1, 'download (3).png', 'public_storage', 'media/x3F8Luuh67zcp3ylemwkOlqRbMTeJ8LAXx0sUKfZ.png', 'png', 'image/png', '1475', '2025-06-17 12:45:41', '2025-06-17 12:45:41'),
(157, 1, 'maxresdefault-970x546.jpg', 'public_storage', 'media/vhcx29jQEFBr9QK21Nvgd2txIokQmC7UJ2ErcME0.jpg', 'jpg', 'image/jpeg', '11958', '2025-06-17 12:51:00', '2025-06-17 12:51:00'),
(158, 1, 'images (1).png', 'public_storage', 'media/KrQfshSnChNz13a1TfdePSz8Cwpuhvbap1dBCxKK.png', 'png', 'image/png', '993', '2025-06-17 12:54:25', '2025-06-17 12:54:25'),
(159, 1, 'Infinix-Phone-Bundle-Hot-30i-Note-30-Note-30-ProMain-Banner.jpg', 'public_storage', 'media/X78tUc04mnVsGBDMA2SPl3leNixYDKbkYXJivcRa.jpg', 'jpg', 'image/jpeg', '777550', '2025-06-17 12:55:55', '2025-06-17 12:55:55');

-- --------------------------------------------------------

--
-- Table structure for table `flash_sales`
--

CREATE TABLE `flash_sales` (
  `id` int(10) UNSIGNED NOT NULL,
  `created_at` timestamp NULL DEFAULT NULL,
  `updated_at` timestamp NULL DEFAULT NULL
) ENGINE=InnoDB DEFAULT CHARSET=utf8mb4 COLLATE=utf8mb4_unicode_ci;

--
-- Dumping data for table `flash_sales`
--

INSERT INTO `flash_sales` (`id`, `created_at`, `updated_at`) VALUES
(1, '2025-06-12 18:48:05', '2025-06-12 18:52:26');

-- --------------------------------------------------------

--
-- Table structure for table `flash_sale_products`
--

CREATE TABLE `flash_sale_products` (
  `id` int(10) UNSIGNED NOT NULL,
  `flash_sale_id` int(10) UNSIGNED NOT NULL,
  `product_id` int(10) UNSIGNED NOT NULL,
  `end_date` date NOT NULL,
  `price` decimal(18,4) UNSIGNED NOT NULL,
  `qty` int(11) NOT NULL,
  `position` int(11) NOT NULL
) ENGINE=InnoDB DEFAULT CHARSET=utf8mb4 COLLATE=utf8mb4_unicode_ci;

--
-- Dumping data for table `flash_sale_products`
--

INSERT INTO `flash_sale_products` (`id`, `flash_sale_id`, `product_id`, `end_date`, `price`, `qty`, `position`) VALUES
(1, 1, 4, '2025-06-16', 1000000.0000, 10, 0),
(2, 1, 10, '2025-06-14', 850000.0000, 10, 1);

-- --------------------------------------------------------

--
-- Table structure for table `flash_sale_product_orders`
--

CREATE TABLE `flash_sale_product_orders` (
  `flash_sale_product_id` int(10) UNSIGNED NOT NULL,
  `order_id` int(10) UNSIGNED NOT NULL,
  `qty` int(11) NOT NULL
) ENGINE=InnoDB DEFAULT CHARSET=utf8mb4 COLLATE=utf8mb4_unicode_ci;

-- --------------------------------------------------------

--
-- Table structure for table `flash_sale_translations`
--

CREATE TABLE `flash_sale_translations` (
  `id` int(10) UNSIGNED NOT NULL,
  `flash_sale_id` int(10) UNSIGNED NOT NULL,
  `locale` varchar(191) NOT NULL,
  `campaign_name` varchar(191) NOT NULL
) ENGINE=InnoDB DEFAULT CHARSET=utf8mb4 COLLATE=utf8mb4_unicode_ci;

--
-- Dumping data for table `flash_sale_translations`
--

INSERT INTO `flash_sale_translations` (`id`, `flash_sale_id`, `locale`, `campaign_name`) VALUES
(1, 1, 'en', 'flush sales');

-- --------------------------------------------------------

--
-- Table structure for table `hire_commissions`
--

CREATE TABLE `hire_commissions` (
  `id` bigint(20) NOT NULL,
  `date_added` timestamp NOT NULL DEFAULT current_timestamp(),
  `amount` double NOT NULL,
  `user` bigint(20) NOT NULL,
  `commission_type` enum('welcome','top_up_bonus','top_up_commission','referral_commission','interest_on_purchase') DEFAULT NULL,
  `message` text NOT NULL
) ENGINE=InnoDB DEFAULT CHARSET=utf8mb4 COLLATE=utf8mb4_unicode_ci;

--
-- Dumping data for table `hire_commissions`
--

INSERT INTO `hire_commissions` (`id`, `date_added`, `amount`, `user`, `commission_type`, `message`) VALUES
(18, '2025-06-19 10:50:04', 66.6667, 1, 'interest_on_purchase', 'You have been rewarded your daily interest of UGX 66.67 on your installment payments. Breakdown: Payment #4 (UGX 666,667.00 earned UGX66.67).'),
(19, '2025-06-19 11:00:09', 20000, 1, 'welcome', 'Received a welcome  bonus to your wallet of UGX 20000'),
(20, '2025-06-19 11:00:09', 20000, 7, 'welcome', 'Received a welcome  bonus to your wallet of UGX 20000'),
(21, '2025-06-19 11:00:09', 20000, 8, 'welcome', 'Received a welcome  bonus to your wallet of UGX 20000'),
(22, '2025-06-19 11:00:09', 20000, 9, 'welcome', 'Received a welcome  bonus to your wallet of UGX 20000'),
(23, '2025-06-19 11:00:09', 20000, 10, 'welcome', 'Received a welcome  bonus to your wallet of UGX 20000'),
(24, '2025-06-19 11:00:09', 20000, 11, 'welcome', 'Received a welcome  bonus to your wallet of UGX 20000'),
(25, '2025-06-19 11:03:03', 30, 1, 'top_up_bonus', 'Received a deposit bonus to your wallet of UGX 30'),
(26, '2025-06-19 11:03:03', 20, 1, 'top_up_bonus', 'Received a deposit bonus to your wallet of UGX 20'),
(27, '2025-06-19 11:03:03', 20, 9, 'top_up_bonus', 'Received a deposit bonus to your wallet of UGX 20'),
(28, '2025-06-19 11:08:38', 10, 1, 'top_up_commission', 'You have received a wallet topup commission of UGX 10.00 from Jan Tu\'s deposit'),
(29, '2025-06-19 18:50:04', 20000, 12, 'welcome', 'Received a welcome  bonus to your wallet of UGX 20000'),
(30, '2025-06-20 00:00:05', 66.6667, 1, 'interest_on_purchase', 'You have been rewarded your daily interest of UGX 66.67 on your installment payments. Breakdown: Payment #4 ($666,667.00 earned $66.67).'),
(31, '2025-06-20 22:00:07', 11.6667, 12, 'interest_on_purchase', 'You have been rewarded your daily interest of UGX 11.67 on your installment payments. Breakdown: Payment #6 (UGX 116,667.00 earned UGX 11.67).'),
(32, '2025-06-21 00:00:04', 133.3334, 1, 'interest_on_purchase', 'You have been rewarded your daily interest of UGX 133.33 on your installment payments. Breakdown: Payment #4 (UGX 666,667.00 earned UGX 66.67), Payment #5 (UGX 666,667.00 earned UGX 66.67).'),
(33, '2025-06-21 00:00:05', 23.3334, 12, 'interest_on_purchase', 'You have been rewarded your daily interest of UGX 23.33 on your installment payments. Breakdown: Payment #6 (UGX 116,667.00 earned UGX 11.67), Payment #7 (UGX 116,667.00 earned UGX 11.67).');

-- --------------------------------------------------------

--
-- Table structure for table `hire_purchase_items`
--

CREATE TABLE `hire_purchase_items` (
  `id` int(11) NOT NULL,
  `item` bigint(20) NOT NULL,
  `date_added` datetime NOT NULL,
  `amount` bigint(20) NOT NULL,
  `user` bigint(20) NOT NULL,
  `interest` float NOT NULL,
  `status` enum('active','completed','closed','stalled') NOT NULL DEFAULT 'active',
  `date_updated` timestamp NOT NULL DEFAULT current_timestamp(),
  `installment_amount` double DEFAULT NULL,
  `earns_interest` tinyint(2) NOT NULL DEFAULT 1 COMMENT '1 is for when the user earns interest and 0 when earns not.'
) ENGINE=InnoDB DEFAULT CHARSET=utf8mb4 COLLATE=utf8mb4_unicode_ci;

--
-- Dumping data for table `hire_purchase_items`
--

INSERT INTO `hire_purchase_items` (`id`, `item`, `date_added`, `amount`, `user`, `interest`, `status`, `date_updated`, `installment_amount`, `earns_interest`) VALUES
(1, 24, '2025-06-17 16:39:58', 350000, 1, 0.01, 'closed', '2025-06-17 13:39:58', 116666.66666667, 1),
(2, 21, '2025-06-18 20:34:56', 2000000, 1, 0.01, 'active', '2025-06-18 17:34:56', 666666.66666667, 1),
(3, 24, '2025-06-20 21:54:56', 350000, 12, 0.01, 'active', '2025-06-20 18:54:56', 116666.66666667, 1);

-- --------------------------------------------------------

--
-- Table structure for table `hire_purchase_payments`
--

CREATE TABLE `hire_purchase_payments` (
  `id` bigint(20) NOT NULL,
  `item` bigint(11) NOT NULL,
  `date_paid` timestamp NOT NULL DEFAULT current_timestamp(),
  `user` bigint(20) NOT NULL,
  `amount` bigint(20) NOT NULL,
  `hire_purchase` bigint(20) DEFAULT NULL
) ENGINE=InnoDB DEFAULT CHARSET=utf8mb4 COLLATE=utf8mb4_unicode_ci;

--
-- Dumping data for table `hire_purchase_payments`
--

INSERT INTO `hire_purchase_payments` (`id`, `item`, `date_paid`, `user`, `amount`, `hire_purchase`) VALUES
(1, 24, '2025-06-17 13:39:58', 1, 116667, 1),
(2, 24, '2025-06-18 20:09:15', 1, 116667, 1),
(3, 24, '2025-06-18 20:10:26', 1, 116667, 1),
(4, 21, '2025-06-18 17:34:56', 1, 666667, 2),
(5, 21, '2025-06-20 10:09:52', 1, 666667, 2),
(6, 24, '2025-06-20 18:54:56', 12, 116667, 3),
(7, 24, '2025-06-20 23:34:23', 12, 116667, 3);

-- --------------------------------------------------------

--
-- Table structure for table `menus`
--

CREATE TABLE `menus` (
  `id` int(10) UNSIGNED NOT NULL,
  `is_active` tinyint(1) NOT NULL,
  `created_at` timestamp NULL DEFAULT NULL,
  `updated_at` timestamp NULL DEFAULT NULL
) ENGINE=InnoDB DEFAULT CHARSET=utf8mb4 COLLATE=utf8mb4_unicode_ci;

--
-- Dumping data for table `menus`
--

INSERT INTO `menus` (`id`, `is_active`, `created_at`, `updated_at`) VALUES
(1, 1, '2025-06-12 17:27:14', '2025-06-12 19:55:46'),
(2, 1, '2025-06-12 17:32:11', '2025-06-12 19:45:59');

-- --------------------------------------------------------

--
-- Table structure for table `menu_items`
--

CREATE TABLE `menu_items` (
  `id` int(10) UNSIGNED NOT NULL,
  `menu_id` int(10) UNSIGNED NOT NULL,
  `parent_id` int(10) UNSIGNED DEFAULT NULL,
  `category_id` int(10) UNSIGNED DEFAULT NULL,
  `page_id` int(10) UNSIGNED DEFAULT NULL,
  `type` varchar(191) NOT NULL,
  `url` varchar(191) DEFAULT NULL,
  `icon` varchar(191) DEFAULT NULL,
  `target` varchar(191) NOT NULL,
  `position` int(10) UNSIGNED DEFAULT NULL,
  `is_root` tinyint(1) NOT NULL DEFAULT 0,
  `is_fluid` tinyint(1) NOT NULL,
  `is_active` tinyint(1) NOT NULL,
  `created_at` timestamp NULL DEFAULT NULL,
  `updated_at` timestamp NULL DEFAULT NULL
) ENGINE=InnoDB DEFAULT CHARSET=utf8mb4 COLLATE=utf8mb4_unicode_ci;

--
-- Dumping data for table `menu_items`
--

INSERT INTO `menu_items` (`id`, `menu_id`, `parent_id`, `category_id`, `page_id`, `type`, `url`, `icon`, `target`, `position`, `is_root`, `is_fluid`, `is_active`, `created_at`, `updated_at`) VALUES
(1, 1, NULL, NULL, NULL, 'URL', NULL, NULL, '_self', 0, 1, 0, 1, '2025-06-12 17:27:14', '2025-06-12 17:27:14'),
(2, 1, 1, NULL, NULL, 'url', 'https://start-ordering.shop/', 'las la-home', '_self', 0, 0, 0, 1, '2025-06-12 17:28:17', '2025-06-12 19:54:17'),
(3, 1, 1, NULL, NULL, 'url', 'https://start-ordering.shop/contact', 'las la-headphones-alt', '_self', 4, 0, 0, 1, '2025-06-12 17:29:07', '2025-06-12 19:55:21'),
(4, 1, 1, NULL, NULL, 'url', 'https://start-ordering.shop/account', 'las la-user', '_self', 5, 0, 0, 1, '2025-06-12 17:29:33', '2025-06-12 19:55:30'),
(8, 2, NULL, NULL, NULL, 'URL', NULL, NULL, '_self', 0, 1, 0, 1, '2025-06-12 17:32:11', '2025-06-12 17:32:11'),
(9, 2, 8, 19, NULL, 'category', NULL, 'las la-mobile-alt', '_self', 0, 0, 0, 1, '2025-06-12 17:32:41', '2025-06-12 19:49:51'),
(10, 2, 8, 13, NULL, 'category', NULL, 'las la-fan', '_self', 2, 0, 0, 1, '2025-06-12 17:32:56', '2025-06-12 19:50:42'),
(11, 2, 8, 9, NULL, 'category', NULL, 'las la-headphones-alt', '_self', 3, 0, 0, 1, '2025-06-12 17:39:35', '2025-06-12 19:51:06'),
(12, 2, 8, 16, NULL, 'category', NULL, 'las la-tv', '_self', 4, 0, 0, 1, '2025-06-12 17:40:29', '2025-06-12 19:51:52'),
(13, 2, 8, 26, NULL, 'category', NULL, 'las la-desktop', '_self', 5, 0, 0, 1, '2025-06-12 18:34:33', '2025-06-12 19:52:17'),
(14, 2, 8, 23, NULL, 'category', NULL, 'las la-stopwatch', '_self', 6, 0, 0, 1, '2025-06-12 18:34:54', '2025-06-12 19:52:34'),
(15, 2, 8, 25, NULL, 'category', NULL, 'las la-gem', '_self', 7, 0, 0, 1, '2025-06-12 18:35:15', '2025-06-12 19:52:49'),
(16, 2, 8, 24, NULL, 'category', NULL, 'las la-tshirt', '_self', 8, 0, 0, 1, '2025-06-12 18:35:31', '2025-06-12 19:53:18'),
(17, 2, 8, 27, NULL, 'category', NULL, 'las la-gamepad', '_self', 9, 0, 0, 1, '2025-06-12 18:35:47', '2025-06-12 19:53:53'),
(18, 1, 1, NULL, NULL, 'url', 'https://start-ordering.shop/products', 'las la-store', '_self', 1, 0, 0, 1, '2025-06-12 19:44:27', '2025-06-12 19:54:40'),
(19, 2, 8, NULL, NULL, 'url', 'https://start-ordering.shop/products', 'las la-shopping-bag', '_self', 1, 0, 0, 1, '2025-06-12 19:45:51', '2025-06-12 19:50:17');

-- --------------------------------------------------------

--
-- Table structure for table `menu_item_translations`
--

CREATE TABLE `menu_item_translations` (
  `id` int(10) UNSIGNED NOT NULL,
  `menu_item_id` int(10) UNSIGNED NOT NULL,
  `locale` varchar(191) NOT NULL,
  `name` varchar(191) NOT NULL
) ENGINE=InnoDB DEFAULT CHARSET=utf8mb4 COLLATE=utf8mb4_unicode_ci;

--
-- Dumping data for table `menu_item_translations`
--

INSERT INTO `menu_item_translations` (`id`, `menu_item_id`, `locale`, `name`) VALUES
(1, 1, 'en', 'root'),
(2, 2, 'en', 'Home'),
(3, 3, 'en', 'Contact'),
(4, 4, 'en', 'Account'),
(8, 8, 'en', 'root'),
(9, 9, 'en', 'Mobile Phones'),
(10, 10, 'en', 'Home Appliances'),
(11, 11, 'en', 'Sound Gadgets'),
(12, 12, 'en', 'Smart & Digital TVs'),
(13, 13, 'en', 'Office & Home Computers'),
(14, 14, 'en', 'Fancy Watches'),
(15, 15, 'en', 'Luxury Gadgets'),
(16, 16, 'en', 'Fashion'),
(17, 17, 'en', 'Consumer Electronics'),
(18, 18, 'en', 'Shop Now'),
(19, 19, 'en', 'Shop');

-- --------------------------------------------------------

--
-- Table structure for table `menu_translations`
--

CREATE TABLE `menu_translations` (
  `id` int(10) UNSIGNED NOT NULL,
  `menu_id` int(10) UNSIGNED NOT NULL,
  `locale` varchar(191) NOT NULL,
  `name` varchar(191) NOT NULL
) ENGINE=InnoDB DEFAULT CHARSET=utf8mb4 COLLATE=utf8mb4_unicode_ci;

--
-- Dumping data for table `menu_translations`
--

INSERT INTO `menu_translations` (`id`, `menu_id`, `locale`, `name`) VALUES
(1, 1, 'en', 'Main Menu'),
(2, 2, 'en', 'Category Menu');

-- --------------------------------------------------------

--
-- Table structure for table `meta_data`
--

CREATE TABLE `meta_data` (
  `id` int(10) UNSIGNED NOT NULL,
  `entity_type` varchar(191) NOT NULL,
  `entity_id` bigint(20) UNSIGNED NOT NULL,
  `created_at` timestamp NULL DEFAULT NULL,
  `updated_at` timestamp NULL DEFAULT NULL
) ENGINE=InnoDB DEFAULT CHARSET=utf8mb4 COLLATE=utf8mb4_unicode_ci;

--
-- Dumping data for table `meta_data`
--

INSERT INTO `meta_data` (`id`, `entity_type`, `entity_id`, `created_at`, `updated_at`) VALUES
(1, 'Modules\\Brand\\Entities\\Brand', 1, '2025-05-29 16:40:05', '2025-05-29 16:40:05'),
(2, 'Modules\\Product\\Entities\\Product', 1, '2025-05-29 16:40:05', '2025-05-29 16:40:05'),
(3, 'Modules\\Brand\\Entities\\Brand', 2, '2025-05-29 16:40:05', '2025-05-29 16:40:05'),
(4, 'Modules\\Product\\Entities\\Product', 2, '2025-05-29 16:40:05', '2025-05-29 16:40:05'),
(5, 'Modules\\Brand\\Entities\\Brand', 3, '2025-06-12 01:24:45', '2025-06-12 01:24:45'),
(6, 'Modules\\Brand\\Entities\\Brand', 4, '2025-06-12 15:42:57', '2025-06-12 15:42:57'),
(7, 'Modules\\Brand\\Entities\\Brand', 5, '2025-06-12 15:45:48', '2025-06-12 15:45:48'),
(8, 'Modules\\Brand\\Entities\\Brand', 6, '2025-06-12 15:47:12', '2025-06-12 15:47:12'),
(9, 'Modules\\Brand\\Entities\\Brand', 7, '2025-06-12 15:49:25', '2025-06-12 15:49:25'),
(10, 'Modules\\Brand\\Entities\\Brand', 8, '2025-06-12 15:53:01', '2025-06-12 15:53:01'),
(11, 'Modules\\Brand\\Entities\\Brand', 9, '2025-06-12 15:55:43', '2025-06-12 15:55:43'),
(12, 'Modules\\Product\\Entities\\Product', 3, '2025-06-12 16:01:42', '2025-06-12 16:01:42'),
(13, 'Modules\\Product\\Entities\\Product', 4, '2025-06-12 16:06:46', '2025-06-12 16:06:46'),
(14, 'Modules\\Product\\Entities\\Product', 5, '2025-06-12 16:10:55', '2025-06-12 16:10:55'),
(15, 'Modules\\Product\\Entities\\Product', 6, '2025-06-12 16:13:26', '2025-06-12 16:13:26'),
(16, 'Modules\\Product\\Entities\\Product', 7, '2025-06-12 16:17:13', '2025-06-12 16:17:13'),
(17, 'Modules\\Product\\Entities\\Product', 8, '2025-06-12 16:19:53', '2025-06-12 16:19:53'),
(18, 'Modules\\Product\\Entities\\Product', 9, '2025-06-12 16:22:48', '2025-06-12 16:22:48'),
(19, 'Modules\\Product\\Entities\\Product', 10, '2025-06-12 16:25:45', '2025-06-12 16:25:45'),
(20, 'Modules\\Product\\Entities\\Product', 11, '2025-06-12 16:28:24', '2025-06-12 16:28:24'),
(21, 'Modules\\Product\\Entities\\Product', 12, '2025-06-12 16:31:10', '2025-06-12 16:31:10'),
(22, 'Modules\\Product\\Entities\\Product', 14, '2025-06-12 16:37:02', '2025-06-12 16:37:02'),
(23, 'Modules\\Product\\Entities\\Product', 15, '2025-06-12 16:42:51', '2025-06-12 16:42:51'),
(24, 'Modules\\Product\\Entities\\Product', 16, '2025-06-12 16:45:22', '2025-06-12 16:45:22'),
(25, 'Modules\\Product\\Entities\\Product', 17, '2025-06-12 16:48:35', '2025-06-12 16:48:35'),
(26, 'Modules\\Product\\Entities\\Product', 18, '2025-06-12 16:50:36', '2025-06-12 16:50:36'),
(27, 'Modules\\Product\\Entities\\Product', 19, '2025-06-12 16:53:15', '2025-06-12 16:53:15'),
(28, 'Modules\\Product\\Entities\\Product', 20, '2025-06-12 16:58:41', '2025-06-12 16:58:41'),
(29, 'Modules\\Product\\Entities\\Product', 21, '2025-06-12 17:01:34', '2025-06-12 17:01:34'),
(30, 'Modules\\Product\\Entities\\Product', 22, '2025-06-12 17:03:18', '2025-06-12 17:03:18'),
(31, 'Modules\\Product\\Entities\\Product', 23, '2025-06-12 17:06:47', '2025-06-12 17:06:47'),
(32, 'Modules\\Product\\Entities\\Product', 24, '2025-06-12 17:12:06', '2025-06-12 17:12:06'),
(33, 'Modules\\Product\\Entities\\Product', 25, '2025-06-17 01:12:56', '2025-06-17 01:12:56'),
(34, 'Modules\\Brand\\Entities\\Brand', 10, '2025-06-17 12:43:10', '2025-06-17 12:43:10'),
(35, 'Modules\\Brand\\Entities\\Brand', 11, '2025-06-17 12:53:29', '2025-06-17 12:53:29');

-- --------------------------------------------------------

--
-- Table structure for table `meta_data_translations`
--

CREATE TABLE `meta_data_translations` (
  `id` int(10) UNSIGNED NOT NULL,
  `meta_data_id` int(10) UNSIGNED NOT NULL,
  `locale` varchar(191) NOT NULL,
  `meta_title` varchar(191) DEFAULT NULL,
  `meta_description` text DEFAULT NULL
) ENGINE=InnoDB DEFAULT CHARSET=utf8mb4 COLLATE=utf8mb4_unicode_ci;

--
-- Dumping data for table `meta_data_translations`
--

INSERT INTO `meta_data_translations` (`id`, `meta_data_id`, `locale`, `meta_title`, `meta_description`) VALUES
(1, 2, 'en', 'LG OLED65CXPUA 65\" 4K Smart OLED TV with Alexa | CX Series Ultra HD', 'Experience stunning visuals with the LG OLED65CXPUA 65\" CX Series 4K Ultra HD Smart TV. Features built-in Alexa, OLED display technology, and premium sound�perfect for home entertainment.'),
(2, 3, 'en', 'LG OLED65CXPUA 65\" 4K Smart OLED TV with Alexa | CX Series Ultra HD', 'Experience stunning visuals with the LG OLED65CXPUA 65\" CX Series 4K Ultra HD Smart TV. Features built-in Alexa, OLED display technology, and premium sound�perfect for home entertainment.'),
(3, 4, 'en', NULL, NULL),
(4, 5, 'en', NULL, NULL),
(5, 6, 'en', NULL, NULL),
(6, 7, 'en', NULL, NULL),
(7, 8, 'en', NULL, NULL),
(8, 9, 'en', NULL, NULL),
(9, 10, 'en', NULL, NULL),
(10, 11, 'en', NULL, NULL),
(11, 12, 'en', NULL, NULL),
(12, 13, 'en', NULL, NULL),
(13, 15, 'en', NULL, NULL),
(14, 17, 'en', NULL, NULL),
(15, 22, 'en', NULL, NULL),
(16, 28, 'en', NULL, NULL),
(17, 34, 'en', NULL, NULL),
(18, 35, 'en', NULL, NULL);

-- --------------------------------------------------------

--
-- Table structure for table `migrations`
--

CREATE TABLE `migrations` (
  `id` int(10) UNSIGNED NOT NULL,
  `migration` varchar(191) NOT NULL,
  `batch` int(11) NOT NULL
) ENGINE=InnoDB DEFAULT CHARSET=utf8mb4 COLLATE=utf8mb4_unicode_ci;

--
-- Dumping data for table `migrations`
--

INSERT INTO `migrations` (`id`, `migration`, `batch`) VALUES
(1, '2014_07_02_230147_migration_cartalyst_sentinel', 1),
(2, '2014_10_14_200250_create_settings_table', 1),
(3, '2014_10_26_162751_create_files_table', 1),
(4, '2014_10_30_191858_create_pages_table', 1),
(5, '2014_11_31_125848_create_page_translations_table', 1),
(6, '2015_02_27_105241_create_entity_files_table', 1),
(7, '2015_11_20_184604486385_create_translations_table', 1),
(8, '2015_11_20_184604743083_create_translation_translations_table', 1),
(9, '2017_05_29_155126144426_create_products_table', 1),
(10, '2017_05_30_155126416338_create_product_translations_table', 1),
(11, '2017_08_02_153217_create_options_table', 1),
(12, '2017_08_02_153217_create_variations_table', 1),
(13, '2017_08_02_153348_create_option_translations_table', 1),
(14, '2017_08_02_153348_create_variation_translations_table', 1),
(15, '2017_08_02_153406_create_option_values_table', 1),
(16, '2017_08_02_153406_create_variation_values_table', 1),
(17, '2017_08_02_153736_create_option_value_translations_table', 1),
(18, '2017_08_02_153736_create_variation_value_translations_table', 1),
(19, '2017_08_03_156576_create_product_options_table', 1),
(20, '2017_08_17_170128_create_related_products_table', 1),
(21, '2017_08_17_175236_create_up_sell_products_table', 1),
(22, '2017_08_17_175828_create_cross_sell_products_table', 1),
(23, '2017_11_09_141332910964_create_categories_table', 1),
(24, '2017_11_09_141332931539_create_category_translations_table', 1),
(25, '2017_11_26_083614526622_create_meta_data_table', 1),
(26, '2017_11_26_083614526828_create_meta_data_translations_table', 1),
(27, '2018_01_24_125642_create_product_categories_table', 1),
(28, '2018_02_04_150917488267_create_coupons_table', 1),
(29, '2018_02_04_150917488698_create_coupon_translations_table', 1),
(30, '2018_03_11_181317_create_coupon_products_table', 1),
(31, '2018_03_15_091937_create_coupon_categories_table', 1),
(32, '2018_04_18_154028776225_create_reviews_table', 1),
(33, '2018_05_17_115822452977_create_currency_rates_table', 1),
(34, '2018_07_03_124153537506_create_sliders_table', 1),
(35, '2018_07_03_124153537695_create_slider_translations_table', 1),
(36, '2018_07_03_133107770172_create_slider_slides_table', 1),
(37, '2018_07_03_133107770486_create_slider_slide_translations_table', 1),
(38, '2018_07_28_190524758357_create_attribute_sets_table', 1),
(39, '2018_07_28_190524758497_create_attribute_set_translations_table', 1),
(40, '2018_07_28_190524758646_create_attributes_table', 1),
(41, '2018_07_28_190524758877_create_attribute_translations_table', 1),
(42, '2018_07_28_190524759461_create_product_attributes_table', 1),
(43, '2018_08_01_001919718631_create_tax_classes_table', 1),
(44, '2018_08_01_001919718935_create_tax_class_translations_table', 1),
(45, '2018_08_01_001919723551_create_tax_rates_table', 1),
(46, '2018_08_01_001919723781_create_tax_rate_translations_table', 1),
(47, '2018_08_03_195922206748_create_attribute_values_table', 1),
(48, '2018_08_03_195922207019_create_attribute_value_translations_table', 1),
(49, '2018_08_04_190524764275_create_product_attribute_values_table', 1),
(50, '2018_08_07_135631306565_create_orders_table', 1),
(51, '2018_08_07_135631309451_create_order_products_table', 1),
(52, '2018_08_07_135631309512_create_order_product_options_table', 1),
(53, '2018_08_07_135631309624_create_order_product_option_values_table', 1),
(54, '2018_09_11_213926106353_create_transactions_table', 1),
(55, '2018_09_19_081602135631_create_order_taxes_table', 1),
(56, '2018_09_19_103745_create_setting_translations_table', 1),
(57, '2018_10_01_224852175056_create_wish_lists_table', 1),
(58, '2018_10_04_185608_create_search_terms_table', 1),
(59, '2018_11_03_160015_create_menus_table', 1),
(60, '2018_11_03_160138_create_menu_translations_table', 1),
(61, '2018_11_03_160753_create_menu_items_table', 1),
(62, '2018_11_03_160804_create_menu_item_translation_table', 1),
(63, '2019_02_05_162605_add_position_to_slider_slides_table', 1),
(64, '2019_02_09_164343_remove_file_id_from_slider_slides_table', 1),
(65, '2019_02_09_164434_add_file_id_to_slider_slide_translations_table', 1),
(66, '2019_02_14_103408_create_attribute_categories_table', 1),
(67, '2019_08_09_164759_add_slug_column_to_attributes_table', 1),
(68, '2019_11_01_201511_add_special_price_type_column_to_products_table', 1),
(69, '2019_11_23_193101_add_value_column_to_order_product_options_table', 1),
(70, '2020_01_04_211424_add_icon_column_to_menu_items_table', 1),
(71, '2020_01_05_160502_add_direction_column_to_slider_slide_translations_table', 1),
(72, '2020_01_05_234014_add_speed_column_to_sliders_table', 1),
(73, '2020_01_05_235014_add_fade_column_to_sliders_table', 1),
(74, '2020_01_15_000346259038_create_flash_sales_table', 1),
(75, '2020_01_15_000346259349_create_flash_sale_translations_table', 1),
(76, '2020_01_23_011234_create_flash_sale_products_table', 1),
(77, '2020_01_30_015722_create_flash_sale_product_orders_table', 1),
(78, '2020_02_22_215943_delete_meta_keywords_column_from_meta_data_translations_table', 1),
(79, '2020_03_05_214602901973_create_brands_table', 1),
(80, '2020_03_05_214602902369_create_brand_translations_table', 1),
(81, '2020_03_06_234605_add_brand_id_column_to_products_table', 1),
(82, '2020_04_06_211526_add_note_column_to_orders_table', 1),
(83, '2020_04_28_034118164376_create_tags_table', 1),
(84, '2020_04_28_034118164618_create_tag_translations_table', 1),
(85, '2020_04_28_225657_create_product_tags_table', 1),
(86, '2020_05_10_041616_create_updater_scripts_table', 1),
(87, '2020_10_07_175000_create_addresses_table', 1),
(88, '2020_10_07_175004_create_default_addresses_table', 1),
(89, '2020_11_21_163822_add_downloads_columns_to_products_table', 1),
(90, '2021_01_08_203241_change_shipping_method_column_in_orders_table', 1),
(91, '2021_01_09_172744_add_phone_column_to_users_table', 1),
(92, '2021_01_11_170516_create_order_downloads_table', 1),
(93, '2023_05_04_194556_rename_column_virtual_to_is_virtual', 1),
(94, '2023_05_16_156576_create_product_variations_table', 1),
(95, '2023_05_16_170651_create_product_variants_table', 1),
(96, '2023_06_11_150030_create_order_product_variations_table', 1),
(97, '2023_06_11_150044_create_order_product_variation_values_table', 1),
(98, '2023_06_11_150456_add_product_variant_id_column_to_order_products_table', 1),
(99, '2023_11_06_084429_create_carts_table', 1),
(100, '2023_11_07_113308_add_timestamp_columns_to_related_products_table', 1),
(101, '2023_11_07_113325_add_timestamp_columns_to_up_sell_products_table', 1),
(102, '2023_11_07_113341_add_timestamp_columns_to_cross_sell_products_table', 1),
(103, '2023_11_21_164218_make_price_column_in_the_products_table_nullable', 1),
(104, '2024_02_12_115822452977_increase_currency_rate_decimal_total_digits', 1),
(105, '2024_03_13_100000_create_blog_categories_table', 1),
(106, '2024_03_13_100001_create_blog_category_translations_table', 1),
(107, '2024_03_13_100002_create_blog_tags_table', 1),
(108, '2024_03_13_100003_create_blog_tag_translations_table', 1),
(109, '2024_03_13_100004_create_blog_posts_table', 1),
(110, '2024_03_13_100005_create_blog_post_translations_table', 1),
(111, '2024_03_13_100006_create_blog_post_blog_tag_table', 1),
(112, '2025_05_19_0000001_add_tracking_reference_column_to_orders_table', 1);

-- --------------------------------------------------------

--
-- Table structure for table `options`
--

CREATE TABLE `options` (
  `id` int(10) UNSIGNED NOT NULL,
  `type` varchar(191) NOT NULL,
  `is_required` tinyint(1) NOT NULL,
  `is_global` tinyint(1) NOT NULL DEFAULT 1,
  `position` int(10) UNSIGNED DEFAULT NULL,
  `deleted_at` timestamp NULL DEFAULT NULL,
  `created_at` timestamp NULL DEFAULT NULL,
  `updated_at` timestamp NULL DEFAULT NULL
) ENGINE=InnoDB DEFAULT CHARSET=utf8mb4 COLLATE=utf8mb4_unicode_ci;

--
-- Dumping data for table `options`
--

INSERT INTO `options` (`id`, `type`, `is_required`, `is_global`, `position`, `deleted_at`, `created_at`, `updated_at`) VALUES
(1, 'dropdown', 1, 1, NULL, NULL, '2025-05-29 16:40:05', '2025-05-29 16:40:05'),
(2, 'field', 0, 1, NULL, NULL, '2025-05-29 16:40:05', '2025-05-29 16:40:05'),
(3, 'checkbox', 0, 1, NULL, NULL, '2025-05-29 16:40:05', '2025-05-29 16:40:05'),
(4, 'date', 1, 1, NULL, NULL, '2025-05-29 16:40:05', '2025-05-29 16:40:05'),
(5, 'dropdown', 1, 1, NULL, NULL, '2025-05-29 16:40:05', '2025-05-29 16:40:05'),
(6, 'checkbox_custom', 0, 1, NULL, NULL, '2025-05-29 16:40:05', '2025-05-29 16:40:05'),
(7, 'textarea', 0, 1, NULL, NULL, '2025-05-29 16:40:05', '2025-05-29 16:40:05'),
(8, 'radio', 1, 1, NULL, NULL, '2025-05-29 16:40:05', '2025-05-29 16:40:05'),
(9, 'date', 1, 1, NULL, NULL, '2025-05-29 16:40:05', '2025-05-29 16:40:05'),
(10, 'checkbox', 0, 1, NULL, NULL, '2025-05-29 16:40:05', '2025-05-29 16:40:05');

-- --------------------------------------------------------

--
-- Table structure for table `option_translations`
--

CREATE TABLE `option_translations` (
  `id` int(10) UNSIGNED NOT NULL,
  `option_id` int(10) UNSIGNED NOT NULL,
  `locale` varchar(191) NOT NULL,
  `name` varchar(191) NOT NULL
) ENGINE=InnoDB DEFAULT CHARSET=utf8mb4 COLLATE=utf8mb4_unicode_ci;

--
-- Dumping data for table `option_translations`
--

INSERT INTO `option_translations` (`id`, `option_id`, `locale`, `name`) VALUES
(1, 1, 'en', 'Size'),
(2, 2, 'en', 'Personalization'),
(3, 3, 'en', 'Gift Wrap'),
(4, 4, 'en', 'Delivery Date'),
(5, 5, 'en', 'Box Theme'),
(6, 6, 'en', 'Dietary Restrictions'),
(7, 7, 'en', 'Personalized Note'),
(8, 8, 'en', 'Delivery Frequency'),
(9, 9, 'en', 'First Delivery Date'),
(10, 10, 'en', 'Add Premium Item');

-- --------------------------------------------------------

--
-- Table structure for table `option_values`
--

CREATE TABLE `option_values` (
  `id` int(10) UNSIGNED NOT NULL,
  `option_id` int(10) UNSIGNED NOT NULL,
  `price` decimal(18,4) UNSIGNED DEFAULT NULL,
  `price_type` varchar(10) NOT NULL,
  `position` int(10) UNSIGNED NOT NULL,
  `created_at` timestamp NULL DEFAULT NULL,
  `updated_at` timestamp NULL DEFAULT NULL
) ENGINE=InnoDB DEFAULT CHARSET=utf8mb4 COLLATE=utf8mb4_unicode_ci;

--
-- Dumping data for table `option_values`
--

INSERT INTO `option_values` (`id`, `option_id`, `price`, `price_type`, `position`, `created_at`, `updated_at`) VALUES
(1, 1, 0.0000, 'fixed', 1, '2025-05-29 16:40:05', '2025-05-29 16:40:05'),
(2, 1, 2.0000, 'fixed', 2, '2025-05-29 16:40:05', '2025-05-29 16:40:05'),
(3, 1, 3.0000, 'fixed', 3, '2025-05-29 16:40:05', '2025-05-29 16:40:05'),
(4, 2, 0.0000, 'fixed', 1, '2025-05-29 16:40:05', '2025-05-29 16:40:05'),
(5, 3, 4.5000, 'fixed', 1, '2025-05-29 16:40:05', '2025-05-29 16:40:05'),
(6, 4, 0.0000, 'fixed', 1, '2025-05-29 16:40:05', '2025-05-29 16:40:05'),
(7, 5, 0.0000, 'fixed', 1, '2025-05-29 16:40:05', '2025-05-29 16:40:05'),
(8, 5, 2.0000, 'fixed', 2, '2025-05-29 16:40:05', '2025-05-29 16:40:05'),
(9, 5, 3.5000, 'fixed', 3, '2025-05-29 16:40:05', '2025-05-29 16:40:05'),
(10, 6, 1.0000, 'fixed', 1, '2025-05-29 16:40:05', '2025-05-29 16:40:05'),
(11, 6, 1.5000, 'fixed', 2, '2025-05-29 16:40:05', '2025-05-29 16:40:05'),
(12, 6, 0.5000, 'fixed', 3, '2025-05-29 16:40:05', '2025-05-29 16:40:05'),
(13, 7, 0.0000, 'fixed', 1, '2025-05-29 16:40:05', '2025-05-29 16:40:05'),
(14, 8, 0.0000, 'fixed', 1, '2025-05-29 16:40:05', '2025-05-29 16:40:05'),
(15, 8, 0.0000, 'fixed', 2, '2025-05-29 16:40:05', '2025-05-29 16:40:05'),
(16, 9, 0.0000, 'fixed', 1, '2025-05-29 16:40:05', '2025-05-29 16:40:05'),
(17, 10, 7.9900, 'fixed', 1, '2025-05-29 16:40:05', '2025-05-29 16:40:05');

-- --------------------------------------------------------

--
-- Table structure for table `option_value_translations`
--

CREATE TABLE `option_value_translations` (
  `id` int(10) UNSIGNED NOT NULL,
  `option_value_id` int(10) UNSIGNED NOT NULL,
  `locale` varchar(191) NOT NULL,
  `label` varchar(191) NOT NULL
) ENGINE=InnoDB DEFAULT CHARSET=utf8mb4 COLLATE=utf8mb4_unicode_ci;

--
-- Dumping data for table `option_value_translations`
--

INSERT INTO `option_value_translations` (`id`, `option_value_id`, `locale`, `label`) VALUES
(1, 1, 'en', 'Medium'),
(2, 2, 'en', 'Large'),
(3, 3, 'en', 'X-Large'),
(4, 4, 'en', 'Price'),
(5, 5, 'en', 'Add Gift Wrap'),
(6, 6, 'en', 'Price'),
(7, 7, 'en', 'Snacks & Sweets'),
(8, 8, 'en', 'Coffee Lovers'),
(9, 9, 'en', 'Relax & Pamper'),
(10, 10, 'en', 'Gluten Free'),
(11, 11, 'en', 'Vegan'),
(12, 12, 'en', 'Nut Free'),
(13, 13, 'en', 'Price'),
(14, 14, 'en', 'Monthly'),
(15, 15, 'en', 'Every 2 Months'),
(16, 16, 'en', 'Price'),
(17, 17, 'en', 'Include this month\'s premium featured item');

-- --------------------------------------------------------

--
-- Table structure for table `orders`
--

CREATE TABLE `orders` (
  `id` int(10) UNSIGNED NOT NULL,
  `customer_id` int(11) DEFAULT NULL,
  `customer_email` varchar(191) NOT NULL,
  `customer_phone` varchar(191) DEFAULT NULL,
  `customer_first_name` varchar(191) NOT NULL,
  `customer_last_name` varchar(191) NOT NULL,
  `billing_first_name` varchar(191) NOT NULL,
  `billing_last_name` varchar(191) NOT NULL,
  `billing_address_1` varchar(191) NOT NULL,
  `billing_address_2` varchar(191) DEFAULT NULL,
  `billing_city` varchar(191) NOT NULL,
  `billing_state` varchar(191) NOT NULL,
  `billing_zip` varchar(191) NOT NULL,
  `billing_country` varchar(191) NOT NULL,
  `shipping_first_name` varchar(191) NOT NULL,
  `shipping_last_name` varchar(191) NOT NULL,
  `shipping_address_1` varchar(191) NOT NULL,
  `shipping_address_2` varchar(191) DEFAULT NULL,
  `shipping_city` varchar(191) NOT NULL,
  `shipping_state` varchar(191) NOT NULL,
  `shipping_zip` varchar(191) NOT NULL,
  `shipping_country` varchar(191) NOT NULL,
  `sub_total` decimal(18,4) UNSIGNED NOT NULL,
  `shipping_method` varchar(191) DEFAULT NULL,
  `shipping_cost` decimal(18,4) UNSIGNED NOT NULL,
  `coupon_id` int(11) DEFAULT NULL,
  `discount` decimal(18,4) UNSIGNED NOT NULL,
  `total` decimal(18,4) UNSIGNED NOT NULL,
  `payment_method` varchar(191) NOT NULL,
  `currency` varchar(191) NOT NULL,
  `currency_rate` decimal(18,4) NOT NULL,
  `locale` varchar(191) NOT NULL,
  `status` varchar(191) NOT NULL,
  `note` text DEFAULT NULL,
  `tracking_reference` text DEFAULT NULL,
  `deleted_at` timestamp NULL DEFAULT NULL,
  `created_at` timestamp NULL DEFAULT NULL,
  `updated_at` timestamp NULL DEFAULT NULL,
  `is_instalment` tinyint(1) NOT NULL DEFAULT 0 COMMENT 'true if an item is an order from installments\r\n',
  `estimated_delivery` datetime DEFAULT NULL
) ENGINE=InnoDB DEFAULT CHARSET=utf8mb4 COLLATE=utf8mb4_unicode_ci;

--
-- Dumping data for table `orders`
--

INSERT INTO `orders` (`id`, `customer_id`, `customer_email`, `customer_phone`, `customer_first_name`, `customer_last_name`, `billing_first_name`, `billing_last_name`, `billing_address_1`, `billing_address_2`, `billing_city`, `billing_state`, `billing_zip`, `billing_country`, `shipping_first_name`, `shipping_last_name`, `shipping_address_1`, `shipping_address_2`, `shipping_city`, `shipping_state`, `shipping_zip`, `shipping_country`, `sub_total`, `shipping_method`, `shipping_cost`, `coupon_id`, `discount`, `total`, `payment_method`, `currency`, `currency_rate`, `locale`, `status`, `note`, `tracking_reference`, `deleted_at`, `created_at`, `updated_at`, `is_instalment`, `estimated_delivery`) VALUES
(1, 7, 'tumusiimeashan@gmail.com', '0740600984', 'Ashiraff', 'Tumusiime', 'Ashiraff', 'Tumusiime', 'Kampala', NULL, 'Kampala', 'kampala', '123456', 'UG', 'Ashiraff', 'Tumusiime', 'Kampala', NULL, 'Kampala', 'kampala', '123456', 'UG', 1050000.0000, 'local_pickup', 5000.0000, NULL, 0.0000, 1055000.0000, 'cod', 'UGX', 1.0000, 'en', 'completed', 'kampala order', NULL, NULL, '2025-06-13 13:30:44', '2025-06-21 11:34:22', 0, '2025-06-28 11:31:00'),
(3, 1, 'mariepix0@gmail.com', '0745401358', 'Mourice', 'Gemini', 'Mourice', 'Gemini', 'Kyanja', NULL, 'Kampala', 'Central', '0000', 'UG', 'Mourice', 'Gemini', 'Kyanja', NULL, 'Kampala', 'Central', '0000', 'UG', 1300000.0000, 'local_pickup', 5000.0000, NULL, 0.0000, 1305000.0000, 'check_payment', 'UGX', 1.0000, 'en', 'pending', NULL, NULL, NULL, '2025-06-19 11:50:44', '2025-06-19 11:50:44', 0, NULL),
(4, 1, 'mariepix0@gmail.com', '0745401358', 'Mourice', 'Gemini', 'Mourice', 'Gemini', 'Kyanja', NULL, 'Kampala', 'Central', '0000', 'UG', 'Mourice', 'Gemini', 'Kyanja', NULL, 'Kampala', 'Central', '0000', 'UG', 1050000.0000, 'local_pickup', 5000.0000, NULL, 0.0000, 1055000.0000, 'check_payment', 'UGX', 1.0000, 'en', 'pending_payment', NULL, NULL, NULL, '2025-06-19 11:55:18', '2025-06-19 11:55:18', 0, NULL),
(5, 1, 'mariepix0@gmail.com', '0745401358', 'Mourice', 'Gemini', 'Mourice', 'Gemini', 'Kyanja', NULL, 'Kampala', 'Central', '0000', 'UG', 'Mourice', 'Gemini', 'Kyanja', NULL, 'Kampala', 'Central', '0000', 'UG', 1050000.0000, 'local_pickup', 5000.0000, NULL, 0.0000, 1055000.0000, 'check_payment', 'UGX', 1.0000, 'en', 'pending_payment', NULL, NULL, NULL, '2025-06-19 11:55:23', '2025-06-19 11:55:23', 0, NULL),
(6, 1, 'mariepix0@gmail.com', '0745401358', 'Mourice', 'Gemini', 'Mourice', 'Gemini', 'Kyanja', NULL, 'Kampala', 'Central', '0000', 'UG', 'Mourice', 'Gemini', 'Kyanja', NULL, 'Kampala', 'Central', '0000', 'UG', 1050000.0000, 'local_pickup', 5000.0000, NULL, 0.0000, 1055000.0000, 'check_payment', 'UGX', 1.0000, 'en', 'pending_payment', NULL, NULL, NULL, '2025-06-19 11:55:28', '2025-06-19 11:55:28', 0, NULL),
(7, 1, 'mariepix0@gmail.com', '0745401358', 'Mourice', 'Gemini', 'Mourice', 'Gemini', 'Kyanja', NULL, 'Kampala', 'Central', '0000', 'UG', 'Mourice', 'Gemini', 'Kyanja', NULL, 'Kampala', 'Central', '0000', 'UG', 1050000.0000, 'local_pickup', 5000.0000, NULL, 0.0000, 1055000.0000, 'check_payment', 'UGX', 1.0000, 'en', 'pending_payment', NULL, NULL, NULL, '2025-06-19 12:03:47', '2025-06-19 12:03:47', 0, NULL),
(8, 1, 'mariepix0@gmail.com', '0745401358', 'Mourice', 'Gemini', 'Mourice', 'Gemini', 'Kyanja', NULL, 'Kampala', 'Central', '0000', 'UG', 'Mourice', 'Gemini', 'Kyanja', NULL, 'Kampala', 'Central', '0000', 'UG', 1050000.0000, 'local_pickup', 5000.0000, NULL, 0.0000, 1055000.0000, 'check_payment', 'UGX', 1.0000, 'en', 'pending_payment', NULL, NULL, NULL, '2025-06-19 12:03:54', '2025-06-19 12:03:54', 0, NULL),
(9, 1, 'mariepix0@gmail.com', '0745401358', 'Mourice', 'Gemini', 'Mourice', 'Gemini', 'Kyanja', NULL, 'Kampala', 'Central', '0000', 'UG', 'Mourice', 'Gemini', 'Kyanja', NULL, 'Kampala', 'Central', '0000', 'UG', 1050000.0000, 'local_pickup', 5000.0000, NULL, 0.0000, 1055000.0000, 'check_payment', 'UGX', 1.0000, 'en', 'pending_payment', NULL, NULL, NULL, '2025-06-19 12:05:14', '2025-06-19 12:05:14', 0, NULL),
(10, 1, 'mariepix0@gmail.com', '0745401358', 'Mourice', 'Gemini', 'Mourice', 'Gemini', 'Kyanja', NULL, 'Kampala', 'Central', '0000', 'UG', 'Mourice', 'Gemini', 'Kyanja', NULL, 'Kampala', 'Central', '0000', 'UG', 1050000.0000, 'local_pickup', 5000.0000, NULL, 0.0000, 1055000.0000, 'check_payment', 'UGX', 1.0000, 'en', 'pending_payment', NULL, NULL, NULL, '2025-06-19 12:05:50', '2025-06-19 12:05:50', 0, NULL),
(11, 1, 'mariepix0@gmail.com', '0745401358', 'Mourice', 'Gemini', 'Mourice', 'Gemini', 'Kyanja', NULL, 'Kampala', 'Central', '0000', 'UG', 'Mourice', 'Gemini', 'Kyanja', NULL, 'Kampala', 'Central', '0000', 'UG', 1050000.0000, 'local_pickup', 5000.0000, NULL, 0.0000, 1055000.0000, 'check_payment', 'UGX', 1.0000, 'en', 'pending_payment', NULL, NULL, NULL, '2025-06-19 12:14:09', '2025-06-19 12:14:09', 0, NULL),
(12, 1, 'mariepix0@gmail.com', '0745401358', 'Mourice', 'Gemini', 'Mourice', 'Gemini', 'Kyanja', NULL, 'Kampala', 'Central', '0000', 'UG', 'Mourice', 'Gemini', 'Kyanja', NULL, 'Kampala', 'Central', '0000', 'UG', 1050000.0000, 'local_pickup', 5000.0000, NULL, 0.0000, 1055000.0000, 'check_payment', 'UGX', 1.0000, 'en', 'pending_payment', NULL, NULL, NULL, '2025-06-19 12:21:18', '2025-06-19 12:21:18', 0, NULL),
(13, 1, 'mariepix0@gmail.com', '0745401358', 'Mourice', 'Gemini', 'Mourice', 'Gemini', 'Kyanja', NULL, 'Kampala', 'Central', '0000', 'UG', 'Mourice', 'Gemini', 'Kyanja', NULL, 'Kampala', 'Central', '0000', 'UG', 1050000.0000, 'local_pickup', 5000.0000, NULL, 0.0000, 1055000.0000, 'check_payment', 'UGX', 1.0000, 'en', 'pending_payment', NULL, NULL, NULL, '2025-06-19 12:21:25', '2025-06-19 12:21:25', 0, NULL),
(14, 1, 'mariepix0@gmail.com', '0745401358', 'Mourice', 'Gemini', 'Mourice', 'Gemini', 'Kyanja', NULL, 'Kampala', 'Central', '0000', 'UG', 'Mourice', 'Gemini', 'Kyanja', NULL, 'Kampala', 'Central', '0000', 'UG', 1050000.0000, 'local_pickup', 5000.0000, NULL, 0.0000, 1055000.0000, 'check_payment', 'UGX', 1.0000, 'en', 'pending_payment', NULL, NULL, NULL, '2025-06-19 12:22:39', '2025-06-19 12:22:39', 0, NULL),
(15, 1, 'mariepix0@gmail.com', '0745401358', 'Mourice', 'Gemini', 'Mourice', 'Gemini', 'Kyanja', NULL, 'Kampala', 'Central', '0000', 'UG', 'Mourice', 'Gemini', 'Kyanja', NULL, 'Kampala', 'Central', '0000', 'UG', 1050000.0000, 'local_pickup', 5000.0000, NULL, 0.0000, 1055000.0000, 'check_payment', 'UGX', 1.0000, 'en', 'pending_payment', NULL, NULL, NULL, '2025-06-19 12:24:41', '2025-06-19 12:24:41', 0, NULL),
(16, 1, 'mariepix0@gmail.com', '0745401358', 'Mourice', 'Gemini', 'Mourice', 'Gemini', 'Kyanja', NULL, 'Kampala', 'Central', '0000', 'UG', 'Mourice', 'Gemini', 'Kyanja', NULL, 'Kampala', 'Central', '0000', 'UG', 1050000.0000, 'local_pickup', 5000.0000, NULL, 0.0000, 1055000.0000, 'check_payment', 'UGX', 1.0000, 'en', 'pending_payment', NULL, NULL, NULL, '2025-06-19 12:25:16', '2025-06-19 12:25:16', 0, NULL),
(17, 1, 'mariepix0@gmail.com', '0745401358', 'Mourice', 'Gemini', 'Mourice', 'Gemini', 'Kyanja', NULL, 'Kampala', 'Central', '0000', 'UG', 'Mourice', 'Gemini', 'Kyanja', NULL, 'Kampala', 'Central', '0000', 'UG', 1050000.0000, 'local_pickup', 5000.0000, NULL, 0.0000, 1055000.0000, 'check_payment', 'UGX', 1.0000, 'en', 'pending_payment', NULL, NULL, NULL, '2025-06-19 12:26:22', '2025-06-19 12:26:22', 0, NULL),
(18, 1, 'mariepix0@gmail.com', '0745401358', 'Mourice', 'Gemini', 'Mourice', 'Gemini', 'Kyanja', NULL, 'Kampala', 'Central', '0000', 'UG', 'Mourice', 'Gemini', 'Kyanja', NULL, 'Kampala', 'Central', '0000', 'UG', 1050000.0000, 'local_pickup', 5000.0000, NULL, 0.0000, 1055000.0000, 'check_payment', 'UGX', 1.0000, 'en', 'pending', NULL, NULL, NULL, '2025-06-19 12:26:52', '2025-06-19 12:43:27', 0, NULL),
(19, 1, 'mariepix0@gmail.com', '0745401358', 'Mourice', 'Gemini', 'Mourice', 'Gemini', 'Kyanja', NULL, 'Kampala', 'Central', '0000', 'UG', 'Mourice', 'Gemini', 'Kyanja', NULL, 'Kampala', 'Central', '0000', 'UG', 1050000.0000, 'local_pickup', 5000.0000, NULL, 0.0000, 1055000.0000, 'check_payment', 'UGX', 1.0000, 'en', 'pending_payment', NULL, NULL, '2025-06-19 12:36:44', '2025-06-19 12:36:44', '2025-06-19 12:36:44', 0, NULL),
(45, 1, 'mariepix0@gmail.com', '0745401358', 'Mourice', 'Gemini', 'Mourice', 'Gemini', 'Kyanja', NULL, 'Kampala', 'Central', '0000', 'UG', 'Mourice', 'Gemini', 'Kyanja', NULL, 'Kampala', 'Central', '0000', 'UG', 1050000.0000, 'local_pickup', 5000.0000, NULL, 0.0000, 1055000.0000, 'check_payment', 'UGX', 1.0000, 'en', 'pending', NULL, NULL, NULL, '2025-06-19 13:45:26', '2025-06-19 13:45:26', 0, NULL),
(46, 1, 'mariepix0@gmail.com', '0745401358', 'Mourice', 'Gemini', 'Mourice', 'Gemini', 'Kyanja', NULL, 'Kampala', 'Central', '0000', 'UG', 'Mourice', 'Gemini', 'Kyanja', NULL, 'Kampala', 'Central', '0000', 'UG', 1300000.0000, 'local_pickup', 5000.0000, NULL, 0.0000, 1305000.0000, 'check_payment', 'UGX', 1.0000, 'en', 'pending', NULL, NULL, NULL, '2025-06-19 13:48:35', '2025-06-19 13:48:35', 0, NULL),
(55, 1, 'mariepix0@gmail.com', '0745401358', 'Mourice', 'Gemini', 'Mourice', 'Gemini', 'Kyanja', '', 'Kampala', 'Central', '0000', 'UG', 'Mourice', 'Gemini', 'Kyanja', '', 'Kampala', 'Central', '0000', 'UG', 350000.0000, 'local_pickup', 5000.0000, NULL, 0.0000, 355000.0000, 'check_payment', 'UGX', 1.0000, 'en', 'pending_payment', NULL, NULL, NULL, '2025-06-20 11:47:53', '2025-06-20 11:47:53', 0, NULL),
(56, 1, 'mariepix0@gmail.com', '0745401358', 'Mourice', 'Gemini', 'Mourice', 'Gemini', 'Kyanja', '', 'Kampala', 'Central', '0000', 'UG', 'Mourice', 'Gemini', 'Kyanja', '', 'Kampala', 'Central', '0000', 'UG', 350000.0000, 'local_pickup', 5000.0000, NULL, 0.0000, 355000.0000, 'check_payment', 'UGX', 1.0000, 'en', 'pending_payment', NULL, NULL, NULL, '2025-06-20 11:55:30', '2025-06-20 11:55:30', 1, NULL),
(57, 1, 'mariepix0@gmail.com', '0745401358', 'Mourice', 'Gemini', 'Mourice', 'Gemini', 'Kyanja', '', 'Kampala', 'Central', '0000', 'UG', 'Mourice', 'Gemini', 'Kyanja', '', 'Kampala', 'Central', '0000', 'UG', 350000.0000, 'local_pickup', 5000.0000, NULL, 0.0000, 355000.0000, 'check_payment', 'UGX', 1.0000, 'en', 'pending_payment', NULL, NULL, NULL, '2025-06-20 12:00:48', '2025-06-20 12:00:48', 1, NULL),
(58, 1, 'mariepix0@gmail.com', '0745401358', 'Mourice', 'Gemini', 'Mourice', 'Gemini', 'Kyanja', '', 'Kampala', 'Central', '0000', 'UG', 'Mourice', 'Gemini', 'Kyanja', '', 'Kampala', 'Central', '0000', 'UG', 350000.0000, 'local_pickup', 5000.0000, NULL, 0.0000, 355000.0000, 'check_payment', 'UGX', 1.0000, 'en', 'pending_payment', NULL, NULL, NULL, '2025-06-20 12:03:43', '2025-06-20 12:03:43', 1, NULL),
(59, 1, 'mariepix0@gmail.com', '0745401358', 'Mourice', 'Gemini', 'Mourice', 'Gemini', 'Kyanja', '', 'Kampala', 'Central', '0000', 'UG', 'Mourice', 'Gemini', 'Kyanja', '', 'Kampala', 'Central', '0000', 'UG', 350000.0000, 'local_pickup', 5000.0000, NULL, 0.0000, 355000.0000, 'check_payment', 'UGX', 1.0000, 'en', 'pending_payment', NULL, NULL, NULL, '2025-06-20 12:04:39', '2025-06-20 12:04:39', 1, NULL),
(60, 1, 'mariepix0@gmail.com', '0745401358', 'Mourice', 'Gemini', 'Mourice', 'Gemini', 'Kyanja', '', 'Kampala', 'Central', '0000', 'UG', 'Mourice', 'Gemini', 'Kyanja', '', 'Kampala', 'Central', '0000', 'UG', 350000.0000, 'local_pickup', 5000.0000, NULL, 0.0000, 355000.0000, 'check_payment', 'UGX', 1.0000, 'en', 'pending_payment', NULL, NULL, NULL, '2025-06-20 12:06:19', '2025-06-20 12:06:19', 1, NULL),
(61, 1, 'mariepix0@gmail.com', '0745401358', 'Mourice', 'Gemini', 'Mourice', 'Gemini', 'Kyanja', '', 'Kampala', 'Central', '0000', 'UG', 'Mourice', 'Gemini', 'Kyanja', '', 'Kampala', 'Central', '0000', 'UG', 350000.0000, 'local_pickup', 5000.0000, NULL, 0.0000, 355000.0000, 'check_payment', 'UGX', 1.0000, 'en', 'pending_payment', NULL, NULL, NULL, '2025-06-20 12:07:44', '2025-06-20 12:07:44', 1, NULL),
(62, 1, 'mariepix0@gmail.com', '0745401358', 'Mourice', 'Gemini', 'Mourice', 'Gemini', 'Kyanja', '', 'Kampala', 'Central', '0000', 'UG', 'Mourice', 'Gemini', 'Kyanja', '', 'Kampala', 'Central', '0000', 'UG', 350000.0000, 'local_pickup', 5000.0000, NULL, 0.0000, 355000.0000, 'check_payment', 'UGX', 1.0000, 'en', 'pending_payment', NULL, NULL, NULL, '2025-06-20 12:08:20', '2025-06-20 12:08:20', 1, NULL),
(63, 1, 'mariepix0@gmail.com', '0745401358', 'Mourice', 'Gemini', 'Mourice', 'Gemini', 'Kyanja', '', 'Kampala', 'Central', '0000', 'UG', 'Mourice', 'Gemini', 'Kyanja', '', 'Kampala', 'Central', '0000', 'UG', 350000.0000, 'local_pickup', 5000.0000, NULL, 0.0000, 355000.0000, 'check_payment', 'UGX', 1.0000, 'en', 'pending_payment', NULL, NULL, NULL, '2025-06-20 12:09:50', '2025-06-20 12:09:50', 1, NULL),
(64, 1, 'mariepix0@gmail.com', '0745401358', 'Mourice', 'Gemini', 'Mourice', 'Gemini', 'Kyanja', '', 'Kampala', 'Central', '0000', 'UG', 'Mourice', 'Gemini', 'Kyanja', '', 'Kampala', 'Central', '0000', 'UG', 350000.0000, 'local_pickup', 5000.0000, NULL, 0.0000, 355000.0000, 'check_payment', 'UGX', 1.0000, 'en', 'pending_payment', NULL, NULL, NULL, '2025-06-20 12:11:49', '2025-06-20 12:11:49', 1, NULL),
(65, 1, 'mariepix0@gmail.com', '0745401358', 'Mourice', 'Gemini', 'Mourice', 'Gemini', 'Kyanja', '', 'Kampala', 'Central', '0000', 'UG', 'Mourice', 'Gemini', 'Kyanja', '', 'Kampala', 'Central', '0000', 'UG', 350000.0000, 'local_pickup', 5000.0000, NULL, 0.0000, 355000.0000, 'check_payment', 'UGX', 1.0000, 'en', 'pending_payment', NULL, NULL, NULL, '2025-06-20 12:12:29', '2025-06-20 12:12:29', 1, NULL),
(66, 1, 'mariepix0@gmail.com', '0745401358', 'Mourice', 'Gemini', 'Mourice', 'Gemini', 'Kyanja', '', 'Kampala', 'Central', '0000', 'UG', 'Mourice', 'Gemini', 'Kyanja', '', 'Kampala', 'Central', '0000', 'UG', 350000.0000, 'local_pickup', 5000.0000, NULL, 0.0000, 355000.0000, 'check_payment', 'UGX', 1.0000, 'en', 'pending', NULL, NULL, NULL, '2025-06-20 12:14:29', '2025-06-20 12:24:58', 1, NULL),
(67, 1, 'mariepix0@gmail.com', '0745401358', 'Mourice', 'Gemini', 'Mourice', 'Gemini', 'Kyanja', '', 'Kampala', 'Central', '0000', 'UG', 'Mourice', 'Gemini', 'Kyanja', '', 'Kampala', 'Central', '0000', 'UG', 350000.0000, 'local_pickup', 5000.0000, NULL, 0.0000, 355000.0000, 'check_payment', 'UGX', 1.0000, 'en', 'pending', NULL, '8878888', NULL, '2025-06-20 12:35:09', '2025-06-21 11:20:17', 1, '2025-06-21 17:26:00'),
(68, 12, 'tedtempoten@gmail.com', '0768670988', 'Ted', 'Tempoten', 'Ted', 'Tempoten', 'Kawempe', NULL, 'Kampala', 'Central', '0000', 'UG', 'Ted', 'Tempoten', 'Kawempe', NULL, 'Kampala', 'Central', '0000', 'UG', 350000.0000, 'local_pickup', 5000.0000, NULL, 0.0000, 355000.0000, 'check_payment', 'UGX', 1.0000, 'en', 'completed', 'ghk', NULL, NULL, '2025-06-20 19:05:51', '2025-06-21 11:19:44', 0, '2025-06-29 11:19:00'),
(69, 1, 'tumusiimeas', '0745401358', 'Mourice', 'Gemini', 'Mourice', 'Gemini', 'Kyanja', NULL, 'Kampala', 'Central', '0000', 'UG', 'Mourice', 'Gemini', 'Kyanja', NULL, 'Kampala', 'Central', '0000', 'UG', 350000.0000, 'local_pickup', 8000.0000, NULL, 0.0000, 358000.0000, 'check_payment', 'UGX', 1.0000, 'en', 'pending', NULL, '17504438850822389036', NULL, '2025-06-20 21:24:45', '2025-06-21 11:18:41', 0, '2025-07-23 21:24:45');

-- --------------------------------------------------------

--
-- Table structure for table `order_downloads`
--

CREATE TABLE `order_downloads` (
  `id` int(10) UNSIGNED NOT NULL,
  `order_id` int(10) UNSIGNED NOT NULL,
  `file_id` int(10) UNSIGNED NOT NULL
) ENGINE=InnoDB DEFAULT CHARSET=utf8mb4 COLLATE=utf8mb4_unicode_ci;

-- --------------------------------------------------------

--
-- Table structure for table `order_products`
--

CREATE TABLE `order_products` (
  `id` int(10) UNSIGNED NOT NULL,
  `order_id` int(10) UNSIGNED NOT NULL,
  `product_id` int(10) UNSIGNED NOT NULL,
  `product_variant_id` bigint(20) UNSIGNED DEFAULT NULL,
  `unit_price` decimal(18,4) UNSIGNED NOT NULL,
  `qty` int(11) NOT NULL,
  `line_total` decimal(18,4) UNSIGNED NOT NULL,
  `installment_item` tinyint(4) NOT NULL DEFAULT 0 COMMENT 'installment item is one added to the order for hirepurchase system.\r\nso if true, 1 if false 0\r\n\r\n'
) ENGINE=InnoDB DEFAULT CHARSET=utf8mb4 COLLATE=utf8mb4_unicode_ci;

--
-- Dumping data for table `order_products`
--

INSERT INTO `order_products` (`id`, `order_id`, `product_id`, `product_variant_id`, `unit_price`, `qty`, `line_total`, `installment_item`) VALUES
(1, 1, 17, NULL, 1050000.0000, 1, 1050000.0000, 0),
(3, 3, 19, NULL, 1300000.0000, 1, 1300000.0000, 0),
(4, 4, 17, NULL, 1050000.0000, 1, 1050000.0000, 0),
(5, 5, 17, NULL, 1050000.0000, 1, 1050000.0000, 0),
(6, 6, 17, NULL, 1050000.0000, 1, 1050000.0000, 0),
(7, 7, 17, NULL, 1050000.0000, 1, 1050000.0000, 0),
(8, 8, 17, NULL, 1050000.0000, 1, 1050000.0000, 0),
(9, 9, 17, NULL, 1050000.0000, 1, 1050000.0000, 0),
(10, 10, 17, NULL, 1050000.0000, 1, 1050000.0000, 0),
(11, 11, 17, NULL, 1050000.0000, 1, 1050000.0000, 0),
(12, 12, 17, NULL, 1050000.0000, 1, 1050000.0000, 0),
(13, 13, 17, NULL, 1050000.0000, 1, 1050000.0000, 0),
(14, 14, 17, NULL, 1050000.0000, 1, 1050000.0000, 0),
(15, 15, 17, NULL, 1050000.0000, 1, 1050000.0000, 0),
(16, 16, 17, NULL, 1050000.0000, 1, 1050000.0000, 0),
(17, 17, 17, NULL, 1050000.0000, 1, 1050000.0000, 0),
(18, 18, 17, NULL, 1050000.0000, 1, 1050000.0000, 0),
(19, 19, 17, NULL, 1050000.0000, 1, 1050000.0000, 0),
(45, 45, 17, NULL, 1050000.0000, 1, 1050000.0000, 0),
(46, 46, 19, NULL, 1300000.0000, 1, 1300000.0000, 0),
(55, 55, 24, NULL, 350000.0000, 1, 350000.0000, 0),
(56, 56, 24, NULL, 350000.0000, 1, 350000.0000, 0),
(57, 57, 24, NULL, 350000.0000, 1, 350000.0000, 0),
(58, 58, 24, NULL, 350000.0000, 1, 350000.0000, 0),
(59, 59, 24, NULL, 350000.0000, 1, 350000.0000, 0),
(60, 60, 24, NULL, 350000.0000, 1, 350000.0000, 0),
(61, 61, 24, NULL, 350000.0000, 1, 350000.0000, 0),
(62, 62, 24, NULL, 350000.0000, 1, 350000.0000, 0),
(63, 63, 24, NULL, 350000.0000, 1, 350000.0000, 0),
(64, 64, 24, NULL, 350000.0000, 1, 350000.0000, 0),
(65, 65, 24, NULL, 350000.0000, 1, 350000.0000, 0),
(66, 66, 24, NULL, 350000.0000, 1, 350000.0000, 0),
(67, 67, 24, NULL, 350000.0000, 1, 350000.0000, 0),
(68, 68, 24, NULL, 350000.0000, 1, 350000.0000, 0),
(69, 69, 24, NULL, 350000.0000, 1, 350000.0000, 0);

-- --------------------------------------------------------

--
-- Table structure for table `order_product_options`
--

CREATE TABLE `order_product_options` (
  `id` int(10) UNSIGNED NOT NULL,
  `order_product_id` int(10) UNSIGNED NOT NULL,
  `option_id` int(10) UNSIGNED NOT NULL,
  `value` text DEFAULT NULL
) ENGINE=InnoDB DEFAULT CHARSET=utf8mb4 COLLATE=utf8mb4_unicode_ci;

-- --------------------------------------------------------

--
-- Table structure for table `order_product_option_values`
--

CREATE TABLE `order_product_option_values` (
  `order_product_option_id` int(10) UNSIGNED NOT NULL,
  `option_value_id` int(10) UNSIGNED NOT NULL,
  `price` decimal(18,4) UNSIGNED DEFAULT NULL
) ENGINE=InnoDB DEFAULT CHARSET=utf8mb4 COLLATE=utf8mb4_unicode_ci;

-- --------------------------------------------------------

--
-- Table structure for table `order_product_variations`
--

CREATE TABLE `order_product_variations` (
  `id` int(10) UNSIGNED NOT NULL,
  `order_product_id` int(10) UNSIGNED NOT NULL,
  `variation_id` int(10) UNSIGNED NOT NULL,
  `type` varchar(191) NOT NULL,
  `value` varchar(191) NOT NULL
) ENGINE=InnoDB DEFAULT CHARSET=utf8mb4 COLLATE=utf8mb4_unicode_ci;

-- --------------------------------------------------------

--
-- Table structure for table `order_product_variation_values`
--

CREATE TABLE `order_product_variation_values` (
  `order_product_variation_id` int(10) UNSIGNED NOT NULL,
  `variation_value_id` int(10) UNSIGNED NOT NULL
) ENGINE=InnoDB DEFAULT CHARSET=utf8mb4 COLLATE=utf8mb4_unicode_ci;

-- --------------------------------------------------------

--
-- Table structure for table `order_taxes`
--

CREATE TABLE `order_taxes` (
  `order_id` int(10) UNSIGNED NOT NULL,
  `tax_rate_id` int(10) UNSIGNED NOT NULL,
  `amount` decimal(15,4) UNSIGNED NOT NULL
) ENGINE=InnoDB DEFAULT CHARSET=utf8mb4 COLLATE=utf8mb4_unicode_ci;

-- --------------------------------------------------------

--
-- Table structure for table `pages`
--

CREATE TABLE `pages` (
  `id` int(10) UNSIGNED NOT NULL,
  `slug` varchar(191) NOT NULL,
  `is_active` tinyint(1) NOT NULL,
  `created_at` timestamp NULL DEFAULT NULL,
  `updated_at` timestamp NULL DEFAULT NULL
) ENGINE=InnoDB DEFAULT CHARSET=utf8mb4 COLLATE=utf8mb4_unicode_ci;

-- --------------------------------------------------------

--
-- Table structure for table `page_translations`
--

CREATE TABLE `page_translations` (
  `id` int(10) UNSIGNED NOT NULL,
  `page_id` int(10) UNSIGNED NOT NULL,
  `locale` varchar(191) NOT NULL,
  `name` varchar(191) NOT NULL,
  `body` longtext NOT NULL
) ENGINE=InnoDB DEFAULT CHARSET=utf8mb4 COLLATE=utf8mb4_unicode_ci;

-- --------------------------------------------------------

--
-- Table structure for table `persistences`
--

CREATE TABLE `persistences` (
  `id` int(10) UNSIGNED NOT NULL,
  `user_id` int(10) UNSIGNED NOT NULL,
  `code` varchar(191) NOT NULL,
  `created_at` timestamp NULL DEFAULT NULL,
  `updated_at` timestamp NULL DEFAULT NULL
) ENGINE=InnoDB DEFAULT CHARSET=utf8mb4 COLLATE=utf8mb4_unicode_ci;

--
-- Dumping data for table `persistences`
--

INSERT INTO `persistences` (`id`, `user_id`, `code`, `created_at`, `updated_at`) VALUES
(3, 1, '3a5ACeroP2ZUHXUcgKdhAPSwXrLYMhdM', '2025-06-13 00:24:50', '2025-06-13 00:24:50'),
(8, 10, 'yeO36SxoWHiRT659KyyPaGWzEFk8xHhN', '2025-06-14 16:55:25', '2025-06-14 16:55:25'),
(9, 1, 'S2LJz6GzMlzNQaM0vb5g8uf2n6FacGic', '2025-06-14 22:48:25', '2025-06-14 22:48:25'),
(11, 1, 'etIan354NcaMyfDXdS696Qnfabhn4zKp', '2025-06-16 16:24:36', '2025-06-16 16:24:36'),
(12, 1, 'KiutxIM9yiwEGO8reeFPJVPdaRmrbCHF', '2025-06-17 14:45:56', '2025-06-17 14:45:56'),
(13, 11, 'Y0Q1UH3jLirb656w74ZElISdMfvr8AQf', '2025-06-17 17:59:13', '2025-06-17 17:59:13'),
(14, 9, 'AECbxxQhI4hZ4BY5iQmowKR1GsDAn8DJ', '2025-06-17 19:03:03', '2025-06-17 19:03:03'),
(15, 9, 'XdMgL4S7bttu6xLxVgC3vD3sJ3D5Gdij', '2025-06-18 00:57:22', '2025-06-18 00:57:22'),
(16, 1, 'iP2xHdwEni6iykYHR8y6sc4JUCTroc3b', '2025-06-19 12:22:05', '2025-06-19 12:22:05'),
(19, 1, 'ZbZPuiwpxPcI2GRUSi1Fio9Kkh9J2oOm', '2025-06-19 19:04:26', '2025-06-19 19:04:26'),
(24, 1, 'Er6awuMrEYHEJ3gFYjwgNX7u2uiOWsHY', '2025-06-20 19:30:24', '2025-06-20 19:30:24'),
(26, 12, 'hAIOJOHJnAqBtDDdw8HUinsSDDMAtBc5', '2025-06-20 21:27:35', '2025-06-20 21:27:35'),
(29, 1, 'sFtLETf5Bhl58WkU8GnPPj5lwEfHxmvL', '2025-06-20 23:48:22', '2025-06-20 23:48:22'),
(30, 7, 'QZUTebByj6Ll5IjV3riVagVJZF4p9yyl', '2025-06-21 11:28:51', '2025-06-21 11:28:51'),
(31, 1, 'YzW9jbjVpnvEhmVhb7XR8uik5ibiJ9if', '2025-06-21 11:31:17', '2025-06-21 11:31:17');

-- --------------------------------------------------------

--
-- Table structure for table `products`
--

CREATE TABLE `products` (
  `id` int(10) UNSIGNED NOT NULL,
  `brand_id` int(10) UNSIGNED DEFAULT NULL,
  `tax_class_id` int(10) UNSIGNED DEFAULT NULL,
  `slug` varchar(191) NOT NULL,
  `price` decimal(18,4) DEFAULT NULL,
  `special_price` decimal(18,4) UNSIGNED DEFAULT NULL,
  `special_price_type` varchar(191) DEFAULT NULL,
  `special_price_start` date DEFAULT NULL,
  `special_price_end` date DEFAULT NULL,
  `selling_price` decimal(18,4) UNSIGNED DEFAULT NULL,
  `sku` varchar(191) DEFAULT NULL,
  `manage_stock` tinyint(1) NOT NULL DEFAULT 0,
  `qty` int(11) DEFAULT NULL,
  `in_stock` tinyint(1) NOT NULL DEFAULT 1,
  `viewed` int(10) UNSIGNED NOT NULL DEFAULT 0,
  `is_active` tinyint(1) NOT NULL,
  `new_from` datetime DEFAULT NULL,
  `new_to` datetime DEFAULT NULL,
  `deleted_at` timestamp NULL DEFAULT NULL,
  `created_at` timestamp NULL DEFAULT NULL,
  `updated_at` timestamp NULL DEFAULT NULL,
  `is_virtual` tinyint(1) NOT NULL DEFAULT 0
) ENGINE=InnoDB DEFAULT CHARSET=utf8mb4 COLLATE=utf8mb4_unicode_ci;

--
-- Dumping data for table `products`
--

INSERT INTO `products` (`id`, `brand_id`, `tax_class_id`, `slug`, `price`, `special_price`, `special_price_type`, `special_price_start`, `special_price_end`, `selling_price`, `sku`, `manage_stock`, `qty`, `in_stock`, `viewed`, `is_active`, `new_from`, `new_to`, `deleted_at`, `created_at`, `updated_at`, `is_virtual`) VALUES
(1, NULL, 1, 'lg-oled65cxpua-alexa-built-in-cx-series-65-4k-ultra-hd-smart-oled-tv', 2700.0000, 26.0000, 'percent', '2020-05-14', '3000-05-21', 1998.0000, '6SJL492G', 1, 5, 1, 1, 1, '2020-05-01 00:00:00', '2020-06-01 00:00:00', '2025-06-12 14:46:41', '2025-05-29 16:40:05', '2025-06-12 14:46:41', 0),
(2, NULL, 1, 'apple-macbook-pro-m4-pro-14-inch-24gb512gb-12-core-cpu-16-core-gpu', 244500.0000, 2.6000, 'percent', '2020-06-01', '3000-07-01', 238143.0000, '8FJD627D', 1, 10, 1, 6, 1, '2020-06-01 00:00:00', '2020-07-01 00:00:00', '2025-06-12 14:46:41', '2025-05-29 16:40:05', '2025-06-12 14:46:41', 0),
(3, 4, NULL, '16proma-x-5g-cell-phonesmartphone-unlocked-cell-phone-8gb256gb699-display68mp108mp-camera7000-mah-battery-super-endurance-dual-sim-cardface-unlockgps-green', 4000000.0000, 3600000.0000, 'fixed', '2025-06-12', '2025-06-13', 4000000.0000, 'iphoneprogreen', 1, 50, 1, 1, 1, NULL, NULL, NULL, '2025-06-12 16:01:42', '2025-06-12 16:04:07', 0),
(4, 4, NULL, 'apple-iphone-13-128gb-productred-unlocked-renewed', 2000000.0000, NULL, 'fixed', NULL, NULL, 2000000.0000, 'iphonered', 1, 100, 1, 7, 1, NULL, NULL, NULL, '2025-06-12 16:06:46', '2025-06-12 16:07:20', 0),
(5, 5, NULL, 'samsung-galaxy-s25-ultra-cell-phone-512gb-ai-smartphone-unlocked-android-ai-camera-fast-processor-long-battery-life-2025-us-1-yr-manufacturer-warranty-titanium-whitesilver', 5000000.0000, 4500000.0000, 'fixed', '2025-06-18', '2025-06-18', 5000000.0000, 'utra25sam', 1, 100, 1, 0, 1, NULL, NULL, NULL, '2025-06-12 16:10:55', '2025-06-12 16:10:55', 0),
(6, 5, NULL, 'samsung-galaxy-a16-5g-a-series-cell-phone-unlocked-android-smartphone-large-amoled-display-durable-design-super-fast-charging-expandable-storage-us-version-2025-light-gray', 1200000.0000, NULL, 'fixed', NULL, NULL, 1200000.0000, 'a165g', 1, 100, 1, 0, 1, NULL, NULL, NULL, '2025-06-12 16:13:26', '2025-06-12 16:13:54', 0),
(7, 6, NULL, 'lg-77-inch-class-oled-evo-c4-series-smart-tv-4k-processor-flat-screen-with-magic-remote-ai-powered-with-alexa-built-in-oled77c4pua-2024', 3000000.0000, NULL, 'fixed', NULL, NULL, 3000000.0000, NULL, 1, 60, 1, 0, 1, NULL, NULL, NULL, '2025-06-12 16:17:13', '2025-06-12 16:17:13', 0),
(8, 6, NULL, 'lg-32-inch-class-hd-720p-smart-led-tv-hdr-webos-60hz-refresh-rate-web-browser-hdmi-usb-compatible-with-alexa-32lm577bzua-renewed', 900000.0000, 650000.0000, 'fixed', '2025-06-12', '2025-06-13', 900000.0000, '32lgsmart', 1, 100, 1, 0, 1, NULL, NULL, NULL, '2025-06-12 16:19:53', '2025-06-12 16:20:27', 0),
(9, 8, NULL, 'hisense-32-inch-class-a4-series-fhd-1080p-smart-fire-tv-32a4nf-2025-model-dts-virtual-x-slim-bezel-design-alexa-built-in', 700000.0000, NULL, 'fixed', NULL, NULL, 700000.0000, 'hisensesmart32', 1, 100, 1, 0, 1, NULL, NULL, NULL, '2025-06-12 16:22:48', '2025-06-12 16:22:48', 0),
(10, 8, NULL, 'hisense-40-inch-class-h4-series-led-roku-smart-tv-with-alexa-compatibility-40h4f-2020-model', 900000.0000, NULL, 'fixed', NULL, NULL, 900000.0000, 'smart40', 1, 40, 1, 2, 1, NULL, NULL, NULL, '2025-06-12 16:25:45', '2025-06-12 16:25:45', 0),
(11, 5, NULL, 'samsung-40-inch-class-full-hd-f6000-smart-tv-2025-model-hdr-object-tracking-sound-lite-knox-security-one-ui-tizen-smart-tv', 1200000.0000, NULL, 'fixed', NULL, NULL, 1200000.0000, 'samsung40', 1, 100, 1, 0, 1, NULL, NULL, NULL, '2025-06-12 16:28:24', '2025-06-12 16:28:24', 0),
(12, 5, NULL, 'samsung-65-inch-class-4k-crystal-uhd-du8000-series-hdr-smart-tv-wobject-tracking-sound-lite-motion-xcelerator-ultra-slim-design-gaming-hub-alexa-built-in-un65du8000-2024-model', 2400000.0000, NULL, 'fixed', NULL, NULL, 2400000.0000, 'samsung65', 1, 100, 1, 3, 1, NULL, NULL, NULL, '2025-06-12 16:31:10', '2025-06-16 21:29:07', 0),
(13, 5, NULL, 'samsung-77-inch-class-oled-4k-s90d-series-hdr-smart-tv-wdolby-atmos-object-tracking-sound-lite-motion-xcelerator-real-depth-enhancer-4k-ai-upscaling-alexa-built-in-qn77s90d-2024-model', 7000000.0000, NULL, 'fixed', NULL, NULL, NULL, 'samsung77', 1, 100, 1, 1, 1, NULL, NULL, '2025-06-12 18:57:10', '2025-06-12 16:33:33', '2025-06-12 18:57:10', 0),
(14, 5, NULL, 'samsung-77-inch-class-oled-4k-s90d-series-hdr-smart-tv-wdolby-atmos-object-tracking-sound-lite-motion-xcelerator', 7000000.0000, NULL, 'fixed', NULL, NULL, 7000000.0000, 'samsung77', 1, 100, 1, 0, 1, NULL, NULL, NULL, '2025-06-12 16:37:02', '2025-06-12 16:37:22', 0),
(15, 7, NULL, 'jbl-bar-1000-714-channel-soundbar-with-detachable-surround-speakers-multibeam-dolby-atmos-and-dtsx-black', 5000000.0000, NULL, 'fixed', NULL, NULL, 5000000.0000, 'jbl7inc', 1, 100, 1, 4, 1, NULL, NULL, NULL, '2025-06-12 16:42:51', '2025-06-12 16:42:51', 0),
(16, 7, NULL, 'jbl-rallybar-xl-35-bluetooth-universal-outdoor-vehicle-soundbar-with-built-in-300w-rms-amplifier-led-lights-ip66-water-dust-resistant-black', 3800000.0000, NULL, 'fixed', NULL, NULL, 3800000.0000, 'jbl300w', 1, 100, 1, 0, 1, NULL, NULL, NULL, '2025-06-12 16:45:22', '2025-06-12 16:45:22', 0),
(17, 5, NULL, 'samsung-hw-c450-21ch-soundbar-wdts-virtual-x-subwoofer-included-bass-boost-adaptive-sound-lite-game-mode-bluetooth-wireless-surround-sound-compatible', 1050000.0000, NULL, 'fixed', NULL, NULL, 1050000.0000, NULL, 0, NULL, 1, 32, 1, NULL, NULL, NULL, '2025-06-12 16:48:35', '2025-06-12 16:48:35', 0),
(18, 6, NULL, 'lg-s60t-31-ch-soundbar-with-wireless-subwoofer-dolby-audio-tv-synergy-wow-interface-ai-sound-pro-2024-model', 1500000.0000, NULL, 'fixed', NULL, NULL, 1500000.0000, 'lgsoundbar', 1, 100, 1, 3, 1, NULL, NULL, NULL, '2025-06-12 16:50:36', '2025-06-12 16:50:36', 0),
(19, 8, NULL, 'hisense-hs5100-51ch-sound-bar-with-wireless-subwoofer-540w-dolby-digital-plus-bluetooth-53-ezplay-roku-tv-ready-dts-x-hdmiauxarcopticalusb-hs5100-2024-model', 1300000.0000, NULL, 'fixed', NULL, NULL, 1300000.0000, NULL, 1, 98, 1, 35, 1, NULL, NULL, NULL, '2025-06-12 16:53:15', '2025-06-19 13:48:35', 0),
(20, 6, NULL, '15kg8-kg-front-load-washerdryer-ai-dd-steam-thinq', 5000000.0000, NULL, 'fixed', NULL, NULL, 5000000.0000, NULL, 1, 100, 1, 0, 1, NULL, NULL, NULL, '2025-06-12 16:58:41', '2025-06-12 16:59:33', 0),
(21, 8, NULL, 'hisense-10kg-automatic-front-load-washing-machine-wfbj1014vs-washer-grey-2yr-wrty', 2000000.0000, NULL, 'fixed', NULL, NULL, 2000000.0000, NULL, 1, 100, 1, 2, 1, NULL, NULL, NULL, '2025-06-12 17:01:34', '2025-06-12 17:01:34', 0),
(22, 5, NULL, 'samsung-9kg-ww90ta046ax-washing-machine-front-load-inox', 3000000.0000, NULL, 'fixed', NULL, NULL, 3000000.0000, NULL, 1, 100, 1, 0, 1, NULL, NULL, NULL, '2025-06-12 17:03:18', '2025-06-12 17:03:18', 0),
(23, 5, NULL, '20l-convection-microwave-oven-easyclean-and-i-wave', 800000.0000, NULL, 'fixed', NULL, NULL, 800000.0000, NULL, 1, 100, 1, 1, 1, NULL, NULL, NULL, '2025-06-12 17:06:47', '2025-06-12 17:06:47', 0),
(24, NULL, NULL, 'freestanding-microwave-h28mobs8hguk', 350000.0000, NULL, 'fixed', NULL, NULL, 350000.0000, NULL, 1, 90, 1, 15, 1, NULL, NULL, NULL, '2025-06-12 17:12:06', '2025-06-20 21:24:45', 0),
(25, 5, NULL, 'borrego-smart2-wifi-android-projector-white', 450000.0000, 10.0000, 'percent', NULL, NULL, 405000.0000, NULL, 0, NULL, 0, 6, 1, NULL, NULL, NULL, '2025-06-17 01:12:56', '2025-06-17 01:12:56', 0);

-- --------------------------------------------------------

--
-- Table structure for table `product_attributes`
--

CREATE TABLE `product_attributes` (
  `id` int(10) UNSIGNED NOT NULL,
  `product_id` int(10) UNSIGNED NOT NULL,
  `attribute_id` int(10) UNSIGNED NOT NULL
) ENGINE=InnoDB DEFAULT CHARSET=utf8mb4 COLLATE=utf8mb4_unicode_ci;

-- --------------------------------------------------------

--
-- Table structure for table `product_attribute_values`
--

CREATE TABLE `product_attribute_values` (
  `product_attribute_id` int(10) UNSIGNED NOT NULL,
  `attribute_value_id` int(10) UNSIGNED NOT NULL
) ENGINE=InnoDB DEFAULT CHARSET=utf8mb4 COLLATE=utf8mb4_unicode_ci;

-- --------------------------------------------------------

--
-- Table structure for table `product_categories`
--

CREATE TABLE `product_categories` (
  `product_id` int(10) UNSIGNED NOT NULL,
  `category_id` int(10) UNSIGNED NOT NULL
) ENGINE=InnoDB DEFAULT CHARSET=utf8mb4 COLLATE=utf8mb4_unicode_ci;

--
-- Dumping data for table `product_categories`
--

INSERT INTO `product_categories` (`product_id`, `category_id`) VALUES
(3, 19),
(3, 20),
(4, 19),
(4, 20),
(5, 21),
(6, 21),
(7, 17),
(8, 16),
(8, 17),
(9, 16),
(9, 17),
(10, 16),
(10, 17),
(11, 16),
(11, 17),
(12, 16),
(12, 17),
(14, 16),
(14, 17),
(15, 9),
(15, 12),
(16, 12),
(17, 9),
(17, 12),
(18, 9),
(18, 12),
(19, 9),
(19, 10),
(20, 13),
(20, 14),
(21, 13),
(21, 14),
(22, 13),
(22, 14),
(23, 13),
(23, 15),
(25, 25);

-- --------------------------------------------------------

--
-- Table structure for table `product_options`
--

CREATE TABLE `product_options` (
  `product_id` int(10) UNSIGNED NOT NULL,
  `option_id` int(10) UNSIGNED NOT NULL
) ENGINE=InnoDB DEFAULT CHARSET=utf8mb4 COLLATE=utf8mb4_unicode_ci;

--
-- Dumping data for table `product_options`
--

INSERT INTO `product_options` (`product_id`, `option_id`) VALUES
(1, 1),
(1, 2),
(1, 3),
(1, 4),
(2, 5),
(2, 6),
(2, 7),
(2, 8),
(2, 9),
(2, 10);

-- --------------------------------------------------------

--
-- Table structure for table `product_tags`
--

CREATE TABLE `product_tags` (
  `product_id` int(10) UNSIGNED NOT NULL,
  `tag_id` int(10) UNSIGNED NOT NULL
) ENGINE=InnoDB DEFAULT CHARSET=utf8mb4 COLLATE=utf8mb4_unicode_ci;

--
-- Dumping data for table `product_tags`
--

INSERT INTO `product_tags` (`product_id`, `tag_id`) VALUES
(3, 13),
(4, 13),
(6, 13),
(7, 8),
(8, 8),
(9, 8),
(10, 8),
(11, 8),
(12, 8),
(12, 13),
(15, 10),
(15, 13),
(16, 10),
(16, 13),
(17, 13),
(18, 13),
(19, 13),
(20, 14),
(21, 14),
(22, 14),
(23, 14),
(25, 8);

-- --------------------------------------------------------

--
-- Table structure for table `product_translations`
--

CREATE TABLE `product_translations` (
  `id` int(10) UNSIGNED NOT NULL,
  `product_id` int(10) UNSIGNED NOT NULL,
  `locale` varchar(191) NOT NULL,
  `name` varchar(191) NOT NULL,
  `description` longtext NOT NULL,
  `short_description` text DEFAULT NULL
) ENGINE=InnoDB DEFAULT CHARSET=utf8mb4 COLLATE=utf8mb4_unicode_ci;

--
-- Dumping data for table `product_translations`
--

INSERT INTO `product_translations` (`id`, `product_id`, `locale`, `name`, `description`, `short_description`) VALUES
(1, 1, 'en', 'LG OLED65CXPUA Alexa Built-in CX Series 65\" 4K Ultra HD Smart OLED TV', 'LG Alexa Built-in 65\" 4K Ultra HD Smart OLED TV', 'See More of Your Content in 4K'),
(2, 2, 'en', 'Apple MacBook Pro M4 Pro 14-Inch 24GB/512GB 12 Core CPU 16 Core GPU', 'The MacBook Pro M4 Pro 14-Inch delivers exceptional performance with Apple�s latest 12-core CPU and 16-core GPU, making it perfect for demanding workflows like video editing, coding, and 3D rendering. With 24GB of unified memory and a fast 512GB SSD, it ensures smooth multitasking and lightning-fast file access. A stunning Liquid Retina XDR display, long battery life, and robust macOS ecosystem make it an ideal choice for professionals who need power and portability.', 'MacBook Pro M4 Pro 14\" with 12-core CPU, 16-core GPU, 24GB RAM, and 512GB SSD�built for power users and creative pros.'),
(3, 3, 'en', '16PROMA X 5G Cell Phone,Smartphone Unlocked Cell Phone 8GB+256GB/6.99\" Display/68MP+108MP Camera/7000 mAh Battery Super Endurance, Dual SIM Card/Face Unlock/GPS (Green)', '<p>🥇 6.99-inch FHD display creates an immersive theater-level visual experience with ultra-high resolution. Vividly presenting your favorite content, each frame is showcased like a work of art, delivering an unprecedented visual feast.<br />🥇7000mAh Super Large Battery: Maintain long-lasting battery life. Powerful enough to support extended gaming or calls, intelligent AI battery management cleverly optimizes power consumption, and intelligently extends standby time, freeing you from battery worries and injecting more convenience and lasting power into your life!<br />🥇TAKE TOTAL CAMERA CONTROL&mdash;The improved camera with autofocus lets you takes incredibly detailed macro photos and videos. Use the 68MP+108MP Fusion camera for stunning high-resolution images. The latest-generation Photographic Styles give you greater creative flexibility, so you can make every photo even more you. And you can reverse any of those styles anytime you want.<br />🥇Snapdrangon8 Gen3 CHIP&mdash;Snapdrangon8 Gen3 powers advanced photo and video features, and supports console-level gaming, with exceptional power efficiency.<br />🥇Package contains 1 smartphone, 1 x phone case, 1 x phone protective film, 1 x power adapter, 1 x USB-C 2.0 charging cable, 1 x earphones, 1 x SIM ejector pin, 1 x user manual.</p>', NULL),
(4, 4, 'en', 'Apple iPhone 13, 128GB, (PRODUCT)RED - Unlocked (Renewed)', '<p>6.1\" Super Retina XDR display. 5G Superfast downloads, high?quality streaming<br />Cinematic mode in 1080p at 30 fps. Dolby Vision HDR video recording up to 4K at 60 fps. 2X Optical zoom range<br />A15 Bionic chip. New 6-core CPU with 2 performance and 4 efficiency cores. New 4-core GPU. New 16-core Neural Engine<br />Up to 19 hours video playback. Face ID. Ceramic Shield front. Aerospace-grade aluminum</p>', NULL),
(5, 5, 'en', 'Samsung Galaxy S25 Ultra Cell Phone, 512GB AI Smartphone, Unlocked Android, AI Camera, Fast Processor, Long Battery Life, 2025, US 1 Yr Manufacturer Warranty, Titanium Whitesilver', '<p>MULTIPLE TASKS WITH ONE ASK: Streamline your day with an assistant that gets you. Ask it to Google search for a pet-friendly vegan restaurant nearby and text it to your friend&mdash; your Galaxy S25 Ultra handles multiple tasks with a single ask.&sup1;<br />START THE DAY SMARTER: Stay one step ahead with a phone that gives you the info you need before you even know you need it with Now Brief.&sup2;<br />REDUCE THE NOISE. REVEAL THE MAGIC: AI Camera with Audio Eraser lets you capture vibrant videos in low light and minimize unwanted noises so you can relive your favorite moments with fewer distractions.&sup3;<br />BRING OUT THE BEST IN EVERY FACE: Capture every portrait with clarity and confidence on the Galaxy S25 Ultra. The advanced portrait features adjust skin tones and preserve natural textures, giving every shot a polished, professional look.<br />SWITCHING IS QUICK &amp; EASY: With Smart Switch, you can move your pics, videos, music, apps, contacts and convos to their new home, safely and securely, in just a few simple steps.</p>', NULL),
(6, 6, 'en', 'Samsung Galaxy A16 5G A Series Cell Phone, Unlocked Android Smartphone, Large AMOLED Display, Durable Design, Super Fast Charging, Expandable Storage, US Version, 2025, Light Gray', '<p>CRISP DETAIL. VIVID POSSIBILITIES: The ultra-clear 6.7\" display&sup1; of Galaxy A16 5G helps bring your content to life whether you&rsquo;re checking emails or reading online blogs and recipes.<br />MEMORIES MADE PICTURE PERFECT: Capture every angle in stunning clarity, from big group shots to close-ups, with the triple-lens camera on Galaxy A16 5G.<br />MORE DURABLE THAN EVER BEFORE: Take on your day with confidence, thanks to the awesome durability of Galaxy A16 5G with an improved IP54 rating.&sup2;<br />HEALTH INSIGHTS MADE EASY: Stay connected to your health with Galaxy A16 5G and Fit3. Track your steps, sleep and heart rate&sup3; and then see it all in one place with the Samsung Health app.<br />AWESOME EXPERIENCE. AWESOME VALUE: Galaxy A16 5G offers essential features and practical extras designed to enhance your everyday life &mdash; all at a price you&rsquo;ll love.<br />PAYING MAD EASY: Pay with a tap, plus store your cards and ID all in one app with Samsung Wallet.⁴,⁵<br />SIX YEARS OF UPDATES. AWESOME SECURITY: Six years of OS and security updates mean you can keep your Galaxy A16 5G longer, making it a great value for years to come.</p>', NULL),
(7, 7, 'en', 'LG 77-Inch Class OLED evo C4 Series Smart TV 4K Processor Flat Screen with Magic Remote AI-Powered with Alexa Built-in (OLED77C4PUA, 2024)', '<p>SELF-LIT PIXELS: LG\'s signature OLED technology creates an incredible watching experience and stellar picture quality illuminated with over 8 million self-lit pixels. Take in rich and accurate colors from the brightest to darkest parts of the scene thanks to 100% Color Volume* and with 100% Color Fidelity.<br />BRIGHTNESS BOOSTER: Our Brightness Boosting technology magnifies each individual pixel for luminous quality that shines with every detail.<br />DOLBY VISION, FILMMAKER AND DOLBY ATMOS: Experience the magic of the big screen right from your couch. Every LG OLED comes loaded with Dolby Vision for extraordinary color, contrast and brightness, plus Dolby Atmos* for sound you can feel all around you. Land in the center of the action with FILMMAKER MODE, allowing you to see films just as the director intended.<br />a9 AI PROCESSOR GEN7: The C4\'s exclusive processor is the brains behind a truly unforgettable TV experience. You\'ll get smooth, vivid picture no matter what you watch with AI Super Upscaling which automatically enhances picture quality whether you\'re watching sports, movies, or a late-night favorite. Multi View with 2 screens lets you split your screen into 2 unique views so you can watch even more than before, everything looks and sounds incredible on a LG OLED TV.<br />144 HZ REFRESH RATE: Enjoy crisp, smooth visuals with a 0.1ms response time and up to 144Hz refresh rate. LG OLED TVs feature NVIDIA G-Sync, AMD FreeSync Premium, and VRR for enhanced gaming quality. With four HDMI 2.1 inputs, connect all your devices effortlessly. The LG Game Dashboard and Game Optimizer provide complete control whether you game on consoles or in the cloud.<br />webOS RE:NEW PROGRAM: Enjoy new software updates and feature refreshes for 5 years with webOS Re:New Program.</p>', NULL),
(8, 8, 'en', 'LG 32-Inch Class HD 720p Smart LED TV HDR webOS 60Hz Refresh Rate Web Browser HDMI USB Compatible with Alexa 32LM577BZUA (Renewed)', '<p>High Definition Resolution: With 720p high‐definition LCD screen, you&rsquo;ll find a powerful full array LED backlight at work creating a sharper, more colorful picture<br />Smart TV with access to streaming services for entertainment: Enjoy instant access to the best selection of apps from the best streaming services like Netflix, Disney+, YouTube, Prime Video and many more right on your TV<br />Works with Alexa: Ask the Google Assistant to turn on your TV, change channels, control volume and more<br />Active HDR: LG HD TV provides vibrant color and accurate detail with Active HDR. Enjoy your favorite films in the same quality as the original with multi HDR formats including HDR10 and HLG<br />2 HDMI inputs: Connect all your favorite devices through the 2 HDMI inputs and watch all your favorite content</p>', NULL),
(9, 9, 'en', 'Hisense 32-Inch Class A4 Series FHD 1080p Smart Fire TV (32A4NF, 2025 Model) - DTS Virtual: X, Slim Bezel Design, Alexa Built in', '<p>FULL HD RESOLUTION: When a 1080p High-Definition LCD screen meets a Full Array LED backlight, it creates an even sharper, brighter picture, delivering crisp, clear content.<br />DTS VIRTUAL:X: Dial up the impact of your entertainment with the enhanced sound of DTS Virtual:X. It delivers crystal clarity, easy-to-hear dialogue, great detail and realistic surround sound to make what you&rsquo;re watching even better.<br />PRESS AND ASK ALEX: Use the Alexa Voice Remote to find your favorite shows and movies in a snap&mdash;no endless scrolling needed. Launch apps, change channels, control your smart home, and more.<br />BLUETOOTH AUDIO: Bluetooth allows you to wirelessly connect audio devices like speakers and headphones to your TV, so you can hear room filling sound or listen privately for late night viewing.<br />FIRE TV: Get right to the good stuff. Fire TV puts your favorite apps front and center on one main home screen. So you can quickly find shows, movies, and live TV you love without the endless scrolling.<br />SLIM BEZEL DESIGN: Take advantage of a more viewable screen area and our gorgeous, slim bezel design.</p>', NULL),
(10, 10, 'en', 'Hisense 40-Inch Class H4 Series LED Roku Smart TV with Alexa Compatibility (40H4F, 2020 Model)', '<p>About this item<br />Combining rich 1080p picture quality, intuitively smart Roku TV platform, built-in Wi-Fi, and innovative technologies, Hisense H4F series smart TVs are great for all your needs - streaming, cable, satellite, gaming, and free over-the-air TV<br />Enjoy all the key moments in fast-paced sports, movies, and games with motion rate 120-image processing, minimizing picture lag to create a clear image without motion blur<br />Roku TV\'s simplified home screen and streamlined remote provide easy to access your cable box or HDTV antenna, one-touch access to favorite channels and streaming services, and access to over 5,000 streaming channels and 500,000 movies and TV episodes<br />Control the TV with your iOS or android device via the easy-to-use Roku TV remote app, or use your voice to power your TV on and off, change channels, search for shows, and more through an Alexa-enabled device or google assistant (both sold separately)<br />Measuring 35.6 by 20.4 by 3.2 inches (35.6 by 22.1 by 8 inches with included stand, LxWxH), the 40H4F is backed by a 1-year manufacturer\'s warranty, and includes a Roku remote (batteries included), power cable, and quick start guide</p>', NULL),
(11, 11, 'en', 'Samsung 40-Inch Class Full HD F6000 Smart TV (2025 Model) HDR, Object Tracking Sound Lite, Knox Security, One UI Tizen, Smart TV', '<p>HDR: Enjoy great contrast in all your content. High Dynamic Range (HDR) expands the contrast between the lightest and darkest parts of a scene, so you can enjoy a wide spectrum of colors and visual details.<br />OBJECT TRACKING SOUND LITE: Feel like you\'re part of the scene with audio that follows the action on screen. Featuring a virtual top channel, every sound is precisely placed in space, placing you in the heart of the scene.<br />SAMSUNG KNOX SECURITY: Your TV experiences are secured. Samsung Knox Security defends against harmful apps and phishing sites while keeping sensitive data, such as PINs and passwords, secure. It also safeguards your IoT devices connected to your TV.<br />ONE UI TIZEN: Stream your favorite movies and shows and access your favorite apps and games on an intuitive smart TV platform, powered by Samsung Tizen OS.<br />ENDLESS CONTENT: Access 2,700+ free channels including 400+ Samsung TV Plus premium channels with just your WiFiconnection. Enjoy national and local news, sports, movies, kids&rsquo; shows and more -live and on demand. With content frequently added, there&rsquo;s always something new to discover.<br />SLIM LOOK WITH 3 BEZEL-LESS DESIGN: An elegant design that minimizes distractions. With a sleek profile and thin bezels, nothing gets in the way between you and your content<br />PURCOLOR: Enjoy your favorite shows with vibrant colors that look just like real life. Get a huge spectrum of hues for a rich, lifelike picture quality that enhances every scene.</p>', NULL),
(12, 12, 'en', 'Samsung 65-Inch Class 4K Crystal UHD DU8000 Series HDR Smart TV w/Object Tracking Sound Lite, Motion Xcelerator, Ultra Slim Design, Gaming Hub, Alexa Built-in (UN65DU8000, 2024 Model)', '<p>AIRSLIM: This TV blends right into your wall with a slim design; It brings clutter-free minimalism to the room without distracting you from what you watch<br />4K UPSCALING: Get a clearer picture for more of your shows and videos; 4K Upscaling transforms each pixel for improved content<br />MOTION XCELERATOR: Watch your content smoothly while experiencing less lag and blur. It improves motion&sup1; between frames so you have a seamless picture<br />MEGA CONTRAST: Automatically adjusts the brightness and contrast; It reduces the difference between light and dark areas so that objects on screen stand out more<br />DYNAMIC CRYSTAL COLOR: One billion shades of color help produce greater detail on the screen; See more nuanced shades and tones that match real life<br />OBJECT TRACKING SOUND LITE: You&rsquo;ll hear 3D surround sound that follows the movement on screen using our incredible virtual top channel audio&mdash; putting you right in the middle of the car chase, stampede or party scene<br />HDR: Take in an impressive spectrum of colors and fine details, even in the darkest scenes; Brightness and contrast are automatically dialed into their ideal levels in every frame so you can see your content as it&rsquo;s meant to be seen</p>', NULL),
(13, 14, 'en', 'Samsung 77-Inch Class OLED 4K S90D Series HDR+ Smart TV w/Dolby Atmos, Object Tracking Sound Lite, Motion Xcelerator,', '<p>OLED TECHNOLOGY: Discover pure blacks, bright whites and Pantone-validated color; Combined with detail and brightness, this pixel-packed screen gives you a dramatic view for everything you watch<br />OLED HDR+: Enjoy powerful brightness and rich contrast; Your TV analyzes each scene to boost brightness and improve image clarity&sup1;<br />MOTION XCELERATOR 144Hz: Play games and content with ultra-smooth motion and virtually no lag or blur; Get uninterrupted action with crisp visuals rendered at top speeds&sup2;<br />REAL DEPTH ENHANCER: Experience depth and dimension on screen just like you do in real life; For all content, Real Depth Enhancer mirrors how the human eye processes depth by increasing foreground contrast<br />4K AI UPSCALING: Content instantly transformed to incredibly sharp up to 4K resolution; Whether you&rsquo;re streaming an HD movie, watching live sports, or looking back at home videos, experience it all transformed into sharp 4K resolution&sup3;<br />DOLBY ATMOS &amp; OBJECT TRACKING SOUND LITE: Keep your ears on the action with built-in Dolby Atmos; You&rsquo;ll hear 3D surround sound that follows the movement on screen using our incredible virtual top channel audio<br />NQ4 AI GEN2 PROCESSOR: The power behind the 4K picture that actively improves the quality; Utilizing 20 specialized networks the AI-powered processor drives the intuitive Smart TV Hub, Dolby Atmos sound, and expertly upscaled 4K resolution</p>', NULL),
(14, 15, 'en', 'JBL Bar 1000: 7.1.4-Channel soundbar with Detachable Surround Speakers, MultiBeam™, Dolby Atmos®, and DTS:X®, Black', '<p>True Dolby Atmos, DTS:X, and MultiBeam Surround Sound: Immerse yourself in theater-quality 3D sound. With two up-firing drivers in the main bar and two more in the detachable speakers, the JBL Bar 1000 delivers true Dolby Atmos and DTS:X together with MultiBeam for an enhanced 3D surround sound experience.<br />Real surround sound with detachable surround speakers: Enjoy real surround sound without the hassle of extra wires and power connections. Just place the two detachable battery-powered surround speakers behind you and get swept away in amazing audio.<br />Built-In Wi-Fi with AirPlay, Alexa Multi-Room Music and Chromecast built-in: Get ready to explore. Access over 300 online music streaming services through AirPlay, Alexa MRM and Chromecast built-in. Enjoy all of your favorite audio content, Internet radio, and podcasts in high definition. The Wi-Fi connection also allows automatic software updates, so you can always enjoy the latest features.<br />880W output power: With 880 watts of total system power the JBL Bar 1000 transforms your movies, music and games into immersive sound experiences and pulls you into the middle of the action.<br />10\" Wireless subwoofer: Thrilling, precise bass from a mighty 10\" wireless subwoofer brings the excitement to your action movies and the emotion to your music.</p>', NULL),
(15, 16, 'en', 'JBL RallyBar XL - 35\" Bluetooth Universal Outdoor Vehicle Soundbar with Built-in 300w RMS Amplifier, LED Lights, IP66 Water & Dust Resistant, Black', '<p>Unique Dynamic LED Lights: Lights, color, party! Transform your off-road journey into a rock concert. Pressing the light controls on the bottom panel will Sync your music to dynamic lights patterns<br />300Wrms Class-D Amplifier Built-in: The 300Wrms (THD &lt;1%) Class- D amplifier ensures powerful, high quality JBL Original Pro Sound when you take the wheel or helm.<br />IP66 Rated Water and dust Resistant: IP66 rated water resistant protects soundbar speakers from dust ingress and powerful water jets.<br />Support Broadcast Mode: Broadcast Mode allows RALLYBAR XL to connect to multiple RALLYBAR XL or RALLYBAR XL family products (RALLYBAR, RALLYBAR S and RALLYBAR XL), allowing each soundbar to play the same audio source.<br />Innovative Mounting Kits Design: The innovative mounting kits design (patent pending), offers multiple position combinations on top and back to accommodate a variety of installation requirements.<br />Music Remote Control by JBL Click: When user&rsquo;s smartphone connected to the JBL RALLYBAR XL and a JBL Click Bluetooth controller(sold separately), you can use the JBL Click to control the music from your smartphone (&ldquo;play/pause&rdquo;,&ldquo;next track&rdquo;,etc.)<br />RALLYBAR XL can detect the audio source automatically according to the source priority definition: USB disk &gt;Bluetooth&gt; AUX-IN audio source. Higher priority source can break-in Lower priority audio source.</p>', NULL),
(16, 17, 'en', 'Samsung HW-C450 2.1ch Soundbar w/DTS Virtual X, Subwoofer Included, Bass Boost, Adaptive Sound Lite, Game Mode, Bluetooth, Wireless Surround Sound Compatible', '<p>DTS VIRTUAL:X: Expand your listening experience; DTS Virtual: X creates spacious 3D sound putting you at the center of the action for an elevated and immersive home theater experience<br />SUBWOOFER INCLUDED: Get that big boom with our included subwoofer; Bring home intense sound with rich, powerful bass; Elevate the action and take things to the next level<br />BASS BOOST: Bass you can boost with a tap; Feel the depth of distant thunder as your listening experience is taken to another level; Tap the button Feel the power<br />ADAPTIVE SOUND LITE: Enjoy all your favorite video content with dynamically optimized audio and enhanced voice clarity so you can follow along with action packed games and blockbuster films<br />GAME MODE: Optimize your gaming experience with perfectly synced directional audio that moves with the onscreen action; Game Mode eliminates distractions so you can hear better and play harder<br />ONE REMOTE CONTROL: Keep your finger on the pulse. This do-it-all remote controls both your Samsung TV and soundbar, helping you streamline your home entertainment setup.<br />BLUETOOTH MULTI CONNECTION: Effortless connection; No cable necessary; Hear your TV&rsquo;s audio through your soundbar with Bluetooth TV Connection</p>', NULL),
(17, 18, 'en', 'LG S60T 3.1 ch. Soundbar with Wireless Subwoofer, Dolby Audio, TV Synergy, Wow Interface, AI Sound Pro (2024 Model)', '<p>3.1 Channel - Take your home entertainment to a new level with 3.1 channels&mdash;right, left, center and subwoofer. Hear voices with superb clarity while experiencing all the attention-grabbing sound effects.<br />Dolby Audio - Never miss a single detail, no matter where you\'re watching.<br />Crest Design - This soundbar features LG&rsquo;s new crest design that gives the soundbar a sleek and stylish look, with a metal grill that keeps out dust and debris.<br />WOW Interface - Control your soundbar and your LG TV with one remote.<br />AI Sound Pro - Hear clear vocals in live sports, thunderous bass in live music, and dynamic sound in action scenes.<br />LG Soundbar App - Customize the 3-band equalizer settings of your soundbar and rear speakers in a few simple steps with the LG Soundbar App.</p>', NULL),
(18, 19, 'en', 'Hisense HS5100 5.1Ch Sound Bar with Wireless Subwoofer, 540W, Dolby Digital Plus, Bluetooth 5.3, EzPlay, Roku TV Ready, DTS: X, HDMI/AUX/ARC/Optical/USB (HS5100, 2024 Model)', '<p>5.1 Channel: Enjoy a true 5.1 channel surround sound, bringing movies, music, and games to life, including a front sound bar, a wireless subwoofer and rear speaker kit.<br />540W Max Audio Power: Hold on to your socks. 8 speakers deliver total 540w max output power. Fill the room with sound and fall deeper into the experience. Let&rsquo;s get loud with it.<br />6.5\" Wireless Subwoofer: This wireless subwoofer boosts the impact of everything you watch and listen to. Enjoy booming explosions and the deepest beats you\'ve ever heard without distortion. And it could be placed out of sight thanks to a wireless connection to the Soundbar.<br />Dolby Digital Plus and DTS Virtual:X: Feel the combined force of Dolby Audio and DTS Digital Surround technology creating a virtualized floor-to-ceiling 3D sound experience that draws you into the middle of your favorite entertainment.<br />TV Mode: With TV mode technology, when paired with Hisense TV you could enjoy the full potential of your TV\'s sound engine through the Soundbar speakers for immersive audio enhancements.<br />Bluetooth 5.3: Easy wireless connections to smart devices to enjoy music from your smartphone, tablet or laptop.</p>', NULL),
(19, 20, 'en', '15kg/8 Kg | Front Load Washer/Dryer | AI DD™ | Steam™ | ThinQ™', '<p>AI DD&trade; refers to &lsquo;Artificial Intelligence\' technology that has been applied to control the machines washing motions via the Direct Drive Motor.</p>\n<p>By using AI technology and referencing a database of wash motions the machine assesses the load characteristics and selects the best option for a thorough clean with reduced clothing wear*.</p>', NULL),
(20, 21, 'en', 'Hisense 10KG Automatic Front Load Washing Machine | WFBJ1014VS Washer – Grey (2YR WRTY)', '<p><br />Hisense 10KG Automatic Front Load Washing Machine | WFBJ1014VS &ndash; Grey.&nbsp;</p>\n<p>Wash Capacity: 10kg<br />16 wash programs<br />&lsquo;Delay End<br />Energy Saving for Money (Energy Efficiency Class: A+++)<br />Super Quick Wash for Time Saving<br />Intelligent LED Display<br />Snowflake Drum for Clothes Protecting<br />Smart Spin Balance control.<br />Drum Self Clean for Health<br />45-degree High Handle Design<br />Max Spin Speed Option: 1200 rpm</p>', NULL),
(21, 22, 'en', 'Samsung 9kg WW90TA046AX Washing Machine – Front Load – Inox', '<p>Delay End: Yes<br />Child Lock: Yes<br />Eco Drum Clean: Yes<br />Outdoor Care: Yes<br />Baby Care: Yes<br />Dark Garment: Yes<br />Super Eco Wash: Yes<br />Quick Wash: Yes<br />Full Automatic: Yes</p>', NULL),
(22, 23, 'en', '20(L) | Convection Microwave Oven | EasyClean and i-Wave', '<p>Smaller Size, Larger Capacity<br />EasyClean&trade; Coating<br />Stable Turntable<br />3 Times Brighter LED Lamp</p>', NULL),
(23, 24, 'en', 'FREESTANDING MICROWAVE H28MOBS8HGUK', '<p>Defrost Function</p>\n<p>In order to keep the food in perfect condition after defrosting, it is important to thaw it quickly and efficiently. With defrost function the heat reaches the food evenly and simultaneously, with noneed to manually lower the power. A microwave oven defrosts by using intervals of low heat.</p>\n<p>Easy Cleaning</p>\n<p>Using the microwave oven together with young children or older persons, you will definitely appreciate the ease of use, safety and ease of cleaning. Just wipe the appliance inside out and enjoy the cooking experience.</p>', NULL),
(24, 25, 'en', 'Borrego Smart2 Wifi +android Projector - White', '<p><strong>Product Description Portable projector Operation System Android&nbsp;</strong>11.0 CPU Quad-core ARM Cortex-A53 GPU Mali-G31 supports OpenGL ES3.2,Vulkan 1.1,and OpenCL2.0 Buffer Memory(RAM) 1G (optional 2GB) Storage(ROM) 8G (optional 16/32/64GB) WIFI WIFI6 2.4G/5G/BT5 Projection Technique 2.69inch LCD TFT display Native Resolution 1280*720P Supported Resolution 720P Color Temperature 8000K &plusmn;(1000K) Brightness(Lumens) 120 ANSI lumens Contrast Ratio 1500:1 Image Flip 360 degrees flip Lens 3 pieces glass lens Aspect Ratio 16:9 &amp; 4:3 Throw Ratio 1.37 Keystone Correction automatic correction Support 3D NO Language Support for multiple languages Bulb Life 50000 Hrs Lamp Type 60W Adjustment Mode Manual focus Operation Mode Remote control Projection Distance 1.2-4M Optimal Projection Distance 1.68M Projection Size 40-130 inch Speaker 1*3W Fan Noise</p>', NULL);

-- --------------------------------------------------------

--
-- Table structure for table `product_variants`
--

CREATE TABLE `product_variants` (
  `id` int(10) UNSIGNED NOT NULL,
  `uid` varchar(191) NOT NULL,
  `uids` text NOT NULL,
  `product_id` int(10) UNSIGNED NOT NULL,
  `name` varchar(191) NOT NULL,
  `price` decimal(18,4) UNSIGNED DEFAULT NULL,
  `special_price` decimal(18,4) UNSIGNED DEFAULT NULL,
  `special_price_type` varchar(191) DEFAULT NULL,
  `special_price_start` date DEFAULT NULL,
  `special_price_end` date DEFAULT NULL,
  `selling_price` decimal(18,4) UNSIGNED DEFAULT NULL,
  `sku` varchar(191) DEFAULT NULL,
  `manage_stock` tinyint(1) DEFAULT NULL,
  `qty` int(11) DEFAULT NULL,
  `in_stock` tinyint(1) DEFAULT NULL,
  `is_default` tinyint(1) DEFAULT NULL,
  `is_active` tinyint(1) DEFAULT NULL,
  `position` int(10) UNSIGNED DEFAULT NULL,
  `deleted_at` timestamp NULL DEFAULT NULL,
  `created_at` timestamp NULL DEFAULT NULL,
  `updated_at` timestamp NULL DEFAULT NULL
) ENGINE=InnoDB DEFAULT CHARSET=utf8mb4 COLLATE=utf8mb4_unicode_ci;

-- --------------------------------------------------------

--
-- Table structure for table `product_variations`
--

CREATE TABLE `product_variations` (
  `product_id` int(10) UNSIGNED NOT NULL,
  `variation_id` int(10) UNSIGNED NOT NULL
) ENGINE=InnoDB DEFAULT CHARSET=utf8mb4 COLLATE=utf8mb4_unicode_ci;

-- --------------------------------------------------------

--
-- Table structure for table `related_products`
--

CREATE TABLE `related_products` (
  `product_id` int(10) UNSIGNED NOT NULL,
  `related_product_id` int(10) UNSIGNED NOT NULL,
  `created_at` timestamp NULL DEFAULT NULL,
  `updated_at` timestamp NULL DEFAULT NULL
) ENGINE=InnoDB DEFAULT CHARSET=utf8mb4 COLLATE=utf8mb4_unicode_ci;

-- --------------------------------------------------------

--
-- Table structure for table `reminders`
--

CREATE TABLE `reminders` (
  `id` int(10) UNSIGNED NOT NULL,
  `user_id` int(10) UNSIGNED NOT NULL,
  `code` varchar(191) NOT NULL,
  `completed` tinyint(1) NOT NULL DEFAULT 0,
  `completed_at` datetime DEFAULT NULL,
  `created_at` timestamp NULL DEFAULT NULL,
  `updated_at` timestamp NULL DEFAULT NULL
) ENGINE=InnoDB DEFAULT CHARSET=utf8mb4 COLLATE=utf8mb4_unicode_ci;

-- --------------------------------------------------------

--
-- Table structure for table `reviews`
--

CREATE TABLE `reviews` (
  `id` int(10) UNSIGNED NOT NULL,
  `reviewer_id` int(10) UNSIGNED DEFAULT NULL,
  `product_id` int(10) UNSIGNED NOT NULL,
  `rating` int(11) NOT NULL,
  `reviewer_name` varchar(191) NOT NULL,
  `comment` text NOT NULL,
  `is_approved` tinyint(1) NOT NULL,
  `created_at` timestamp NULL DEFAULT NULL,
  `updated_at` timestamp NULL DEFAULT NULL
) ENGINE=InnoDB DEFAULT CHARSET=utf8mb4 COLLATE=utf8mb4_unicode_ci;

--
-- Dumping data for table `reviews`
--

INSERT INTO `reviews` (`id`, `reviewer_id`, `product_id`, `rating`, `reviewer_name`, `comment`, `is_approved`, `created_at`, `updated_at`) VALUES
(1, NULL, 4, 4, 'Jack ma', 'Nice', 1, '2025-06-13 17:34:39', '2025-06-13 17:34:39'),
(2, 1, 4, 5, 'jane', 'lovely', 1, '2025-06-16 21:24:21', '2025-06-16 21:24:21');

-- --------------------------------------------------------

--
-- Table structure for table `roles`
--

CREATE TABLE `roles` (
  `id` int(10) UNSIGNED NOT NULL,
  `permissions` text DEFAULT NULL,
  `created_at` timestamp NULL DEFAULT NULL,
  `updated_at` timestamp NULL DEFAULT NULL
) ENGINE=InnoDB DEFAULT CHARSET=utf8mb4 COLLATE=utf8mb4_unicode_ci;

--
-- Dumping data for table `roles`
--

INSERT INTO `roles` (`id`, `permissions`, `created_at`, `updated_at`) VALUES
(1, '{\"admin.users.index\":true,\"admin.users.create\":true,\"admin.users.edit\":true,\"admin.users.destroy\":true,\"admin.roles.index\":true,\"admin.roles.create\":true,\"admin.roles.edit\":true,\"admin.roles.destroy\":true,\"admin.products.index\":true,\"admin.products.create\":true,\"admin.products.edit\":true,\"admin.products.destroy\":true,\"admin.brands.index\":true,\"admin.brands.create\":true,\"admin.brands.edit\":true,\"admin.brands.destroy\":true,\"admin.attributes.index\":true,\"admin.attributes.create\":true,\"admin.attributes.edit\":true,\"admin.attributes.destroy\":true,\"admin.attribute_sets.index\":true,\"admin.attribute_sets.create\":true,\"admin.attribute_sets.edit\":true,\"admin.attribute_sets.destroy\":true,\"admin.variations.index\":true,\"admin.variations.create\":true,\"admin.variations.edit\":true,\"admin.variations.destroy\":true,\"admin.options.index\":true,\"admin.options.create\":true,\"admin.options.edit\":true,\"admin.options.destroy\":true,\"admin.filters.index\":true,\"admin.filters.create\":true,\"admin.filters.edit\":true,\"admin.filters.destroy\":true,\"admin.reviews.index\":true,\"admin.reviews.create\":true,\"admin.reviews.edit\":true,\"admin.reviews.destroy\":true,\"admin.categories.index\":true,\"admin.categories.create\":true,\"admin.categories.edit\":true,\"admin.categories.destroy\":true,\"admin.tags.index\":true,\"admin.tags.create\":true,\"admin.tags.edit\":true,\"admin.tags.destroy\":true,\"admin.orders.index\":true,\"admin.orders.show\":true,\"admin.orders.edit\":true,\"admin.flash_sales.index\":true,\"admin.flash_sales.create\":true,\"admin.flash_sales.edit\":true,\"admin.flash_sales.destroy\":true,\"admin.transactions.index\":true,\"admin.coupons.index\":true,\"admin.coupons.create\":true,\"admin.coupons.edit\":true,\"admin.coupons.destroy\":true,\"admin.menus.index\":true,\"admin.menus.create\":true,\"admin.menus.edit\":true,\"admin.menus.destroy\":true,\"admin.menu_items.index\":true,\"admin.menu_items.create\":true,\"admin.menu_items.edit\":true,\"admin.menu_items.destroy\":true,\"admin.blog_posts.index\":true,\"admin.blog_posts.create\":true,\"admin.blog_posts.edit\":true,\"admin.blog_posts.destroy\":true,\"admin.blog_categories.index\":true,\"admin.blog_categories.create\":true,\"admin.blog_categories.edit\":true,\"admin.blog_categories.destroy\":true,\"admin.blog_tags.index\":true,\"admin.blog_tags.create\":true,\"admin.blog_tags.edit\":true,\"admin.blog_tags.destroy\":true,\"admin.importer.import\":true,\"admin.media.index\":true,\"admin.media.create\":true,\"admin.media.destroy\":true,\"admin.pages.index\":true,\"admin.pages.create\":true,\"admin.pages.edit\":true,\"admin.pages.destroy\":true,\"admin.currency_rates.index\":true,\"admin.currency_rates.edit\":true,\"admin.taxes.index\":true,\"admin.taxes.create\":true,\"admin.taxes.edit\":true,\"admin.taxes.destroy\":true,\"admin.translations.index\":true,\"admin.translations.edit\":true,\"admin.sliders.index\":true,\"admin.sliders.create\":true,\"admin.sliders.edit\":true,\"admin.sliders.destroy\":true,\"admin.reports.index\":true,\"admin.settings.edit\":true,\"admin.storefront.edit\":true}', '2025-05-29 10:35:02', '2025-05-29 10:35:02'),
(2, NULL, '2025-05-29 10:35:02', '2025-05-29 10:35:02');

-- --------------------------------------------------------

--
-- Table structure for table `role_translations`
--

CREATE TABLE `role_translations` (
  `id` int(10) UNSIGNED NOT NULL,
  `role_id` int(10) UNSIGNED NOT NULL,
  `locale` varchar(191) NOT NULL,
  `name` varchar(191) NOT NULL
) ENGINE=InnoDB DEFAULT CHARSET=utf8mb4 COLLATE=utf8mb4_unicode_ci;

--
-- Dumping data for table `role_translations`
--

INSERT INTO `role_translations` (`id`, `role_id`, `locale`, `name`) VALUES
(1, 1, 'en', 'Admin'),
(2, 2, 'en', 'Customer');

-- --------------------------------------------------------

--
-- Table structure for table `search_terms`
--

CREATE TABLE `search_terms` (
  `id` int(10) UNSIGNED NOT NULL,
  `term` varchar(191) NOT NULL,
  `results` int(10) UNSIGNED NOT NULL,
  `hits` int(10) UNSIGNED NOT NULL DEFAULT 0,
  `created_at` timestamp NULL DEFAULT NULL,
  `updated_at` timestamp NULL DEFAULT NULL
) ENGINE=InnoDB DEFAULT CHARSET=utf8mb4 COLLATE=utf8mb4_unicode_ci;

--
-- Dumping data for table `search_terms`
--

INSERT INTO `search_terms` (`id`, `term`, `results`, `hits`, `created_at`, `updated_at`) VALUES
(1, '{search_term_string}', 0, 2, '2025-06-01 09:53:28', '2025-06-12 17:26:34'),
(2, 'Laptop', 0, 4, '2025-06-12 20:18:13', '2025-06-13 17:32:38');

-- --------------------------------------------------------

--
-- Table structure for table `settings`
--

CREATE TABLE `settings` (
  `id` int(10) UNSIGNED NOT NULL,
  `key` varchar(191) NOT NULL,
  `is_translatable` tinyint(1) NOT NULL DEFAULT 0,
  `plain_value` text DEFAULT NULL,
  `created_at` timestamp NULL DEFAULT NULL,
  `updated_at` timestamp NULL DEFAULT NULL
) ENGINE=InnoDB DEFAULT CHARSET=utf8mb4 COLLATE=utf8mb4_unicode_ci;

--
-- Dumping data for table `settings`
--

INSERT INTO `settings` (`id`, `key`, `is_translatable`, `plain_value`, `created_at`, `updated_at`) VALUES
(1, 'store_name', 1, 's:20:\"supported_currencies\";', '2025-05-29 10:35:02', '2025-06-14 09:36:07'),
(2, 'store_email', 0, 's:30:\"Nectaronlineshopping@gmail.com\";', '2025-05-29 10:35:02', '2025-05-29 10:35:02'),
(3, 'store_phone', 0, 's:13:\"+256745401358\";', '2025-05-29 10:35:02', '2025-05-29 10:35:02'),
(4, 'search_engine', 0, 's:5:\"mysql\";', '2025-05-29 10:35:02', '2025-05-29 10:35:02'),
(5, 'algolia_app_id', 0, 'N;', '2025-05-29 10:35:02', '2025-05-29 10:35:02'),
(6, 'algolia_secret', 0, 'N;', '2025-05-29 10:35:02', '2025-05-29 10:35:02'),
(7, 'meilisearch_host', 0, 'N;', '2025-05-29 10:35:02', '2025-05-29 10:35:02'),
(8, 'meilisearch_key', 0, 'N;', '2025-05-29 10:35:02', '2025-05-29 10:35:02'),
(9, 'supported_countries', 0, 'a:1:{i:0;s:2:\"UG\";}', '2025-05-29 10:35:02', '2025-05-29 16:46:56'),
(10, 'default_country', 0, 's:2:\"UG\";', '2025-05-29 10:35:02', '2025-05-29 16:46:56'),
(11, 'supported_locales', 0, 'a:1:{i:0;s:2:\"en\";}', '2025-05-29 10:35:02', '2025-05-29 10:35:02'),
(12, 'default_locale', 0, 's:2:\"en\";', '2025-05-29 10:35:02', '2025-05-29 10:35:02'),
(13, 'default_timezone', 0, 's:14:\"Africa/Kampala\";', '2025-05-29 10:35:02', '2025-05-29 16:46:56'),
(14, 'customer_role', 0, 's:1:\"2\";', '2025-05-29 10:35:02', '2025-05-29 16:46:56'),
(15, 'reviews_enabled', 0, 's:1:\"1\";', '2025-05-29 10:35:02', '2025-05-29 16:46:56'),
(16, 'auto_approve_reviews', 0, 's:1:\"1\";', '2025-05-29 10:35:02', '2025-05-29 16:46:56'),
(17, 'cookie_bar_enabled', 0, 's:1:\"1\";', '2025-05-29 10:35:02', '2025-05-29 16:46:56'),
(18, 'supported_currencies', 0, 'a:1:{i:0;s:3:\"UGX\";}', '2025-05-29 10:35:02', '2025-05-29 13:48:21'),
(19, 'default_currency', 0, 's:3:\"UGX\";', '2025-05-29 10:35:02', '2025-05-29 13:48:21'),
(20, 'send_order_invoice_email', 0, 'b:0;', '2025-05-29 10:35:02', '2025-05-29 10:35:02'),
(21, 'newsletter_enabled', 0, 's:1:\"0\";', '2025-05-29 10:35:02', '2025-05-29 16:46:56'),
(22, 'local_pickup_cost', 0, 's:4:\"8000\";', '2025-05-29 10:35:02', '2025-06-20 19:33:32'),
(23, 'flat_rate_cost', 0, 's:1:\"0\";', '2025-05-29 10:35:02', '2025-05-29 16:46:56'),
(24, 'pwa_direction', 1, NULL, '2025-05-29 10:35:02', '2025-05-29 10:35:02'),
(25, 'free_shipping_label', 1, NULL, '2025-05-29 10:35:02', '2025-05-29 10:35:02'),
(26, 'local_pickup_label', 1, NULL, '2025-05-29 10:35:02', '2025-05-29 10:35:02'),
(27, 'flat_rate_label', 1, NULL, '2025-05-29 10:35:02', '2025-05-29 10:35:02'),
(28, 'paypal_label', 1, NULL, '2025-05-29 10:35:02', '2025-05-29 10:35:02'),
(29, 'paypal_description', 1, NULL, '2025-05-29 10:35:02', '2025-05-29 10:35:02'),
(30, 'stripe_label', 1, NULL, '2025-05-29 10:35:02', '2025-05-29 10:35:02'),
(31, 'stripe_description', 1, NULL, '2025-05-29 10:35:02', '2025-05-29 10:35:02'),
(32, 'paytm_label', 1, NULL, '2025-05-29 10:35:02', '2025-05-29 10:35:02'),
(33, 'paytm_description', 1, NULL, '2025-05-29 10:35:02', '2025-05-29 10:35:02'),
(34, 'razorpay_label', 1, NULL, '2025-05-29 10:35:02', '2025-05-29 10:35:02'),
(35, 'razorpay_description', 1, NULL, '2025-05-29 10:35:02', '2025-05-29 10:35:02'),
(36, 'instamojo_label', 1, NULL, '2025-05-29 10:35:02', '2025-05-29 10:35:02'),
(37, 'instamojo_description', 1, NULL, '2025-05-29 10:35:02', '2025-05-29 10:35:02'),
(38, 'authorizenet_label', 1, NULL, '2025-05-29 10:35:02', '2025-05-29 10:35:02'),
(39, 'authorizenet_description', 1, NULL, '2025-05-29 10:35:02', '2025-05-29 10:35:02'),
(40, 'paystack_label', 1, NULL, '2025-05-29 10:35:02', '2025-05-29 10:35:02'),
(41, 'paystack_description', 1, NULL, '2025-05-29 10:35:02', '2025-05-29 10:35:02'),
(42, 'mercadopago_label', 1, NULL, '2025-05-29 10:35:02', '2025-05-29 10:35:02'),
(43, 'mercadopago_description', 1, NULL, '2025-05-29 10:35:02', '2025-05-29 10:35:02'),
(44, 'flutterwave_label', 1, NULL, '2025-05-29 10:35:02', '2025-05-29 10:35:02'),
(45, 'flutterwave_description', 1, NULL, '2025-05-29 10:35:02', '2025-05-29 10:35:02'),
(46, 'iyzico_label', 1, NULL, '2025-05-29 10:35:02', '2025-05-29 10:35:02'),
(47, 'iyzico_description', 1, NULL, '2025-05-29 10:35:02', '2025-05-29 10:35:02'),
(48, 'payfast_label', 1, NULL, '2025-05-29 10:35:02', '2025-05-29 10:35:02'),
(49, 'payfast_description', 1, NULL, '2025-05-29 10:35:02', '2025-05-29 10:35:02'),
(50, 'bkash_label', 1, NULL, '2025-05-29 10:35:02', '2025-05-29 10:35:02'),
(51, 'bkash_description', 1, NULL, '2025-05-29 10:35:02', '2025-05-29 10:35:02'),
(52, 'nagad_label', 1, NULL, '2025-05-29 10:35:02', '2025-05-29 10:35:02'),
(53, 'nagad_description', 1, NULL, '2025-05-29 10:35:02', '2025-05-29 10:35:02'),
(54, 'sslcommerz_label', 1, NULL, '2025-05-29 10:35:02', '2025-05-29 10:35:02'),
(55, 'sslcommerz_description', 1, NULL, '2025-05-29 10:35:02', '2025-05-29 10:35:02'),
(56, 'cod_label', 1, NULL, '2025-05-29 10:35:02', '2025-05-29 10:35:02'),
(57, 'cod_description', 1, NULL, '2025-05-29 10:35:02', '2025-05-29 10:35:02'),
(58, 'bank_transfer_label', 1, NULL, '2025-05-29 10:35:02', '2025-05-29 10:35:02'),
(59, 'bank_transfer_description', 1, NULL, '2025-05-29 10:35:02', '2025-05-29 10:35:02'),
(60, 'check_payment_label', 1, NULL, '2025-05-29 10:35:02', '2025-05-29 10:35:02'),
(61, 'check_payment_description', 1, NULL, '2025-05-29 10:35:02', '2025-05-29 10:35:02'),
(62, 'storefront_copyright_text', 1, 's:92:\"Copyright © <a href=\"{{ store_url }}\">{{ store_name }}</a> {{ year }}. All rights reserved.\";', '2025-05-29 10:35:02', '2025-05-29 14:00:42'),
(63, 'maintenance_mode', 0, 's:1:\"0\";', '2025-05-29 16:46:56', '2025-05-29 16:46:56'),
(64, 'store_tagline', 1, NULL, '2025-05-29 16:46:56', '2025-05-29 16:46:56'),
(65, 'store_description', 1, NULL, '2025-05-29 16:46:56', '2025-05-29 16:46:56'),
(66, 'bank_transfer_instructions', 1, NULL, '2025-05-29 16:46:56', '2025-05-29 16:46:56'),
(67, 'check_payment_instructions', 1, NULL, '2025-05-29 16:46:56', '2025-05-29 16:46:56'),
(68, 'store_address_1', 0, 'N;', '2025-05-29 16:46:56', '2025-05-29 16:46:56'),
(69, 'store_address_2', 0, 'N;', '2025-05-29 16:46:56', '2025-05-29 16:46:56'),
(70, 'store_city', 0, 'N;', '2025-05-29 16:46:56', '2025-05-29 16:46:56'),
(71, 'store_country', 0, 's:2:\"UG\";', '2025-05-29 16:46:56', '2025-05-29 13:47:31'),
(72, 'store_state', 0, 'N;', '2025-05-29 16:46:56', '2025-05-29 16:46:56'),
(73, 'store_zip', 0, 's:19:\"mariepix0@gmail.com\";', '2025-05-29 16:46:56', '2025-05-29 16:40:49'),
(74, 'store_phone_hide', 0, 's:1:\"0\";', '2025-05-29 16:46:56', '2025-05-29 16:46:56'),
(75, 'store_email_hide', 0, 's:1:\"0\";', '2025-05-29 16:46:56', '2025-05-29 16:46:56'),
(76, 'pwa_enabled', 0, 's:1:\"0\";', '2025-05-29 16:46:56', '2025-05-29 16:46:56'),
(77, 'pwa_theme_color', 0, 's:7:\"#000000\";', '2025-05-29 16:46:56', '2025-05-29 16:46:56'),
(78, 'pwa_background_color', 0, 's:7:\"#000000\";', '2025-05-29 16:46:56', '2025-05-29 16:46:56'),
(79, 'pwa_status_bar', 0, 's:7:\"#000000\";', '2025-05-29 16:46:56', '2025-05-29 16:46:56'),
(80, 'pwa_display', 0, 's:10:\"fullscreen\";', '2025-05-29 16:46:56', '2025-05-29 16:46:56'),
(81, 'pwa_orientation', 0, 's:3:\"any\";', '2025-05-29 16:46:56', '2025-05-29 16:46:56'),
(82, 'currency_rate_exchange_service', 0, 'N;', '2025-05-29 16:46:56', '2025-05-29 16:46:56'),
(83, 'fixer_access_key', 0, 's:17:\"Qwertyuiop123$$$1\";', '2025-05-29 16:46:56', '2025-05-29 16:33:50'),
(84, 'forge_api_key', 0, 'N;', '2025-05-29 16:46:56', '2025-05-29 16:46:56'),
(85, 'currency_data_feed_api_key', 0, 'N;', '2025-05-29 16:46:56', '2025-05-29 16:46:56'),
(86, 'auto_refresh_currency_rates', 0, 's:1:\"0\";', '2025-05-29 16:46:56', '2025-05-29 16:46:56'),
(87, 'auto_refresh_currency_rate_frequency', 0, 's:5:\"daily\";', '2025-05-29 16:46:56', '2025-05-29 16:46:56'),
(88, 'sms_from', 0, 'N;', '2025-05-29 16:46:56', '2025-05-29 16:46:56'),
(89, 'sms_service', 0, 'N;', '2025-05-29 16:46:56', '2025-05-29 16:46:56'),
(90, 'vonage_key', 0, 'N;', '2025-05-29 16:46:56', '2025-05-29 16:46:56'),
(91, 'vonage_secret', 0, 'N;', '2025-05-29 16:46:56', '2025-05-29 16:46:56'),
(92, 'twilio_sid', 0, 'N;', '2025-05-29 16:46:56', '2025-05-29 16:46:56'),
(93, 'twilio_token', 0, 'N;', '2025-05-29 16:46:56', '2025-05-29 16:46:56'),
(94, 'welcome_sms', 0, 's:1:\"0\";', '2025-05-29 16:46:56', '2025-05-29 16:46:56'),
(95, 'new_order_admin_sms', 0, 's:1:\"0\";', '2025-05-29 16:46:56', '2025-05-29 16:46:56'),
(96, 'new_order_sms', 0, 's:1:\"0\";', '2025-05-29 16:46:56', '2025-05-29 16:46:56'),
(97, 'mail_from_address', 0, 's:24:\"mail@start-ordering.shop\";', '2025-05-29 16:46:56', '2025-06-21 11:24:33'),
(98, 'mail_from_name', 0, 's:15:\"Nector Shopping\";', '2025-05-29 16:46:56', '2025-06-21 11:24:33'),
(99, 'mail_host', 0, 's:18:\"smtp.hostinger.com\";', '2025-05-29 16:46:56', '2025-06-21 11:24:33'),
(100, 'mail_port', 0, 's:3:\"465\";', '2025-05-29 16:46:56', '2025-06-21 11:24:33'),
(101, 'mail_username', 0, 's:24:\"mail@start-ordering.shop\";', '2025-05-29 16:46:56', '2025-06-21 11:24:33'),
(102, 'mail_password', 0, 's:11:\"6o:|[qUE>1V\";', '2025-05-29 16:46:56', '2025-06-21 11:24:33'),
(103, 'mail_encryption', 0, 's:3:\"ssl\";', '2025-05-29 16:46:56', '2025-06-21 11:24:33'),
(104, 'welcome_email', 0, 's:1:\"1\";', '2025-05-29 16:46:56', '2025-06-21 11:21:54'),
(105, 'admin_order_email', 0, 's:1:\"1\";', '2025-05-29 16:46:56', '2025-06-21 11:21:54'),
(106, 'invoice_email', 0, 's:1:\"1\";', '2025-05-29 16:46:56', '2025-06-21 11:21:54'),
(107, 'mailchimp_api_key', 0, 'N;', '2025-05-29 16:46:56', '2025-05-29 16:46:56'),
(108, 'mailchimp_list_id', 0, 'N;', '2025-05-29 16:46:56', '2025-05-29 16:46:56'),
(109, 'google_recaptcha_enabled', 0, 's:1:\"1\";', '2025-05-29 16:46:56', '2025-06-21 11:27:07'),
(110, 'google_recaptcha_site_key', 0, 's:40:\"6LfxgmgrAAAAADONI53v2-j3TJYNCj_M6NP0jfCu\";', '2025-05-29 16:46:56', '2025-06-21 11:27:07'),
(111, 'google_recaptcha_secret_key', 0, 's:40:\"6LfxgmgrAAAAAOnQI4uZx0T2Iq36lhq8lQjWjBYA\";', '2025-05-29 16:46:56', '2025-06-21 11:27:07'),
(112, 'custom_header_assets', 0, 'N;', '2025-05-29 16:46:56', '2025-05-29 16:46:56'),
(113, 'custom_footer_assets', 0, 'N;', '2025-05-29 16:46:56', '2025-05-29 16:46:56'),
(114, 'facebook_login_enabled', 0, 's:1:\"0\";', '2025-05-29 16:46:56', '2025-05-29 16:46:56'),
(115, 'facebook_login_app_id', 0, 'N;', '2025-05-29 16:46:56', '2025-05-29 16:46:56'),
(116, 'facebook_login_app_secret', 0, 'N;', '2025-05-29 16:46:56', '2025-05-29 16:46:56'),
(117, 'google_login_enabled', 0, 's:1:\"0\";', '2025-05-29 16:46:56', '2025-05-29 16:46:56'),
(118, 'google_login_client_id', 0, 'N;', '2025-05-29 16:46:56', '2025-05-29 16:46:56'),
(119, 'google_login_client_secret', 0, 'N;', '2025-05-29 16:46:56', '2025-05-29 16:46:56'),
(120, 'free_shipping_enabled', 0, 's:1:\"0\";', '2025-05-29 16:46:56', '2025-05-29 16:46:56'),
(121, 'free_shipping_min_amount', 0, 's:5:\"10000\";', '2025-05-29 16:46:56', '2025-06-20 19:33:44'),
(122, 'local_pickup_enabled', 0, 's:1:\"1\";', '2025-05-29 16:46:56', '2025-06-13 13:29:33'),
(123, 'flat_rate_enabled', 0, 's:1:\"0\";', '2025-05-29 16:46:56', '2025-05-29 16:46:56'),
(124, 'paypal_enabled', 0, 's:1:\"0\";', '2025-05-29 16:46:56', '2025-05-29 16:46:56'),
(125, 'paypal_test_mode', 0, 's:1:\"0\";', '2025-05-29 16:46:56', '2025-05-29 16:46:56'),
(126, 'paypal_client_id', 0, 'N;', '2025-05-29 16:46:56', '2025-05-29 16:46:56'),
(127, 'paypal_secret', 0, 'N;', '2025-05-29 16:46:56', '2025-05-29 16:46:56'),
(128, 'stripe_enabled', 0, 's:1:\"0\";', '2025-05-29 16:46:56', '2025-05-29 16:46:56'),
(129, 'stripe_publishable_key', 0, 'N;', '2025-05-29 16:46:56', '2025-05-29 16:46:56'),
(130, 'stripe_secret_key', 0, 'N;', '2025-05-29 16:46:56', '2025-05-29 16:46:56'),
(131, 'stripe_integration_type', 0, 's:13:\"embedded_form\";', '2025-05-29 16:46:56', '2025-05-29 16:46:56'),
(132, 'paytm_enabled', 0, 's:1:\"0\";', '2025-05-29 16:46:56', '2025-05-29 16:46:56'),
(133, 'paytm_test_mode', 0, 's:1:\"0\";', '2025-05-29 16:46:56', '2025-05-29 16:46:56'),
(134, 'paytm_merchant_id', 0, 'N;', '2025-05-29 16:46:56', '2025-05-29 16:46:56'),
(135, 'paytm_merchant_key', 0, 'N;', '2025-05-29 16:46:56', '2025-05-29 16:46:56'),
(136, 'razorpay_enabled', 0, 's:1:\"0\";', '2025-05-29 16:46:56', '2025-05-29 16:46:56'),
(137, 'razorpay_key_id', 0, 'N;', '2025-05-29 16:46:56', '2025-05-29 16:46:56'),
(138, 'razorpay_key_secret', 0, 'N;', '2025-05-29 16:46:56', '2025-05-29 16:46:56'),
(139, 'instamojo_enabled', 0, 's:1:\"0\";', '2025-05-29 16:46:56', '2025-05-29 16:46:56'),
(140, 'instamojo_test_mode', 0, 's:1:\"0\";', '2025-05-29 16:46:56', '2025-05-29 16:46:56'),
(141, 'instamojo_api_key', 0, 'N;', '2025-05-29 16:46:56', '2025-05-29 16:46:56'),
(142, 'instamojo_auth_token', 0, 'N;', '2025-05-29 16:46:56', '2025-05-29 16:46:56'),
(143, 'paystack_enabled', 0, 's:1:\"0\";', '2025-05-29 16:46:56', '2025-05-29 16:46:56'),
(144, 'paystack_test_mode', 0, 's:1:\"0\";', '2025-05-29 16:46:56', '2025-05-29 16:46:56'),
(145, 'paystack_public_key', 0, 'N;', '2025-05-29 16:46:56', '2025-05-29 16:46:56'),
(146, 'paystack_secret_key', 0, 'N;', '2025-05-29 16:46:56', '2025-05-29 16:46:56'),
(147, 'authorizenet_enabled', 0, 's:1:\"0\";', '2025-05-29 16:46:56', '2025-05-29 16:46:56'),
(148, 'authorizenet_test_mode', 0, 's:1:\"0\";', '2025-05-29 16:46:56', '2025-05-29 16:46:56'),
(149, 'authorizenet_merchant_login_id', 0, 'N;', '2025-05-29 16:46:56', '2025-05-29 16:46:56'),
(150, 'authorizenet_merchant_transaction_key', 0, 'N;', '2025-05-29 16:46:56', '2025-05-29 16:46:56'),
(151, 'mercadopago_enabled', 0, 's:1:\"0\";', '2025-05-29 16:46:56', '2025-05-29 16:46:56'),
(152, 'mercadopago_test_mode', 0, 's:1:\"0\";', '2025-05-29 16:46:56', '2025-05-29 16:46:56'),
(153, 'mercadopago_supported_currency', 0, 's:3:\"UYU\";', '2025-05-29 16:46:56', '2025-05-29 16:46:56'),
(154, 'mercadopago_public_key', 0, 'N;', '2025-05-29 16:46:56', '2025-05-29 16:46:56'),
(155, 'mercadopago_access_token', 0, 'N;', '2025-05-29 16:46:56', '2025-05-29 16:46:56'),
(156, 'flutterwave_enabled', 0, 's:1:\"1\";', '2025-05-29 16:46:56', '2025-06-14 10:34:11'),
(157, 'flutterwave_test_mode', 0, 's:1:\"0\";', '2025-05-29 16:46:56', '2025-05-29 16:46:56'),
(158, 'flutterwave_public_key', 0, 's:42:\"FLWPUBK-57cbb0c4a7156d534b46688c9b6b096a-X\";', '2025-05-29 16:46:56', '2025-06-14 15:15:40'),
(159, 'flutterwave_secret_key', 0, 's:56:\"FLWSECK-f854c6ab8ee4c99b09c8f74dfc30144f-1976d5bc924vt-X\";', '2025-05-29 16:46:56', '2025-06-14 10:34:11'),
(160, 'flutterwave_encryption_key', 0, 's:24:\"f854c6ab8ee4a336687bf671\";', '2025-05-29 16:46:56', '2025-06-14 10:34:11'),
(161, 'iyzico_enabled', 0, 's:1:\"0\";', '2025-05-29 16:46:56', '2025-05-29 16:46:56'),
(162, 'iyzico_test_mode', 0, 's:1:\"0\";', '2025-05-29 16:46:56', '2025-05-29 16:46:56'),
(163, 'iyzico_api_key', 0, 'N;', '2025-05-29 16:46:56', '2025-05-29 16:46:56'),
(164, 'iyzico_api_secret', 0, 'N;', '2025-05-29 16:46:56', '2025-05-29 16:46:56'),
(165, 'payfast_enabled', 0, 's:1:\"0\";', '2025-05-29 16:46:56', '2025-05-29 16:46:56'),
(166, 'payfast_test_mode', 0, 's:1:\"0\";', '2025-05-29 16:46:56', '2025-05-29 16:46:56'),
(167, 'payfast_merchant_id', 0, 'N;', '2025-05-29 16:46:56', '2025-05-29 16:46:56'),
(168, 'payfast_merchant_key', 0, 'N;', '2025-05-29 16:46:56', '2025-05-29 16:46:56'),
(169, 'payfast_passphrase', 0, 'N;', '2025-05-29 16:46:56', '2025-05-29 16:46:56'),
(170, 'bkash_enabled', 0, 's:1:\"0\";', '2025-05-29 16:46:56', '2025-05-29 16:46:56'),
(171, 'bkash_test_mode', 0, 's:1:\"0\";', '2025-05-29 16:46:56', '2025-05-29 16:46:56'),
(172, 'bkash_app_key', 0, 'N;', '2025-05-29 16:46:56', '2025-05-29 16:46:56'),
(173, 'bkash_app_secret', 0, 'N;', '2025-05-29 16:46:56', '2025-05-29 16:46:56'),
(174, 'bkash_username', 0, 'N;', '2025-05-29 16:46:56', '2025-05-29 16:46:56'),
(175, 'bkash_password', 0, 'N;', '2025-05-29 16:46:56', '2025-05-29 16:46:56'),
(176, 'nagad_enabled', 0, 's:1:\"0\";', '2025-05-29 16:46:56', '2025-05-29 16:46:56'),
(177, 'nagad_test_mode', 0, 's:1:\"0\";', '2025-05-29 16:46:56', '2025-05-29 16:46:56'),
(178, 'nagad_merchant_id', 0, 'N;', '2025-05-29 16:46:56', '2025-05-29 16:46:56'),
(179, 'nagad_merchant_number', 0, 'N;', '2025-05-29 16:46:56', '2025-05-29 16:46:56'),
(180, 'nagad_public_key', 0, 'N;', '2025-05-29 16:46:56', '2025-05-29 16:46:56'),
(181, 'nagad_private_key', 0, 'N;', '2025-05-29 16:46:56', '2025-05-29 16:46:56'),
(182, 'sslcommerz_enabled', 0, 's:1:\"0\";', '2025-05-29 16:46:56', '2025-05-29 16:46:56'),
(183, 'sslcommerz_test_mode', 0, 's:1:\"0\";', '2025-05-29 16:46:56', '2025-05-29 16:46:56'),
(184, 'sslcommerz_store_id', 0, 'N;', '2025-05-29 16:46:56', '2025-05-29 16:46:56'),
(185, 'sslcommerz_store_password', 0, 'N;', '2025-05-29 16:46:56', '2025-05-29 16:46:56'),
(186, 'sslcommerz_is_localhost', 0, 's:1:\"0\";', '2025-05-29 16:46:56', '2025-05-29 16:46:56'),
(187, 'cod_enabled', 0, 's:1:\"0\";', '2025-05-29 16:46:56', '2025-06-14 10:35:36'),
(188, 'bank_transfer_enabled', 0, 's:1:\"0\";', '2025-05-29 16:46:56', '2025-05-29 16:46:56'),
(189, 'check_payment_enabled', 0, 's:1:\"1\";', '2025-05-29 16:46:56', '2025-06-19 11:46:39'),
(190, 'sms_order_statuses', 0, 'N;', '2025-05-29 16:46:56', '2025-05-29 16:46:56'),
(191, 'email_order_statuses', 0, 'a:7:{i:0;s:8:\"canceled\";i:1;s:9:\"completed\";i:2;s:7:\"on_hold\";i:3;s:7:\"pending\";i:4;s:15:\"pending_payment\";i:5;s:10:\"processing\";i:6;s:8:\"refunded\";}', '2025-05-29 16:46:56', '2025-06-21 11:21:54'),
(192, 'tab', 0, 's:16:\"google_recaptcha\";', '2025-05-29 16:46:56', '2025-06-21 11:27:07'),
(193, 'storefront_welcome_text', 1, NULL, '2025-05-29 14:00:42', '2025-05-29 14:00:42'),
(194, 'storefront_address', 1, NULL, '2025-05-29 14:00:42', '2025-05-29 14:00:42'),
(195, 'storefront_footer_menu_one_title', 1, NULL, '2025-05-29 14:00:42', '2025-05-29 14:00:42'),
(196, 'storefront_footer_menu_two_title', 1, NULL, '2025-05-29 14:00:42', '2025-05-29 14:00:42'),
(197, 'storefront_feature_1_title', 1, NULL, '2025-05-29 14:00:42', '2025-05-29 14:00:42'),
(198, 'storefront_feature_1_subtitle', 1, NULL, '2025-05-29 14:00:42', '2025-05-29 14:00:42'),
(199, 'storefront_feature_2_title', 1, NULL, '2025-05-29 14:00:42', '2025-05-29 14:00:42'),
(200, 'storefront_feature_2_subtitle', 1, NULL, '2025-05-29 14:00:42', '2025-05-29 14:00:42'),
(201, 'storefront_feature_3_title', 1, NULL, '2025-05-29 14:00:42', '2025-05-29 14:00:42'),
(202, 'storefront_feature_3_subtitle', 1, NULL, '2025-05-29 14:00:42', '2025-05-29 14:00:42'),
(203, 'storefront_feature_4_title', 1, NULL, '2025-05-29 14:00:42', '2025-05-29 14:00:42'),
(204, 'storefront_feature_4_subtitle', 1, NULL, '2025-05-29 14:00:42', '2025-05-29 14:00:42'),
(205, 'storefront_feature_5_title', 1, NULL, '2025-05-29 14:00:42', '2025-05-29 14:00:42'),
(206, 'storefront_feature_5_subtitle', 1, NULL, '2025-05-29 14:00:42', '2025-05-29 14:00:42'),
(207, 'storefront_product_page_banner_file_id', 1, NULL, '2025-05-29 14:00:42', '2025-05-29 14:00:42'),
(208, 'storefront_slider_banner_1_file_id', 1, NULL, '2025-05-29 14:00:42', '2025-05-29 14:00:42'),
(209, 'storefront_slider_banner_2_file_id', 1, NULL, '2025-05-29 14:00:42', '2025-05-29 14:00:42'),
(210, 'storefront_three_column_full_width_banners_1_file_id', 1, NULL, '2025-05-29 14:00:42', '2025-05-29 14:00:42'),
(211, 'storefront_three_column_full_width_banners_2_file_id', 1, NULL, '2025-05-29 14:00:42', '2025-05-29 14:00:42'),
(212, 'storefront_three_column_full_width_banners_3_file_id', 1, NULL, '2025-05-29 14:00:42', '2025-05-29 14:00:42'),
(213, 'storefront_featured_categories_section_title', 1, NULL, '2025-05-29 14:00:42', '2025-05-29 14:00:42'),
(214, 'storefront_featured_categories_section_subtitle', 1, NULL, '2025-05-29 14:00:42', '2025-05-29 14:00:42'),
(215, 'storefront_product_tabs_1_section_tab_1_title', 1, NULL, '2025-05-29 14:00:42', '2025-05-29 14:00:42'),
(216, 'storefront_product_tabs_1_section_tab_2_title', 1, NULL, '2025-05-29 14:00:42', '2025-05-29 14:00:42'),
(217, 'storefront_product_tabs_1_section_tab_3_title', 1, NULL, '2025-05-29 14:00:42', '2025-05-29 14:00:42'),
(218, 'storefront_product_tabs_1_section_tab_4_title', 1, NULL, '2025-05-29 14:00:42', '2025-05-29 14:00:42'),
(219, 'storefront_two_column_banners_1_file_id', 1, NULL, '2025-05-29 14:00:42', '2025-05-29 14:00:42'),
(220, 'storefront_two_column_banners_2_file_id', 1, NULL, '2025-05-29 14:00:42', '2025-05-29 14:00:42'),
(221, 'storefront_product_grid_section_tab_1_title', 1, NULL, '2025-05-29 14:00:42', '2025-05-29 14:00:42'),
(222, 'storefront_product_grid_section_tab_2_title', 1, NULL, '2025-05-29 14:00:42', '2025-05-29 14:00:42'),
(223, 'storefront_product_grid_section_tab_3_title', 1, NULL, '2025-05-29 14:00:42', '2025-05-29 14:00:42'),
(224, 'storefront_product_grid_section_tab_4_title', 1, NULL, '2025-05-29 14:00:42', '2025-05-29 14:00:42'),
(225, 'storefront_three_column_banners_1_file_id', 1, NULL, '2025-05-29 14:00:42', '2025-05-29 14:00:42'),
(226, 'storefront_three_column_banners_2_file_id', 1, NULL, '2025-05-29 14:00:42', '2025-05-29 14:00:42'),
(227, 'storefront_three_column_banners_3_file_id', 1, NULL, '2025-05-29 14:00:42', '2025-05-29 14:00:42'),
(228, 'storefront_product_tabs_2_section_title', 1, NULL, '2025-05-29 14:00:42', '2025-05-29 14:00:42'),
(229, 'storefront_product_tabs_2_section_tab_1_title', 1, NULL, '2025-05-29 14:00:43', '2025-05-29 14:00:43'),
(230, 'storefront_product_tabs_2_section_tab_2_title', 1, NULL, '2025-05-29 14:00:43', '2025-05-29 14:00:43'),
(231, 'storefront_product_tabs_2_section_tab_3_title', 1, NULL, '2025-05-29 14:00:43', '2025-05-29 14:00:43'),
(232, 'storefront_product_tabs_2_section_tab_4_title', 1, NULL, '2025-05-29 14:00:43', '2025-05-29 14:00:43'),
(233, 'storefront_one_column_banner_file_id', 1, NULL, '2025-05-29 14:00:43', '2025-05-29 14:00:43'),
(234, 'storefront_blogs_section_title', 1, NULL, '2025-05-29 14:00:43', '2025-05-29 14:00:43'),
(235, 'storefront_display_font', 0, 's:7:\"Raleway\";', '2025-05-29 14:00:43', '2025-06-12 19:39:53'),
(236, 'storefront_theme_color', 0, 's:10:\"bondi-blue\";', '2025-05-29 14:00:43', '2025-06-17 01:05:19'),
(237, 'storefront_custom_theme_color', 0, 's:7:\"#000000\";', '2025-05-29 14:00:43', '2025-05-29 14:00:43'),
(238, 'storefront_mail_theme_color', 0, 's:5:\"green\";', '2025-05-29 14:00:43', '2025-06-17 01:05:19'),
(239, 'storefront_custom_mail_theme_color', 0, 's:7:\"#000000\";', '2025-05-29 14:00:43', '2025-05-29 14:00:43'),
(240, 'storefront_slider', 0, 's:1:\"1\";', '2025-05-29 14:00:43', '2025-06-12 17:26:10'),
(241, 'storefront_terms_page', 0, 'N;', '2025-05-29 14:00:43', '2025-05-29 14:00:43'),
(242, 'storefront_privacy_page', 0, 'N;', '2025-05-29 14:00:43', '2025-05-29 14:00:43'),
(243, 'storefront_most_searched_keywords_enabled', 0, 's:1:\"0\";', '2025-05-29 14:00:43', '2025-06-12 17:26:44'),
(244, 'storefront_primary_menu', 0, 's:1:\"1\";', '2025-05-29 14:00:43', '2025-06-12 17:41:18'),
(245, 'storefront_category_menu', 0, 's:1:\"2\";', '2025-05-29 14:00:43', '2025-06-12 17:41:18'),
(246, 'storefront_footer_menu_one', 0, 's:1:\"1\";', '2025-05-29 14:00:43', '2025-06-12 17:41:18'),
(247, 'storefront_footer_menu_two', 0, 's:1:\"2\";', '2025-05-29 14:00:43', '2025-06-12 17:41:18'),
(248, 'storefront_features_section_enabled', 0, 's:1:\"1\";', '2025-05-29 14:00:43', '2025-06-12 19:06:15'),
(249, 'storefront_feature_1_icon', 0, 's:17:\"las la-headphones\";', '2025-05-29 14:00:43', '2025-06-12 19:31:57'),
(250, 'storefront_feature_2_icon', 0, 's:18:\"las la-credit-card\";', '2025-05-29 14:00:43', '2025-06-12 19:06:15'),
(251, 'storefront_feature_3_icon', 0, 's:12:\"las la-globe\";', '2025-05-29 14:00:43', '2025-06-12 19:06:15'),
(252, 'storefront_feature_4_icon', 0, 's:21:\"las la-calendar-minus\";', '2025-05-29 14:00:43', '2025-06-12 19:30:43'),
(253, 'storefront_feature_5_icon', 0, 's:19:\"las la-check-circle\";', '2025-05-29 14:00:43', '2025-06-12 19:37:48'),
(254, 'storefront_product_page_banner_call_to_action_url', 0, 's:36:\"https://start-ordering.shop/products\";', '2025-05-29 14:00:43', '2025-06-12 17:44:46'),
(255, 'storefront_product_page_banner_open_in_new_window', 0, 's:1:\"0\";', '2025-05-29 14:00:43', '2025-05-29 14:00:43'),
(256, 'storefront_facebook_link', 0, 'N;', '2025-05-29 14:00:43', '2025-05-29 14:00:43'),
(257, 'storefront_twitter_link', 0, 'N;', '2025-05-29 14:00:43', '2025-05-29 14:00:43'),
(258, 'storefront_instagram_link', 0, 'N;', '2025-05-29 14:00:43', '2025-05-29 14:00:43'),
(259, 'storefront_youtube_link', 0, 'N;', '2025-05-29 14:00:43', '2025-05-29 14:00:43'),
(260, 'storefront_slider_banner_1_call_to_action_url', 0, 'N;', '2025-05-29 14:00:43', '2025-05-29 14:00:43'),
(261, 'storefront_slider_banner_1_open_in_new_window', 0, 's:1:\"0\";', '2025-05-29 14:00:43', '2025-05-29 14:00:43'),
(262, 'storefront_slider_banner_2_call_to_action_url', 0, 'N;', '2025-05-29 14:00:43', '2025-05-29 14:00:43'),
(263, 'storefront_slider_banner_2_open_in_new_window', 0, 's:1:\"0\";', '2025-05-29 14:00:43', '2025-05-29 14:00:43'),
(264, 'storefront_three_column_full_width_banners_enabled', 0, 's:1:\"1\";', '2025-05-29 14:00:43', '2025-05-29 14:01:51'),
(265, 'storefront_three_column_full_width_banners_1_call_to_action_url', 0, 'N;', '2025-05-29 14:00:43', '2025-05-29 14:00:43'),
(266, 'storefront_three_column_full_width_banners_1_open_in_new_window', 0, 's:1:\"0\";', '2025-05-29 14:00:43', '2025-05-29 14:00:43'),
(267, 'storefront_three_column_full_width_banners_2_call_to_action_url', 0, 'N;', '2025-05-29 14:00:43', '2025-05-29 14:00:43'),
(268, 'storefront_three_column_full_width_banners_2_open_in_new_window', 0, 's:1:\"0\";', '2025-05-29 14:00:43', '2025-05-29 14:00:43'),
(269, 'storefront_three_column_full_width_banners_3_call_to_action_url', 0, 'N;', '2025-05-29 14:00:43', '2025-05-29 14:00:43'),
(270, 'storefront_three_column_full_width_banners_3_open_in_new_window', 0, 's:1:\"0\";', '2025-05-29 14:00:43', '2025-05-29 14:00:43'),
(271, 'storefront_featured_categories_section_enabled', 0, 's:1:\"1\";', '2025-05-29 14:00:43', '2025-05-29 14:10:04'),
(272, 'storefront_featured_categories_section_category_1_category_id', 0, 's:1:\"9\";', '2025-05-29 14:00:43', '2025-06-12 17:51:02'),
(273, 'storefront_featured_categories_section_category_1_product_type', 0, 's:17:\"category_products\";', '2025-05-29 14:00:43', '2025-05-29 14:10:04'),
(274, 'storefront_featured_categories_section_category_1_products_limit', 0, 's:2:\"10\";', '2025-05-29 14:00:43', '2025-06-12 17:51:51'),
(275, 'storefront_featured_categories_section_category_2_category_id', 0, 's:2:\"19\";', '2025-05-29 14:00:43', '2025-06-12 17:51:02'),
(276, 'storefront_featured_categories_section_category_2_product_type', 0, 's:17:\"category_products\";', '2025-05-29 14:00:43', '2025-05-29 14:10:04'),
(277, 'storefront_featured_categories_section_category_2_products_limit', 0, 's:2:\"10\";', '2025-05-29 14:00:43', '2025-06-12 17:51:51'),
(278, 'storefront_featured_categories_section_category_3_category_id', 0, 's:2:\"16\";', '2025-05-29 14:00:43', '2025-06-12 17:51:02'),
(279, 'storefront_featured_categories_section_category_3_product_type', 0, 's:17:\"category_products\";', '2025-05-29 14:00:43', '2025-05-29 14:10:04'),
(280, 'storefront_featured_categories_section_category_3_products_limit', 0, 's:2:\"10\";', '2025-05-29 14:00:43', '2025-06-12 17:51:51'),
(281, 'storefront_featured_categories_section_category_4_category_id', 0, 's:2:\"15\";', '2025-05-29 14:00:43', '2025-06-12 17:51:02'),
(282, 'storefront_featured_categories_section_category_4_product_type', 0, 's:17:\"category_products\";', '2025-05-29 14:00:43', '2025-05-29 14:10:04'),
(283, 'storefront_featured_categories_section_category_4_products_limit', 0, 's:2:\"10\";', '2025-05-29 14:00:43', '2025-06-12 17:51:51'),
(284, 'storefront_featured_categories_section_category_5_category_id', 0, 's:2:\"14\";', '2025-05-29 14:00:43', '2025-06-12 17:51:02'),
(285, 'storefront_featured_categories_section_category_5_product_type', 0, 's:17:\"category_products\";', '2025-05-29 14:00:43', '2025-05-29 14:10:04'),
(286, 'storefront_featured_categories_section_category_5_products_limit', 0, 's:2:\"10\";', '2025-05-29 14:00:43', '2025-06-12 17:51:51'),
(287, 'storefront_featured_categories_section_category_6_category_id', 0, 's:2:\"17\";', '2025-05-29 14:00:43', '2025-06-12 17:51:51'),
(288, 'storefront_featured_categories_section_category_6_product_type', 0, 's:17:\"category_products\";', '2025-05-29 14:00:43', '2025-05-29 14:10:04'),
(289, 'storefront_featured_categories_section_category_6_products_limit', 0, 's:2:\"10\";', '2025-05-29 14:00:43', '2025-06-12 17:51:51'),
(290, 'storefront_product_tabs_1_section_enabled', 0, 's:1:\"1\";', '2025-05-29 14:00:43', '2025-05-29 14:12:01'),
(291, 'storefront_product_tabs_1_section_tab_1_product_type', 0, 's:15:\"latest_products\";', '2025-05-29 14:00:43', '2025-06-12 18:41:24'),
(292, 'storefront_product_tabs_1_section_tab_1_category_id', 0, 's:2:\"19\";', '2025-05-29 14:00:43', '2025-06-12 18:39:31'),
(293, 'storefront_product_tabs_1_section_tab_1_products_limit', 0, 's:2:\"12\";', '2025-05-29 14:00:43', '2025-06-12 18:41:24'),
(294, 'storefront_product_tabs_1_section_tab_2_product_type', 0, 's:17:\"category_products\";', '2025-05-29 14:00:43', '2025-06-12 18:41:24'),
(295, 'storefront_product_tabs_1_section_tab_2_category_id', 0, 's:2:\"19\";', '2025-05-29 14:00:43', '2025-06-12 18:41:24'),
(296, 'storefront_product_tabs_1_section_tab_2_products_limit', 0, 's:2:\"12\";', '2025-05-29 14:00:43', '2025-06-12 18:41:24'),
(297, 'storefront_product_tabs_1_section_tab_3_product_type', 0, 's:24:\"recently_viewed_products\";', '2025-05-29 14:00:43', '2025-06-12 18:39:31'),
(298, 'storefront_product_tabs_1_section_tab_3_category_id', 0, 'N;', '2025-05-29 14:00:43', '2025-06-12 17:26:10'),
(299, 'storefront_product_tabs_1_section_tab_3_products_limit', 0, 's:2:\"12\";', '2025-05-29 14:00:43', '2025-06-12 18:41:24'),
(300, 'storefront_product_tabs_1_section_tab_4_product_type', 0, 's:17:\"category_products\";', '2025-05-29 14:00:43', '2025-05-29 14:12:01'),
(301, 'storefront_product_tabs_1_section_tab_4_category_id', 0, 's:2:\"16\";', '2025-05-29 14:00:43', '2025-06-12 18:39:31'),
(302, 'storefront_product_tabs_1_section_tab_4_products_limit', 0, 's:2:\"12\";', '2025-05-29 14:00:43', '2025-06-12 18:41:24'),
(303, 'storefront_top_brands_section_enabled', 0, 's:1:\"1\";', '2025-05-29 14:00:43', '2025-05-29 14:13:10'),
(304, 'storefront_flash_sale_and_vertical_products_section_enabled', 0, 's:1:\"1\";', '2025-05-29 14:00:43', '2025-05-29 14:13:54'),
(305, 'storefront_flash_sale_title', 0, 's:19:\"Hot and Short lived\";', '2025-05-29 14:00:43', '2025-06-12 18:49:43'),
(306, 'storefront_active_flash_sale_campaign', 0, 's:1:\"1\";', '2025-05-29 14:00:43', '2025-06-12 18:49:43'),
(307, 'storefront_vertical_products_1_title', 0, 's:6:\"Latest\";', '2025-05-29 14:00:43', '2025-06-12 18:49:43'),
(308, 'storefront_vertical_products_1_product_type', 0, 's:15:\"latest_products\";', '2025-05-29 14:00:43', '2025-06-12 18:49:43'),
(309, 'storefront_vertical_products_1_category_id', 0, 'N;', '2025-05-29 14:00:43', '2025-06-12 17:26:10'),
(310, 'storefront_vertical_products_1_products_limit', 0, 's:1:\"2\";', '2025-05-29 14:00:43', '2025-06-12 18:49:43'),
(311, 'storefront_vertical_products_2_title', 0, 's:7:\"Iphones\";', '2025-05-29 14:00:43', '2025-06-12 18:49:43'),
(312, 'storefront_vertical_products_2_product_type', 0, 's:17:\"category_products\";', '2025-05-29 14:00:43', '2025-05-29 14:13:54'),
(313, 'storefront_vertical_products_2_category_id', 0, 's:2:\"20\";', '2025-05-29 14:00:43', '2025-06-12 18:49:43'),
(314, 'storefront_vertical_products_2_products_limit', 0, 's:1:\"2\";', '2025-05-29 14:00:43', '2025-06-12 18:49:43'),
(315, 'storefront_vertical_products_3_title', 0, 's:15:\"Home Appliances\";', '2025-05-29 14:00:43', '2025-06-12 18:49:43'),
(316, 'storefront_vertical_products_3_product_type', 0, 's:17:\"category_products\";', '2025-05-29 14:00:43', '2025-05-29 14:13:54'),
(317, 'storefront_vertical_products_3_category_id', 0, 's:2:\"13\";', '2025-05-29 14:00:43', '2025-06-12 18:49:43'),
(318, 'storefront_vertical_products_3_products_limit', 0, 's:1:\"2\";', '2025-05-29 14:00:43', '2025-06-12 18:49:43'),
(319, 'storefront_two_column_banners_enabled', 0, 's:1:\"1\";', '2025-05-29 14:00:43', '2025-06-12 18:53:42'),
(320, 'storefront_two_column_banners_1_call_to_action_url', 0, 's:1:\"#\";', '2025-05-29 14:00:43', '2025-06-12 18:53:42'),
(321, 'storefront_two_column_banners_1_open_in_new_window', 0, 's:1:\"0\";', '2025-05-29 14:00:43', '2025-05-29 14:00:43'),
(322, 'storefront_two_column_banners_2_call_to_action_url', 0, 's:1:\"#\";', '2025-05-29 14:00:43', '2025-06-12 18:53:42'),
(323, 'storefront_two_column_banners_2_open_in_new_window', 0, 's:1:\"0\";', '2025-05-29 14:00:43', '2025-05-29 14:00:43'),
(324, 'storefront_product_grid_section_enabled', 0, 's:1:\"1\";', '2025-05-29 14:00:43', '2025-06-12 18:55:25'),
(325, 'storefront_product_grid_section_tab_1_product_type', 0, 's:15:\"latest_products\";', '2025-05-29 14:00:43', '2025-06-12 18:56:24'),
(326, 'storefront_product_grid_section_tab_1_category_id', 0, 's:1:\"9\";', '2025-05-29 14:00:43', '2025-06-12 18:55:25'),
(327, 'storefront_product_grid_section_tab_1_products_limit', 0, 's:2:\"20\";', '2025-05-29 14:00:43', '2025-06-12 18:56:24'),
(328, 'storefront_product_grid_section_tab_2_product_type', 0, 's:17:\"category_products\";', '2025-05-29 14:00:43', '2025-06-12 18:55:25'),
(329, 'storefront_product_grid_section_tab_2_category_id', 0, 's:2:\"19\";', '2025-05-29 14:00:43', '2025-06-12 18:55:25'),
(330, 'storefront_product_grid_section_tab_2_products_limit', 0, 's:2:\"20\";', '2025-05-29 14:00:43', '2025-06-12 18:56:24'),
(331, 'storefront_product_grid_section_tab_3_product_type', 0, 's:17:\"category_products\";', '2025-05-29 14:00:43', '2025-06-12 18:55:25'),
(332, 'storefront_product_grid_section_tab_3_category_id', 0, 's:2:\"16\";', '2025-05-29 14:00:43', '2025-06-12 18:55:25'),
(333, 'storefront_product_grid_section_tab_3_products_limit', 0, 's:2:\"20\";', '2025-05-29 14:00:43', '2025-06-12 18:56:24'),
(334, 'storefront_product_grid_section_tab_4_product_type', 0, 's:17:\"category_products\";', '2025-05-29 14:00:43', '2025-06-12 18:55:25'),
(335, 'storefront_product_grid_section_tab_4_category_id', 0, 's:2:\"13\";', '2025-05-29 14:00:43', '2025-06-12 18:55:25'),
(336, 'storefront_product_grid_section_tab_4_products_limit', 0, 's:2:\"20\";', '2025-05-29 14:00:43', '2025-06-12 18:56:24'),
(337, 'storefront_three_column_banners_enabled', 0, 's:1:\"0\";', '2025-05-29 14:00:43', '2025-06-12 19:38:32'),
(338, 'storefront_three_column_banners_1_call_to_action_url', 0, 's:1:\"#\";', '2025-05-29 14:00:43', '2025-06-12 18:59:12'),
(339, 'storefront_three_column_banners_1_open_in_new_window', 0, 's:1:\"0\";', '2025-05-29 14:00:43', '2025-05-29 14:00:43'),
(340, 'storefront_three_column_banners_2_call_to_action_url', 0, 's:1:\"#\";', '2025-05-29 14:00:43', '2025-06-12 18:59:12'),
(341, 'storefront_three_column_banners_2_open_in_new_window', 0, 's:1:\"0\";', '2025-05-29 14:00:43', '2025-05-29 14:00:43'),
(342, 'storefront_three_column_banners_3_call_to_action_url', 0, 's:1:\"#\";', '2025-05-29 14:00:43', '2025-06-12 18:59:12'),
(343, 'storefront_three_column_banners_3_open_in_new_window', 0, 's:1:\"0\";', '2025-05-29 14:00:43', '2025-05-29 14:00:43'),
(344, 'storefront_product_tabs_2_section_enabled', 0, 's:1:\"0\";', '2025-05-29 14:00:43', '2025-05-29 14:00:43'),
(345, 'storefront_product_tabs_2_section_tab_1_product_type', 0, 'N;', '2025-05-29 14:00:43', '2025-05-29 14:00:43'),
(346, 'storefront_product_tabs_2_section_tab_1_category_id', 0, 'N;', '2025-05-29 14:00:43', '2025-05-29 14:00:43'),
(347, 'storefront_product_tabs_2_section_tab_1_products_limit', 0, 'N;', '2025-05-29 14:00:43', '2025-05-29 14:00:43'),
(348, 'storefront_product_tabs_2_section_tab_2_product_type', 0, 'N;', '2025-05-29 14:00:43', '2025-05-29 14:00:43'),
(349, 'storefront_product_tabs_2_section_tab_2_category_id', 0, 'N;', '2025-05-29 14:00:43', '2025-05-29 14:00:43'),
(350, 'storefront_product_tabs_2_section_tab_2_products_limit', 0, 'N;', '2025-05-29 14:00:43', '2025-05-29 14:00:43'),
(351, 'storefront_product_tabs_2_section_tab_3_product_type', 0, 'N;', '2025-05-29 14:00:43', '2025-05-29 14:00:43'),
(352, 'storefront_product_tabs_2_section_tab_3_category_id', 0, 'N;', '2025-05-29 14:00:43', '2025-05-29 14:00:43'),
(353, 'storefront_product_tabs_2_section_tab_3_products_limit', 0, 'N;', '2025-05-29 14:00:43', '2025-05-29 14:00:43'),
(354, 'storefront_product_tabs_2_section_tab_4_product_type', 0, 'N;', '2025-05-29 14:00:43', '2025-05-29 14:00:43'),
(355, 'storefront_product_tabs_2_section_tab_4_category_id', 0, 'N;', '2025-05-29 14:00:43', '2025-05-29 14:00:43'),
(356, 'storefront_product_tabs_2_section_tab_4_products_limit', 0, 'N;', '2025-05-29 14:00:43', '2025-05-29 14:00:43'),
(357, 'storefront_one_column_banner_enabled', 0, 's:1:\"0\";', '2025-05-29 14:00:43', '2025-05-29 14:00:43'),
(358, 'storefront_one_column_banner_call_to_action_url', 0, 'N;', '2025-05-29 14:00:43', '2025-05-29 14:00:43'),
(359, 'storefront_one_column_banner_open_in_new_window', 0, 's:1:\"0\";', '2025-05-29 14:00:43', '2025-05-29 14:00:43'),
(360, 'storefront_blogs_section_enabled', 0, 's:1:\"0\";', '2025-05-29 14:00:43', '2025-05-29 14:00:43'),
(361, 'storefront_recent_blogs', 0, 's:1:\"5\";', '2025-05-29 14:00:43', '2025-05-29 14:00:43'),
(362, 'storefront_footer_tags', 0, 'a:7:{i:0;s:2:\"12\";i:1;s:1:\"9\";i:2;s:2:\"14\";i:3;s:2:\"10\";i:4;s:2:\"11\";i:5;s:2:\"13\";i:6;s:1:\"8\";}', '2025-05-29 14:00:43', '2025-06-12 17:44:46'),
(363, 'storefront_featured_categories_section_category_1_products', 0, 'N;', '2025-05-29 14:00:43', '2025-05-29 14:00:43'),
(364, 'storefront_featured_categories_section_category_2_products', 0, 'N;', '2025-05-29 14:00:43', '2025-05-29 14:00:43'),
(365, 'storefront_featured_categories_section_category_3_products', 0, 'N;', '2025-05-29 14:00:43', '2025-05-29 14:00:43'),
(366, 'storefront_featured_categories_section_category_4_products', 0, 'N;', '2025-05-29 14:00:43', '2025-05-29 14:00:43'),
(367, 'storefront_featured_categories_section_category_5_products', 0, 'N;', '2025-05-29 14:00:43', '2025-05-29 14:00:43'),
(368, 'storefront_featured_categories_section_category_6_products', 0, 'N;', '2025-05-29 14:00:43', '2025-05-29 14:00:43'),
(369, 'storefront_product_tabs_1_section_tab_1_products', 0, 'N;', '2025-05-29 14:00:43', '2025-05-29 14:00:43'),
(370, 'storefront_product_tabs_1_section_tab_2_products', 0, 'N;', '2025-05-29 14:00:43', '2025-05-29 14:00:43'),
(371, 'storefront_product_tabs_1_section_tab_3_products', 0, 'N;', '2025-05-29 14:00:43', '2025-05-29 14:00:43'),
(372, 'storefront_product_tabs_1_section_tab_4_products', 0, 'N;', '2025-05-29 14:00:43', '2025-05-29 14:00:43'),
(373, 'storefront_top_brands', 0, 'a:8:{i:0;s:1:\"4\";i:1;s:1:\"8\";i:2;s:1:\"9\";i:3;s:2:\"11\";i:4;s:2:\"10\";i:5;s:1:\"7\";i:6;s:1:\"6\";i:7;s:1:\"5\";}', '2025-05-29 14:00:43', '2025-06-17 13:04:34'),
(374, 'storefront_vertical_products_1_products', 0, 'N;', '2025-05-29 14:00:43', '2025-05-29 14:00:43'),
(375, 'storefront_vertical_products_2_products', 0, 'N;', '2025-05-29 14:00:43', '2025-05-29 14:00:43'),
(376, 'storefront_vertical_products_3_products', 0, 'N;', '2025-05-29 14:00:43', '2025-05-29 14:00:43'),
(377, 'storefront_product_grid_section_tab_1_products', 0, 'N;', '2025-05-29 14:00:43', '2025-05-29 14:00:43'),
(378, 'storefront_product_grid_section_tab_2_products', 0, 'N;', '2025-05-29 14:00:43', '2025-05-29 14:00:43'),
(379, 'storefront_product_grid_section_tab_3_products', 0, 'N;', '2025-05-29 14:00:43', '2025-05-29 14:00:43'),
(380, 'storefront_product_grid_section_tab_4_products', 0, 'N;', '2025-05-29 14:00:43', '2025-05-29 14:00:43'),
(381, 'storefront_product_tabs_2_section_tab_1_products', 0, 'N;', '2025-05-29 14:00:43', '2025-05-29 14:00:43'),
(382, 'storefront_product_tabs_2_section_tab_2_products', 0, 'N;', '2025-05-29 14:00:43', '2025-05-29 14:00:43'),
(383, 'storefront_product_tabs_2_section_tab_3_products', 0, 'N;', '2025-05-29 14:00:43', '2025-05-29 14:00:43'),
(384, 'storefront_product_tabs_2_section_tab_4_products', 0, 'N;', '2025-05-29 14:00:43', '2025-05-29 14:00:43'),
(385, 'storefront_three_column_full_width_banners_background_file_id', 0, 's:2:\"33\";', '2025-05-29 14:01:33', '2025-06-12 17:48:26'),
(386, 'storefront_accepted_payment_methods_image', 0, 's:3:\"151\";', '2025-06-12 17:42:50', '2025-06-12 17:42:50'),
(387, 'admin_logo', 1, NULL, '2025-06-14 11:07:02', '2025-06-14 11:07:02'),
(388, 'admin_small_logo', 1, NULL, '2025-06-14 11:07:02', '2025-06-14 11:07:02');

-- --------------------------------------------------------

--
-- Table structure for table `setting_translations`
--

CREATE TABLE `setting_translations` (
  `id` int(10) UNSIGNED NOT NULL,
  `setting_id` int(10) UNSIGNED NOT NULL,
  `locale` varchar(191) NOT NULL,
  `value` longtext DEFAULT NULL
) ENGINE=InnoDB DEFAULT CHARSET=utf8mb4 COLLATE=utf8mb4_unicode_ci;

--
-- Dumping data for table `setting_translations`
--

INSERT INTO `setting_translations` (`id`, `setting_id`, `locale`, `value`) VALUES
(1, 1, 'en', 's:10:\"Nectar🐝\";'),
(2, 24, 'en', 's:4:\"auto\";'),
(3, 25, 'en', 's:13:\"Free Shipping\";'),
(4, 26, 'en', 's:12:\"Local Pickup\";'),
(5, 27, 'en', 's:9:\"Flat Rate\";'),
(6, 28, 'en', 's:6:\"PayPal\";'),
(7, 29, 'en', 's:28:\"Pay via your PayPal account.\";'),
(8, 30, 'en', 's:6:\"Stripe\";'),
(9, 31, 'en', 's:29:\"Pay via credit or debit card.\";'),
(10, 32, 'en', 's:5:\"Paytm\";'),
(11, 33, 'en', 's:103:\"The best payment gateway provider in India for e-payment through credit card, debit card & net banking.\";'),
(12, 34, 'en', 's:8:\"Razorpay\";'),
(13, 35, 'en', 's:74:\"Pay securely by Credit or Debit card or Internet Banking through Razorpay.\";'),
(14, 36, 'en', 's:9:\"Instamojo\";'),
(15, 37, 'en', 's:16:\"CC/DB/NB/Wallets\";'),
(16, 38, 'en', 's:13:\"Authorize.net\";'),
(17, 39, 'en', 's:33:\"Accept payments anytime, anywhere\";'),
(18, 40, 'en', 's:8:\"Paystack\";'),
(19, 41, 'en', 's:45:\"Modern online and offline payments for Africa\";'),
(20, 42, 'en', 's:12:\"Mercado Pago\";'),
(21, 43, 'en', 's:36:\"From now on, do more with your money\";'),
(22, 44, 'en', 's:11:\"Flutterwave\";'),
(23, 45, 'en', 's:40:\"Endless possibilities for every business\";'),
(24, 46, 'en', 's:6:\"Iyzico\";'),
(25, 47, 'en', 's:33:\"Pay for your shopping with iyzico\";'),
(26, 48, 'en', 's:7:\"Payfast\";'),
(27, 49, 'en', 's:31:\"Online Payments In South Africa\";'),
(28, 50, 'en', 's:5:\"bKash\";'),
(29, 51, 'en', 's:27:\"Pay via your bKash account.\";'),
(30, 52, 'en', 's:5:\"Nagad\";'),
(31, 53, 'en', 's:27:\"Pay via your Nagad account.\";'),
(32, 54, 'en', 's:10:\"SSLCommerz\";'),
(33, 55, 'en', 's:32:\"Pay via your SSLCommerz account.\";'),
(34, 56, 'en', 's:16:\"Cash On Delivery\";'),
(35, 57, 'en', 's:28:\"Pay with cash upon delivery.\";'),
(36, 58, 'en', 's:13:\"Bank Transfer\";'),
(37, 59, 'en', 's:100:\"Make your payment directly into our bank account. Please use your Order ID as the payment reference.\";'),
(38, 60, 'en', 's:14:\"Wallet balance\";'),
(39, 61, 'en', 's:41:\"Use my wallet balance to fund this order.\";'),
(40, 64, 'en', 's:18:\"Nectar online shop\";'),
(41, 65, 'en', 's:29:\"Welcome to Nectar Online Shop\";'),
(42, 66, 'en', 'N;'),
(43, 67, 'en', 's:55:\"You must have enough wallet balance to fund your order.\";'),
(44, 193, 'en', 's:17:\"Welcome to Nectar\";'),
(45, 194, 'en', 's:7:\"Kampala\";'),
(46, 195, 'en', 's:5:\"Pages\";'),
(47, 196, 'en', 's:9:\"Shop from\";'),
(48, 62, 'en', 's:92:\"Copyright © <a href=\"{{ store_url }}\">{{ store_name }}</a> {{ year }}. All rights reserved.\";'),
(49, 197, 'en', 's:18:\"Support Every time\";'),
(50, 198, 'en', 's:23:\"We are quick to respond\";'),
(51, 199, 'en', 's:9:\"Versatile\";'),
(52, 200, 'en', 's:36:\"We accept Mobile money, credit cards\";'),
(53, 201, 'en', 's:6:\"Global\";'),
(54, 202, 'en', 's:19:\"We are every where.\";'),
(55, 203, 'en', 's:8:\"Reliable\";'),
(56, 204, 'en', 's:25:\"We are a reliable partner\";'),
(57, 205, 'en', 's:11:\"Affordable.\";'),
(58, 206, 'en', 's:29:\"Pay in affordable instalments\";'),
(59, 207, 'en', 's:2:\"39\";'),
(60, 208, 'en', 's:2:\"57\";'),
(61, 209, 'en', 's:2:\"55\";'),
(62, 210, 'en', 's:2:\"51\";'),
(63, 211, 'en', 's:2:\"49\";'),
(64, 212, 'en', 's:2:\"47\";'),
(65, 213, 'en', 's:36:\"Top Categories in Sales and Trending\";'),
(66, 214, 'en', 's:108:\"Last Month up to 1500+ Products Sales From this category. You can choose a product from here and save money.\";'),
(67, 215, 'en', 's:6:\"Latest\";'),
(68, 216, 'en', 's:14:\"Premium Phones\";'),
(69, 217, 'en', 's:17:\"Recently Reviewed\";'),
(70, 218, 'en', 's:15:\"Smart & Digital\";'),
(71, 219, 'en', 's:2:\"49\";'),
(72, 220, 'en', 's:2:\"35\";'),
(73, 221, 'en', 's:4:\"Pick\";'),
(74, 222, 'en', 's:6:\"Phones\";'),
(75, 223, 'en', 's:21:\"Smart and Digital TVs\";'),
(76, 224, 'en', 's:15:\"Home Appliances\";'),
(77, 225, 'en', 's:3:\"140\";'),
(78, 226, 'en', 's:3:\"150\";'),
(79, 227, 'en', 's:3:\"134\";'),
(80, 228, 'en', 'N;'),
(81, 229, 'en', 'N;'),
(82, 230, 'en', 'N;'),
(83, 231, 'en', 'N;'),
(84, 232, 'en', 'N;'),
(85, 233, 'en', 'N;'),
(86, 234, 'en', 'N;'),
(87, 387, 'en', 's:3:\"152\";'),
(88, 388, 'en', 's:3:\"152\";');

-- --------------------------------------------------------

--
-- Table structure for table `sliders`
--

CREATE TABLE `sliders` (
  `id` int(10) UNSIGNED NOT NULL,
  `speed` int(11) DEFAULT NULL,
  `autoplay` tinyint(1) DEFAULT NULL,
  `autoplay_speed` int(11) DEFAULT NULL,
  `fade` tinyint(1) NOT NULL DEFAULT 0,
  `dots` tinyint(1) DEFAULT NULL,
  `arrows` tinyint(1) DEFAULT NULL,
  `created_at` timestamp NULL DEFAULT NULL,
  `updated_at` timestamp NULL DEFAULT NULL
) ENGINE=InnoDB DEFAULT CHARSET=utf8mb4 COLLATE=utf8mb4_unicode_ci;

--
-- Dumping data for table `sliders`
--

INSERT INTO `sliders` (`id`, `speed`, `autoplay`, `autoplay_speed`, `fade`, `dots`, `arrows`, `created_at`, `updated_at`) VALUES
(1, 1000, 1, 3000, 0, 1, 1, '2025-06-12 17:22:14', '2025-06-12 17:25:07');

-- --------------------------------------------------------

--
-- Table structure for table `slider_slides`
--

CREATE TABLE `slider_slides` (
  `id` int(10) UNSIGNED NOT NULL,
  `slider_id` int(10) UNSIGNED NOT NULL,
  `options` text DEFAULT NULL,
  `call_to_action_url` varchar(191) DEFAULT NULL,
  `open_in_new_window` tinyint(1) DEFAULT NULL,
  `position` int(11) DEFAULT NULL,
  `created_at` timestamp NULL DEFAULT NULL,
  `updated_at` timestamp NULL DEFAULT NULL
) ENGINE=InnoDB DEFAULT CHARSET=utf8mb4 COLLATE=utf8mb4_unicode_ci;

--
-- Dumping data for table `slider_slides`
--

INSERT INTO `slider_slides` (`id`, `slider_id`, `options`, `call_to_action_url`, `open_in_new_window`, `position`, `created_at`, `updated_at`) VALUES
(1, 1, NULL, '#', 0, 1, '2025-06-12 17:22:14', '2025-06-12 17:25:07'),
(2, 1, NULL, NULL, 0, 0, '2025-06-12 17:25:07', '2025-06-12 17:25:07'),
(3, 1, NULL, NULL, 0, 2, '2025-06-12 17:25:07', '2025-06-12 17:25:07'),
(4, 1, NULL, NULL, 0, 3, '2025-06-12 17:25:07', '2025-06-12 17:25:07');

-- --------------------------------------------------------

--
-- Table structure for table `slider_slide_translations`
--

CREATE TABLE `slider_slide_translations` (
  `id` int(10) UNSIGNED NOT NULL,
  `slider_slide_id` int(10) UNSIGNED NOT NULL,
  `locale` varchar(191) NOT NULL,
  `file_id` int(10) UNSIGNED DEFAULT NULL,
  `caption_1` varchar(191) DEFAULT NULL,
  `caption_2` varchar(191) DEFAULT NULL,
  `call_to_action_text` varchar(191) DEFAULT NULL,
  `direction` varchar(191) DEFAULT NULL
) ENGINE=InnoDB DEFAULT CHARSET=utf8mb4 COLLATE=utf8mb4_unicode_ci;

--
-- Dumping data for table `slider_slide_translations`
--

INSERT INTO `slider_slide_translations` (`id`, `slider_slide_id`, `locale`, `file_id`, `caption_1`, `caption_2`, `call_to_action_text`, `direction`) VALUES
(1, 1, 'en', 12, 'Smart Gadgets', 'Smealess', NULL, 'left'),
(2, 2, 'en', 33, 'Thrilling', 'Affordable', NULL, 'left'),
(3, 3, 'en', 22, 'Home Appliances', 'Cheap And Reliable', NULL, 'right'),
(4, 4, 'en', 35, 'Brand New', 'Smart Gadgets', NULL, 'left');

-- --------------------------------------------------------

--
-- Table structure for table `slider_translations`
--

CREATE TABLE `slider_translations` (
  `id` int(10) UNSIGNED NOT NULL,
  `slider_id` int(10) UNSIGNED NOT NULL,
  `locale` varchar(191) NOT NULL,
  `name` varchar(191) NOT NULL
) ENGINE=InnoDB DEFAULT CHARSET=utf8mb4 COLLATE=utf8mb4_unicode_ci;

--
-- Dumping data for table `slider_translations`
--

INSERT INTO `slider_translations` (`id`, `slider_id`, `locale`, `name`) VALUES
(1, 1, 'en', 'Smart');

-- --------------------------------------------------------

--
-- Table structure for table `tags`
--

CREATE TABLE `tags` (
  `id` int(10) UNSIGNED NOT NULL,
  `slug` varchar(191) NOT NULL,
  `created_at` timestamp NULL DEFAULT NULL,
  `updated_at` timestamp NULL DEFAULT NULL
) ENGINE=InnoDB DEFAULT CHARSET=utf8mb4 COLLATE=utf8mb4_unicode_ci;

--
-- Dumping data for table `tags`
--

INSERT INTO `tags` (`id`, `slug`, `created_at`, `updated_at`) VALUES
(8, 'smart-tv', '2025-06-12 15:56:35', '2025-06-12 15:56:35'),
(9, 'digital-tvs', '2025-06-12 15:56:44', '2025-06-12 15:56:44'),
(10, 'jbl-sound-bars', '2025-06-12 15:56:57', '2025-06-12 15:56:57'),
(11, 'portable-speakers', '2025-06-12 15:57:03', '2025-06-12 15:57:03'),
(12, 'blue-tooth-speakers', '2025-06-12 15:57:14', '2025-06-12 15:57:14'),
(13, 'premium-gadgets', '2025-06-12 15:57:23', '2025-06-12 15:57:23'),
(14, 'home-appliances', '2025-06-12 16:59:06', '2025-06-12 16:59:06');

-- --------------------------------------------------------

--
-- Table structure for table `tag_translations`
--

CREATE TABLE `tag_translations` (
  `id` int(10) UNSIGNED NOT NULL,
  `tag_id` int(10) UNSIGNED NOT NULL,
  `locale` varchar(191) NOT NULL,
  `name` varchar(191) NOT NULL
) ENGINE=InnoDB DEFAULT CHARSET=utf8mb4 COLLATE=utf8mb4_unicode_ci;

--
-- Dumping data for table `tag_translations`
--

INSERT INTO `tag_translations` (`id`, `tag_id`, `locale`, `name`) VALUES
(8, 8, 'en', 'Smart TV'),
(9, 9, 'en', 'Digital TVs'),
(10, 10, 'en', 'JBL sound bars'),
(11, 11, 'en', 'Portable Speakers'),
(12, 12, 'en', 'Blue tooth speakers'),
(13, 13, 'en', 'Premium Gadgets'),
(14, 14, 'en', 'Home Appliances');

-- --------------------------------------------------------

--
-- Table structure for table `tax_classes`
--

CREATE TABLE `tax_classes` (
  `id` int(10) UNSIGNED NOT NULL,
  `based_on` varchar(191) NOT NULL,
  `deleted_at` timestamp NULL DEFAULT NULL,
  `created_at` timestamp NULL DEFAULT NULL,
  `updated_at` timestamp NULL DEFAULT NULL
) ENGINE=InnoDB DEFAULT CHARSET=utf8mb4 COLLATE=utf8mb4_unicode_ci;

-- --------------------------------------------------------

--
-- Table structure for table `tax_class_translations`
--

CREATE TABLE `tax_class_translations` (
  `id` int(10) UNSIGNED NOT NULL,
  `tax_class_id` int(10) UNSIGNED NOT NULL,
  `locale` varchar(191) NOT NULL,
  `label` varchar(191) NOT NULL
) ENGINE=InnoDB DEFAULT CHARSET=utf8mb4 COLLATE=utf8mb4_unicode_ci;

-- --------------------------------------------------------

--
-- Table structure for table `tax_rates`
--

CREATE TABLE `tax_rates` (
  `id` int(10) UNSIGNED NOT NULL,
  `tax_class_id` int(10) UNSIGNED NOT NULL,
  `country` varchar(191) NOT NULL,
  `state` varchar(191) NOT NULL,
  `city` varchar(191) NOT NULL,
  `zip` varchar(191) NOT NULL,
  `rate` decimal(8,4) UNSIGNED NOT NULL,
  `position` int(10) UNSIGNED NOT NULL,
  `deleted_at` timestamp NULL DEFAULT NULL,
  `created_at` timestamp NULL DEFAULT NULL,
  `updated_at` timestamp NULL DEFAULT NULL
) ENGINE=InnoDB DEFAULT CHARSET=utf8mb4 COLLATE=utf8mb4_unicode_ci;

-- --------------------------------------------------------

--
-- Table structure for table `tax_rate_translations`
--

CREATE TABLE `tax_rate_translations` (
  `id` int(10) UNSIGNED NOT NULL,
  `tax_rate_id` int(10) UNSIGNED NOT NULL,
  `locale` varchar(191) NOT NULL,
  `name` varchar(191) NOT NULL
) ENGINE=InnoDB DEFAULT CHARSET=utf8mb4 COLLATE=utf8mb4_unicode_ci;

-- --------------------------------------------------------

--
-- Table structure for table `throttle`
--

CREATE TABLE `throttle` (
  `id` int(10) UNSIGNED NOT NULL,
  `user_id` int(10) UNSIGNED DEFAULT NULL,
  `type` varchar(191) NOT NULL,
  `ip` varchar(191) DEFAULT NULL,
  `created_at` timestamp NULL DEFAULT NULL,
  `updated_at` timestamp NULL DEFAULT NULL
) ENGINE=InnoDB DEFAULT CHARSET=utf8mb4 COLLATE=utf8mb4_unicode_ci;

--
-- Dumping data for table `throttle`
--

INSERT INTO `throttle` (`id`, `user_id`, `type`, `ip`, `created_at`, `updated_at`) VALUES
(1, NULL, 'global', NULL, '2025-05-29 16:38:00', '2025-05-29 16:38:00'),
(2, NULL, 'ip', '41.210.141.205', '2025-05-29 16:38:00', '2025-05-29 16:38:00'),
(3, NULL, 'global', NULL, '2025-06-13 13:25:57', '2025-06-13 13:25:57'),
(4, NULL, 'ip', '41.210.146.174', '2025-06-13 13:25:57', '2025-06-13 13:25:57'),
(6, NULL, 'global', NULL, '2025-06-13 13:26:11', '2025-06-13 13:26:11'),
(7, NULL, 'ip', '41.210.146.174', '2025-06-13 13:26:11', '2025-06-13 13:26:11'),
(9, NULL, 'global', NULL, '2025-06-14 15:46:00', '2025-06-14 15:46:00'),
(10, NULL, 'ip', '41.75.184.35', '2025-06-14 15:46:00', '2025-06-14 15:46:00'),
(11, NULL, 'global', NULL, '2025-06-16 15:43:16', '2025-06-16 15:43:16'),
(12, NULL, 'ip', '41.75.176.141', '2025-06-16 15:43:16', '2025-06-16 15:43:16'),
(13, NULL, 'global', NULL, '2025-06-19 18:33:05', '2025-06-19 18:33:05'),
(14, NULL, 'ip', '41.75.182.242', '2025-06-19 18:33:05', '2025-06-19 18:33:05'),
(15, NULL, 'global', NULL, '2025-06-21 11:30:56', '2025-06-21 11:30:56'),
(16, NULL, 'ip', '41.75.190.37', '2025-06-21 11:30:56', '2025-06-21 11:30:56');

-- --------------------------------------------------------

--
-- Table structure for table `transactions`
--

CREATE TABLE `transactions` (
  `id` int(10) UNSIGNED NOT NULL,
  `order_id` int(10) UNSIGNED NOT NULL,
  `transaction_id` varchar(191) NOT NULL,
  `payment_method` varchar(191) NOT NULL,
  `deleted_at` timestamp NULL DEFAULT NULL,
  `created_at` timestamp NULL DEFAULT NULL,
  `updated_at` timestamp NULL DEFAULT NULL
) ENGINE=InnoDB DEFAULT CHARSET=utf8mb4 COLLATE=utf8mb4_unicode_ci;

-- --------------------------------------------------------

--
-- Table structure for table `translations`
--

CREATE TABLE `translations` (
  `id` int(10) UNSIGNED NOT NULL,
  `key` varchar(191) NOT NULL,
  `created_at` timestamp NULL DEFAULT NULL,
  `updated_at` timestamp NULL DEFAULT NULL
) ENGINE=InnoDB DEFAULT CHARSET=utf8mb4 COLLATE=utf8mb4_unicode_ci;

-- --------------------------------------------------------

--
-- Table structure for table `translation_translations`
--

CREATE TABLE `translation_translations` (
  `id` int(10) UNSIGNED NOT NULL,
  `translation_id` int(10) UNSIGNED NOT NULL,
  `locale` varchar(191) NOT NULL,
  `value` text NOT NULL
) ENGINE=InnoDB DEFAULT CHARSET=utf8mb4 COLLATE=utf8mb4_unicode_ci;

-- --------------------------------------------------------

--
-- Table structure for table `updater_scripts`
--

CREATE TABLE `updater_scripts` (
  `id` int(10) UNSIGNED NOT NULL,
  `script` varchar(191) NOT NULL
) ENGINE=InnoDB DEFAULT CHARSET=utf8mb4 COLLATE=utf8mb4_unicode_ci;

--
-- Dumping data for table `updater_scripts`
--

INSERT INTO `updater_scripts` (`id`, `script`) VALUES
(1, 'V2_0_0');

-- --------------------------------------------------------

--
-- Table structure for table `up_sell_products`
--

CREATE TABLE `up_sell_products` (
  `product_id` int(10) UNSIGNED NOT NULL,
  `up_sell_product_id` int(10) UNSIGNED NOT NULL,
  `created_at` timestamp NULL DEFAULT NULL,
  `updated_at` timestamp NULL DEFAULT NULL
) ENGINE=InnoDB DEFAULT CHARSET=utf8mb4 COLLATE=utf8mb4_unicode_ci;

-- --------------------------------------------------------

--
-- Table structure for table `users`
--

CREATE TABLE `users` (
  `id` int(10) UNSIGNED NOT NULL,
  `first_name` varchar(191) NOT NULL,
  `last_name` varchar(191) NOT NULL,
  `email` varchar(191) NOT NULL,
  `phone` varchar(191) NOT NULL,
  `password` varchar(191) NOT NULL,
  `permissions` text DEFAULT NULL,
  `last_login` datetime DEFAULT NULL,
  `created_at` timestamp NULL DEFAULT NULL,
  `updated_at` timestamp NULL DEFAULT NULL,
  `balance` float DEFAULT 0,
  `interest` double DEFAULT NULL,
  `date_of_last_profit` datetime DEFAULT NULL,
  `referal` varchar(100) DEFAULT NULL,
  `referal_commission` double NOT NULL DEFAULT 0
) ENGINE=InnoDB DEFAULT CHARSET=utf8mb4 COLLATE=utf8mb4_unicode_ci;

--
-- Dumping data for table `users`
--

INSERT INTO `users` (`id`, `first_name`, `last_name`, `email`, `phone`, `password`, `permissions`, `last_login`, `created_at`, `updated_at`, `balance`, `interest`, `date_of_last_profit`, `referal`, `referal_commission`) VALUES
(1, 'Maurice', 'Geminid', 'mariepix0@gmail.com', '0745401358', '$2y$10$7ioxe8/c8PIeLMHjJaMdrufihch6h6ev7EgTAs/0scRjDrWZHPlhS', '[]', '2025-06-21 11:31:17', '2025-05-29 10:35:02', '2025-06-21 11:31:17', 642133, 266.6668, '2025-06-21 00:00:04', NULL, 10),
(7, 'Ashiraff', 'Tumusiime', 'tumusiimeashan@gmail.com', '0740600984', '$2y$10$BrzNmdRIJdj1/D5Jz2Zfu.Dnhxu9KgtrzhafT2V660ZA1uBgd/nUy', NULL, '2025-06-21 11:28:51', '2025-06-13 13:26:52', '2025-06-21 11:28:51', 0, NULL, NULL, '1', 0),
(8, 'Bulage', 'Daphyne', 'bulage@boostedtechs.com', '0718937977', '$2y$10$pfnVAWNX/xcvIDlXU.khg.ehKNJCxthRzIN18kBlVESDA2G9Dz/Yq', NULL, NULL, '2025-06-13 18:17:35', '2025-06-13 18:17:35', 0, NULL, NULL, '1', 0),
(9, 'Jan', 'Tu', 'earthsunning@gmail.com', '745401358', '$2y$10$I3OcSK2KhAoHWw2cg3hlQOWll7FKdT4opcmNG3zY0LGxC1punNYCe', '[]', '2025-06-19 18:33:14', '2025-06-14 15:18:50', '2025-06-19 18:33:14', 1040, NULL, NULL, '1', 0),
(10, 'kasule', 'Geofrey', 'gkasule03@gmail.com', '0744459424', '$2y$10$y6hvBRxtpCVeUxxSVcBy1utGWm.CCWGu/Tz4cRNer0GpbI0Hq4/mu', NULL, '2025-06-14 16:55:25', '2025-06-14 15:47:14', '2025-06-14 16:55:25', 0, NULL, NULL, '1', 0),
(11, 'Mark', 'Ssali', 'markssalid7@gmail.com', '+256773475941', '$2y$10$if4W4j33WeB6Sl63X28W8OsQW8mILgMY6brUbY95DtlUhnTm2oBNC', NULL, '2025-06-17 17:59:13', '2025-06-17 17:59:03', '2025-06-17 17:59:13', 0, NULL, NULL, '10', 0),
(12, 'Ted', 'Tempoten', 'tedtempoten@gmail.com', '0768670988', '$2y$10$NgVFiofnBXPrzzI68wM.POJwfnqO1j0VAaGTlUauGHRk7pH3cq94q', '[]', '2025-06-20 23:33:52', '2025-06-19 18:49:28', '2025-06-21 00:00:04', 766701, 35.0001, '2025-06-21 00:00:04', '9', 0);

-- --------------------------------------------------------

--
-- Table structure for table `user_roles`
--

CREATE TABLE `user_roles` (
  `user_id` int(10) UNSIGNED NOT NULL,
  `role_id` int(10) UNSIGNED NOT NULL,
  `created_at` timestamp NULL DEFAULT NULL,
  `updated_at` timestamp NULL DEFAULT NULL
) ENGINE=InnoDB DEFAULT CHARSET=utf8mb4 COLLATE=utf8mb4_unicode_ci;

--
-- Dumping data for table `user_roles`
--

INSERT INTO `user_roles` (`user_id`, `role_id`, `created_at`, `updated_at`) VALUES
(1, 1, '2025-05-29 10:35:02', '2025-05-29 10:35:02'),
(7, 2, '2025-06-13 13:26:52', '2025-06-13 13:26:52'),
(8, 2, '2025-06-13 18:17:35', '2025-06-13 18:17:35'),
(9, 2, '2025-06-14 15:18:50', '2025-06-14 15:18:50'),
(10, 2, '2025-06-14 15:47:14', '2025-06-14 15:47:14'),
(11, 2, '2025-06-17 17:59:03', '2025-06-17 17:59:03'),
(12, 2, '2025-06-19 18:49:28', '2025-06-19 18:49:28');

-- --------------------------------------------------------

--
-- Table structure for table `variations`
--

CREATE TABLE `variations` (
  `id` int(10) UNSIGNED NOT NULL,
  `uid` varchar(191) NOT NULL,
  `type` varchar(191) NOT NULL,
  `is_global` tinyint(1) NOT NULL DEFAULT 1,
  `position` int(10) UNSIGNED DEFAULT NULL,
  `deleted_at` timestamp NULL DEFAULT NULL,
  `created_at` timestamp NULL DEFAULT NULL,
  `updated_at` timestamp NULL DEFAULT NULL
) ENGINE=InnoDB DEFAULT CHARSET=utf8mb4 COLLATE=utf8mb4_unicode_ci;

-- --------------------------------------------------------

--
-- Table structure for table `variation_translations`
--

CREATE TABLE `variation_translations` (
  `id` int(10) UNSIGNED NOT NULL,
  `variation_id` int(10) UNSIGNED NOT NULL,
  `locale` varchar(191) NOT NULL,
  `name` varchar(191) NOT NULL
) ENGINE=InnoDB DEFAULT CHARSET=utf8mb4 COLLATE=utf8mb4_unicode_ci;

-- --------------------------------------------------------

--
-- Table structure for table `variation_values`
--

CREATE TABLE `variation_values` (
  `id` int(10) UNSIGNED NOT NULL,
  `uid` varchar(191) NOT NULL,
  `variation_id` int(10) UNSIGNED NOT NULL,
  `value` varchar(191) DEFAULT NULL,
  `position` int(10) UNSIGNED DEFAULT NULL,
  `created_at` timestamp NULL DEFAULT NULL,
  `updated_at` timestamp NULL DEFAULT NULL
) ENGINE=InnoDB DEFAULT CHARSET=utf8mb4 COLLATE=utf8mb4_unicode_ci;

-- --------------------------------------------------------

--
-- Table structure for table `variation_value_translations`
--

CREATE TABLE `variation_value_translations` (
  `id` int(10) UNSIGNED NOT NULL,
  `variation_value_id` int(10) UNSIGNED NOT NULL,
  `locale` varchar(191) NOT NULL,
  `label` varchar(191) NOT NULL
) ENGINE=InnoDB DEFAULT CHARSET=utf8mb4 COLLATE=utf8mb4_unicode_ci;

-- --------------------------------------------------------

--
-- Table structure for table `wish_lists`
--

CREATE TABLE `wish_lists` (
  `user_id` int(10) UNSIGNED NOT NULL,
  `product_id` int(10) UNSIGNED NOT NULL,
  `created_at` timestamp NULL DEFAULT NULL,
  `updated_at` timestamp NULL DEFAULT NULL
) ENGINE=InnoDB DEFAULT CHARSET=utf8mb4 COLLATE=utf8mb4_unicode_ci;

--
-- Dumping data for table `wish_lists`
--

INSERT INTO `wish_lists` (`user_id`, `product_id`, `created_at`, `updated_at`) VALUES
(1, 21, '2025-06-18 01:00:10', '2025-06-18 01:00:10'),
(9, 19, '2025-06-17 19:04:31', '2025-06-17 19:04:31');

--
-- Indexes for dumped tables
--

--
-- Indexes for table `activations`
--
ALTER TABLE `activations`
  ADD PRIMARY KEY (`id`),
  ADD KEY `activations_user_id_index` (`user_id`);

--
-- Indexes for table `addresses`
--
ALTER TABLE `addresses`
  ADD PRIMARY KEY (`id`),
  ADD KEY `addresses_customer_id_foreign` (`customer_id`);

--
-- Indexes for table `attributes`
--
ALTER TABLE `attributes`
  ADD PRIMARY KEY (`id`),
  ADD UNIQUE KEY `attributes_slug_unique` (`slug`),
  ADD KEY `attributes_attribute_set_id_index` (`attribute_set_id`);

--
-- Indexes for table `attribute_categories`
--
ALTER TABLE `attribute_categories`
  ADD PRIMARY KEY (`attribute_id`,`category_id`),
  ADD KEY `attribute_categories_category_id_foreign` (`category_id`);

--
-- Indexes for table `attribute_sets`
--
ALTER TABLE `attribute_sets`
  ADD PRIMARY KEY (`id`);

--
-- Indexes for table `attribute_set_translations`
--
ALTER TABLE `attribute_set_translations`
  ADD PRIMARY KEY (`id`),
  ADD UNIQUE KEY `attribute_set_translations_attribute_set_id_locale_unique` (`attribute_set_id`,`locale`);

--
-- Indexes for table `attribute_translations`
--
ALTER TABLE `attribute_translations`
  ADD PRIMARY KEY (`id`),
  ADD UNIQUE KEY `attribute_translations_attribute_id_locale_unique` (`attribute_id`,`locale`);

--
-- Indexes for table `attribute_values`
--
ALTER TABLE `attribute_values`
  ADD PRIMARY KEY (`id`),
  ADD KEY `attribute_values_attribute_id_index` (`attribute_id`);

--
-- Indexes for table `attribute_value_translations`
--
ALTER TABLE `attribute_value_translations`
  ADD PRIMARY KEY (`id`),
  ADD UNIQUE KEY `attribute_value_translations_attribute_value_id_locale_unique` (`attribute_value_id`,`locale`);

--
-- Indexes for table `blog_categories`
--
ALTER TABLE `blog_categories`
  ADD PRIMARY KEY (`id`),
  ADD UNIQUE KEY `blog_categories_slug_unique` (`slug`);

--
-- Indexes for table `blog_category_translations`
--
ALTER TABLE `blog_category_translations`
  ADD PRIMARY KEY (`id`),
  ADD UNIQUE KEY `blog_category_translations_blog_category_id_locale_unique` (`blog_category_id`,`locale`);

--
-- Indexes for table `blog_posts`
--
ALTER TABLE `blog_posts`
  ADD PRIMARY KEY (`id`),
  ADD UNIQUE KEY `blog_posts_slug_unique` (`slug`),
  ADD KEY `blog_posts_user_id_foreign` (`user_id`),
  ADD KEY `blog_posts_blog_category_id_foreign` (`blog_category_id`);

--
-- Indexes for table `blog_post_blog_tag`
--
ALTER TABLE `blog_post_blog_tag`
  ADD PRIMARY KEY (`blog_post_id`,`blog_tag_id`),
  ADD KEY `blog_post_blog_tag_blog_tag_id_foreign` (`blog_tag_id`);

--
-- Indexes for table `blog_post_translations`
--
ALTER TABLE `blog_post_translations`
  ADD PRIMARY KEY (`id`),
  ADD UNIQUE KEY `blog_post_translations_blog_post_id_locale_unique` (`blog_post_id`,`locale`);
ALTER TABLE `blog_post_translations` ADD FULLTEXT KEY `title` (`title`);

--
-- Indexes for table `blog_tags`
--
ALTER TABLE `blog_tags`
  ADD PRIMARY KEY (`id`),
  ADD UNIQUE KEY `blog_tags_slug_unique` (`slug`);

--
-- Indexes for table `blog_tag_translations`
--
ALTER TABLE `blog_tag_translations`
  ADD PRIMARY KEY (`id`),
  ADD UNIQUE KEY `blog_tag_translations_blog_tag_id_locale_unique` (`blog_tag_id`,`locale`);

--
-- Indexes for table `brands`
--
ALTER TABLE `brands`
  ADD PRIMARY KEY (`id`),
  ADD UNIQUE KEY `brands_slug_unique` (`slug`);

--
-- Indexes for table `brand_translations`
--
ALTER TABLE `brand_translations`
  ADD PRIMARY KEY (`id`),
  ADD UNIQUE KEY `brand_translations_brand_id_locale_unique` (`brand_id`,`locale`);

--
-- Indexes for table `carts`
--
ALTER TABLE `carts`
  ADD PRIMARY KEY (`id`),
  ADD KEY `carts_id_index` (`id`);

--
-- Indexes for table `categories`
--
ALTER TABLE `categories`
  ADD PRIMARY KEY (`id`),
  ADD UNIQUE KEY `categories_slug_unique` (`slug`),
  ADD KEY `categories_parent_id_foreign` (`parent_id`);

--
-- Indexes for table `category_translations`
--
ALTER TABLE `category_translations`
  ADD PRIMARY KEY (`id`),
  ADD UNIQUE KEY `category_translations_category_id_locale_unique` (`category_id`,`locale`);

--
-- Indexes for table `coupons`
--
ALTER TABLE `coupons`
  ADD PRIMARY KEY (`id`),
  ADD KEY `coupons_code_index` (`code`);

--
-- Indexes for table `coupon_categories`
--
ALTER TABLE `coupon_categories`
  ADD PRIMARY KEY (`coupon_id`,`category_id`,`exclude`),
  ADD KEY `coupon_categories_category_id_foreign` (`category_id`);

--
-- Indexes for table `coupon_products`
--
ALTER TABLE `coupon_products`
  ADD PRIMARY KEY (`coupon_id`,`product_id`),
  ADD KEY `coupon_products_product_id_foreign` (`product_id`);

--
-- Indexes for table `coupon_translations`
--
ALTER TABLE `coupon_translations`
  ADD PRIMARY KEY (`id`),
  ADD UNIQUE KEY `coupon_translations_coupon_id_locale_unique` (`coupon_id`,`locale`);

--
-- Indexes for table `cross_sell_products`
--
ALTER TABLE `cross_sell_products`
  ADD PRIMARY KEY (`product_id`,`cross_sell_product_id`),
  ADD KEY `cross_sell_products_cross_sell_product_id_foreign` (`cross_sell_product_id`);

--
-- Indexes for table `currency_rates`
--
ALTER TABLE `currency_rates`
  ADD PRIMARY KEY (`id`),
  ADD UNIQUE KEY `currency_rates_currency_unique` (`currency`);

--
-- Indexes for table `default_addresses`
--
ALTER TABLE `default_addresses`
  ADD PRIMARY KEY (`id`),
  ADD KEY `default_addresses_customer_id_foreign` (`customer_id`),
  ADD KEY `default_addresses_address_id_foreign` (`address_id`);

--
-- Indexes for table `deposits`
--
ALTER TABLE `deposits`
  ADD PRIMARY KEY (`id`);

--
-- Indexes for table `entity_files`
--
ALTER TABLE `entity_files`
  ADD PRIMARY KEY (`id`),
  ADD KEY `entity_files_entity_type_entity_id_index` (`entity_type`,`entity_id`),
  ADD KEY `entity_files_file_id_index` (`file_id`),
  ADD KEY `entity_files_zone_index` (`zone`);

--
-- Indexes for table `files`
--
ALTER TABLE `files`
  ADD PRIMARY KEY (`id`),
  ADD KEY `files_user_id_index` (`user_id`),
  ADD KEY `files_filename_index` (`filename`);

--
-- Indexes for table `flash_sales`
--
ALTER TABLE `flash_sales`
  ADD PRIMARY KEY (`id`);

--
-- Indexes for table `flash_sale_products`
--
ALTER TABLE `flash_sale_products`
  ADD PRIMARY KEY (`id`),
  ADD KEY `flash_sale_products_flash_sale_id_foreign` (`flash_sale_id`),
  ADD KEY `flash_sale_products_product_id_foreign` (`product_id`);

--
-- Indexes for table `flash_sale_product_orders`
--
ALTER TABLE `flash_sale_product_orders`
  ADD PRIMARY KEY (`flash_sale_product_id`,`order_id`),
  ADD KEY `flash_sale_product_orders_order_id_foreign` (`order_id`);

--
-- Indexes for table `flash_sale_translations`
--
ALTER TABLE `flash_sale_translations`
  ADD PRIMARY KEY (`id`),
  ADD UNIQUE KEY `flash_sale_translations_flash_sale_id_locale_unique` (`flash_sale_id`,`locale`);

--
-- Indexes for table `hire_commissions`
--
ALTER TABLE `hire_commissions`
  ADD PRIMARY KEY (`id`);

--
-- Indexes for table `hire_purchase_items`
--
ALTER TABLE `hire_purchase_items`
  ADD PRIMARY KEY (`id`);

--
-- Indexes for table `hire_purchase_payments`
--
ALTER TABLE `hire_purchase_payments`
  ADD PRIMARY KEY (`id`);

--
-- Indexes for table `menus`
--
ALTER TABLE `menus`
  ADD PRIMARY KEY (`id`);

--
-- Indexes for table `menu_items`
--
ALTER TABLE `menu_items`
  ADD PRIMARY KEY (`id`),
  ADD KEY `menu_items_parent_id_foreign` (`parent_id`),
  ADD KEY `menu_items_category_id_foreign` (`category_id`),
  ADD KEY `menu_items_page_id_foreign` (`page_id`),
  ADD KEY `menu_items_menu_id_index` (`menu_id`);

--
-- Indexes for table `menu_item_translations`
--
ALTER TABLE `menu_item_translations`
  ADD PRIMARY KEY (`id`),
  ADD UNIQUE KEY `menu_item_translations_menu_item_id_locale_unique` (`menu_item_id`,`locale`);

--
-- Indexes for table `menu_translations`
--
ALTER TABLE `menu_translations`
  ADD PRIMARY KEY (`id`),
  ADD UNIQUE KEY `menu_translations_menu_id_locale_unique` (`menu_id`,`locale`);

--
-- Indexes for table `meta_data`
--
ALTER TABLE `meta_data`
  ADD PRIMARY KEY (`id`),
  ADD KEY `meta_data_entity_type_entity_id_index` (`entity_type`,`entity_id`);

--
-- Indexes for table `meta_data_translations`
--
ALTER TABLE `meta_data_translations`
  ADD PRIMARY KEY (`id`),
  ADD UNIQUE KEY `meta_data_translations_meta_data_id_locale_unique` (`meta_data_id`,`locale`);

--
-- Indexes for table `migrations`
--
ALTER TABLE `migrations`
  ADD PRIMARY KEY (`id`);

--
-- Indexes for table `options`
--
ALTER TABLE `options`
  ADD PRIMARY KEY (`id`);

--
-- Indexes for table `option_translations`
--
ALTER TABLE `option_translations`
  ADD PRIMARY KEY (`id`),
  ADD UNIQUE KEY `option_translations_option_id_locale_unique` (`option_id`,`locale`);

--
-- Indexes for table `option_values`
--
ALTER TABLE `option_values`
  ADD PRIMARY KEY (`id`),
  ADD KEY `option_values_option_id_index` (`option_id`);

--
-- Indexes for table `option_value_translations`
--
ALTER TABLE `option_value_translations`
  ADD PRIMARY KEY (`id`),
  ADD UNIQUE KEY `option_value_translations_option_value_id_locale_unique` (`option_value_id`,`locale`);

--
-- Indexes for table `orders`
--
ALTER TABLE `orders`
  ADD PRIMARY KEY (`id`),
  ADD KEY `orders_customer_id_index` (`customer_id`),
  ADD KEY `orders_coupon_id_index` (`coupon_id`);

--
-- Indexes for table `order_downloads`
--
ALTER TABLE `order_downloads`
  ADD PRIMARY KEY (`id`),
  ADD KEY `order_downloads_order_id_foreign` (`order_id`),
  ADD KEY `order_downloads_file_id_foreign` (`file_id`);

--
-- Indexes for table `order_products`
--
ALTER TABLE `order_products`
  ADD PRIMARY KEY (`id`),
  ADD KEY `order_products_order_id_foreign` (`order_id`),
  ADD KEY `order_products_product_id_foreign` (`product_id`);

--
-- Indexes for table `order_product_options`
--
ALTER TABLE `order_product_options`
  ADD PRIMARY KEY (`id`),
  ADD UNIQUE KEY `order_product_options_order_product_id_option_id_unique` (`order_product_id`,`option_id`),
  ADD KEY `order_product_options_option_id_foreign` (`option_id`);

--
-- Indexes for table `order_product_option_values`
--
ALTER TABLE `order_product_option_values`
  ADD PRIMARY KEY (`order_product_option_id`,`option_value_id`),
  ADD KEY `order_product_option_values_option_value_id_foreign` (`option_value_id`);

--
-- Indexes for table `order_product_variations`
--
ALTER TABLE `order_product_variations`
  ADD PRIMARY KEY (`id`),
  ADD UNIQUE KEY `order_product_variations_order_product_id_variation_id_unique` (`order_product_id`,`variation_id`),
  ADD KEY `order_product_variations_variation_id_foreign` (`variation_id`);

--
-- Indexes for table `order_product_variation_values`
--
ALTER TABLE `order_product_variation_values`
  ADD PRIMARY KEY (`order_product_variation_id`,`variation_value_id`),
  ADD KEY `order_product_variation_values_variation_value_id_foreign` (`variation_value_id`);

--
-- Indexes for table `order_taxes`
--
ALTER TABLE `order_taxes`
  ADD PRIMARY KEY (`order_id`,`tax_rate_id`),
  ADD KEY `order_taxes_tax_rate_id_foreign` (`tax_rate_id`);

--
-- Indexes for table `pages`
--
ALTER TABLE `pages`
  ADD PRIMARY KEY (`id`),
  ADD UNIQUE KEY `pages_slug_unique` (`slug`);

--
-- Indexes for table `page_translations`
--
ALTER TABLE `page_translations`
  ADD PRIMARY KEY (`id`),
  ADD UNIQUE KEY `page_translations_page_id_locale_unique` (`page_id`,`locale`);

--
-- Indexes for table `persistences`
--
ALTER TABLE `persistences`
  ADD PRIMARY KEY (`id`),
  ADD UNIQUE KEY `persistences_code_unique` (`code`),
  ADD KEY `persistences_user_id_foreign` (`user_id`);

--
-- Indexes for table `products`
--
ALTER TABLE `products`
  ADD PRIMARY KEY (`id`),
  ADD UNIQUE KEY `products_slug_unique` (`slug`),
  ADD KEY `products_brand_id_foreign` (`brand_id`);

--
-- Indexes for table `product_attributes`
--
ALTER TABLE `product_attributes`
  ADD PRIMARY KEY (`id`),
  ADD KEY `product_attributes_product_id_index` (`product_id`),
  ADD KEY `product_attributes_attribute_id_index` (`attribute_id`);

--
-- Indexes for table `product_attribute_values`
--
ALTER TABLE `product_attribute_values`
  ADD PRIMARY KEY (`product_attribute_id`,`attribute_value_id`),
  ADD KEY `product_attribute_values_attribute_value_id_foreign` (`attribute_value_id`);

--
-- Indexes for table `product_categories`
--
ALTER TABLE `product_categories`
  ADD PRIMARY KEY (`product_id`,`category_id`),
  ADD KEY `product_categories_category_id_foreign` (`category_id`);

--
-- Indexes for table `product_options`
--
ALTER TABLE `product_options`
  ADD PRIMARY KEY (`product_id`,`option_id`),
  ADD KEY `product_options_option_id_foreign` (`option_id`);

--
-- Indexes for table `product_tags`
--
ALTER TABLE `product_tags`
  ADD PRIMARY KEY (`product_id`,`tag_id`),
  ADD KEY `product_tags_tag_id_foreign` (`tag_id`);

--
-- Indexes for table `product_translations`
--
ALTER TABLE `product_translations`
  ADD PRIMARY KEY (`id`),
  ADD UNIQUE KEY `product_translations_product_id_locale_unique` (`product_id`,`locale`);
ALTER TABLE `product_translations` ADD FULLTEXT KEY `name` (`name`);

--
-- Indexes for table `product_variants`
--
ALTER TABLE `product_variants`
  ADD PRIMARY KEY (`id`),
  ADD KEY `product_variants_product_id_foreign` (`product_id`);

--
-- Indexes for table `product_variations`
--
ALTER TABLE `product_variations`
  ADD PRIMARY KEY (`product_id`,`variation_id`),
  ADD KEY `product_variations_variation_id_foreign` (`variation_id`);

--
-- Indexes for table `related_products`
--
ALTER TABLE `related_products`
  ADD PRIMARY KEY (`product_id`,`related_product_id`),
  ADD KEY `related_products_related_product_id_foreign` (`related_product_id`);

--
-- Indexes for table `reminders`
--
ALTER TABLE `reminders`
  ADD PRIMARY KEY (`id`),
  ADD KEY `reminders_user_id_foreign` (`user_id`);

--
-- Indexes for table `reviews`
--
ALTER TABLE `reviews`
  ADD PRIMARY KEY (`id`),
  ADD KEY `reviews_reviewer_id_index` (`reviewer_id`),
  ADD KEY `reviews_product_id_index` (`product_id`);

--
-- Indexes for table `roles`
--
ALTER TABLE `roles`
  ADD PRIMARY KEY (`id`);

--
-- Indexes for table `role_translations`
--
ALTER TABLE `role_translations`
  ADD PRIMARY KEY (`id`),
  ADD UNIQUE KEY `role_translations_role_id_locale_unique` (`role_id`,`locale`);

--
-- Indexes for table `search_terms`
--
ALTER TABLE `search_terms`
  ADD PRIMARY KEY (`id`),
  ADD UNIQUE KEY `search_terms_term_unique` (`term`);

--
-- Indexes for table `settings`
--
ALTER TABLE `settings`
  ADD PRIMARY KEY (`id`),
  ADD UNIQUE KEY `settings_key_unique` (`key`);

--
-- Indexes for table `setting_translations`
--
ALTER TABLE `setting_translations`
  ADD PRIMARY KEY (`id`),
  ADD UNIQUE KEY `setting_translations_setting_id_locale_unique` (`setting_id`,`locale`);

--
-- Indexes for table `sliders`
--
ALTER TABLE `sliders`
  ADD PRIMARY KEY (`id`);

--
-- Indexes for table `slider_slides`
--
ALTER TABLE `slider_slides`
  ADD PRIMARY KEY (`id`),
  ADD KEY `slider_slides_slider_id_foreign` (`slider_id`);

--
-- Indexes for table `slider_slide_translations`
--
ALTER TABLE `slider_slide_translations`
  ADD PRIMARY KEY (`id`),
  ADD UNIQUE KEY `slider_slide_translations_slider_slide_id_locale_unique` (`slider_slide_id`,`locale`);

--
-- Indexes for table `slider_translations`
--
ALTER TABLE `slider_translations`
  ADD PRIMARY KEY (`id`),
  ADD UNIQUE KEY `slider_translations_slider_id_locale_unique` (`slider_id`,`locale`);

--
-- Indexes for table `tags`
--
ALTER TABLE `tags`
  ADD PRIMARY KEY (`id`),
  ADD UNIQUE KEY `tags_slug_unique` (`slug`);

--
-- Indexes for table `tag_translations`
--
ALTER TABLE `tag_translations`
  ADD PRIMARY KEY (`id`),
  ADD UNIQUE KEY `tag_translations_tag_id_locale_unique` (`tag_id`,`locale`);

--
-- Indexes for table `tax_classes`
--
ALTER TABLE `tax_classes`
  ADD PRIMARY KEY (`id`);

--
-- Indexes for table `tax_class_translations`
--
ALTER TABLE `tax_class_translations`
  ADD PRIMARY KEY (`id`),
  ADD UNIQUE KEY `tax_class_translations_tax_class_id_locale_unique` (`tax_class_id`,`locale`);

--
-- Indexes for table `tax_rates`
--
ALTER TABLE `tax_rates`
  ADD PRIMARY KEY (`id`),
  ADD KEY `tax_rates_tax_class_id_index` (`tax_class_id`);

--
-- Indexes for table `tax_rate_translations`
--
ALTER TABLE `tax_rate_translations`
  ADD PRIMARY KEY (`id`),
  ADD UNIQUE KEY `tax_rate_translations_tax_rate_id_locale_unique` (`tax_rate_id`,`locale`);

--
-- Indexes for table `throttle`
--
ALTER TABLE `throttle`
  ADD PRIMARY KEY (`id`),
  ADD KEY `throttle_user_id_foreign` (`user_id`);

--
-- Indexes for table `transactions`
--
ALTER TABLE `transactions`
  ADD PRIMARY KEY (`id`),
  ADD UNIQUE KEY `transactions_order_id_unique` (`order_id`);

--
-- Indexes for table `translations`
--
ALTER TABLE `translations`
  ADD PRIMARY KEY (`id`),
  ADD KEY `translations_key_index` (`key`);

--
-- Indexes for table `translation_translations`
--
ALTER TABLE `translation_translations`
  ADD PRIMARY KEY (`id`),
  ADD UNIQUE KEY `translation_translations_translation_id_locale_unique` (`translation_id`,`locale`);

--
-- Indexes for table `updater_scripts`
--
ALTER TABLE `updater_scripts`
  ADD PRIMARY KEY (`id`);

--
-- Indexes for table `up_sell_products`
--
ALTER TABLE `up_sell_products`
  ADD PRIMARY KEY (`product_id`,`up_sell_product_id`),
  ADD KEY `up_sell_products_up_sell_product_id_foreign` (`up_sell_product_id`);

--
-- Indexes for table `users`
--
ALTER TABLE `users`
  ADD PRIMARY KEY (`id`),
  ADD UNIQUE KEY `users_email_unique` (`email`);

--
-- Indexes for table `user_roles`
--
ALTER TABLE `user_roles`
  ADD PRIMARY KEY (`user_id`,`role_id`),
  ADD KEY `user_roles_role_id_foreign` (`role_id`);

--
-- Indexes for table `variations`
--
ALTER TABLE `variations`
  ADD PRIMARY KEY (`id`),
  ADD UNIQUE KEY `variations_uid_unique` (`uid`);

--
-- Indexes for table `variation_translations`
--
ALTER TABLE `variation_translations`
  ADD PRIMARY KEY (`id`),
  ADD UNIQUE KEY `variation_translations_variation_id_locale_unique` (`variation_id`,`locale`);

--
-- Indexes for table `variation_values`
--
ALTER TABLE `variation_values`
  ADD PRIMARY KEY (`id`),
  ADD UNIQUE KEY `variation_values_uid_unique` (`uid`),
  ADD KEY `variation_values_variation_id_index` (`variation_id`);

--
-- Indexes for table `variation_value_translations`
--
ALTER TABLE `variation_value_translations`
  ADD PRIMARY KEY (`id`),
  ADD UNIQUE KEY `variation_value_translations_variation_value_id_locale_unique` (`variation_value_id`,`locale`);

--
-- Indexes for table `wish_lists`
--
ALTER TABLE `wish_lists`
  ADD PRIMARY KEY (`user_id`,`product_id`),
  ADD KEY `wish_lists_product_id_foreign` (`product_id`);

--
-- AUTO_INCREMENT for dumped tables
--

--
-- AUTO_INCREMENT for table `activations`
--
ALTER TABLE `activations`
  MODIFY `id` int(10) UNSIGNED NOT NULL AUTO_INCREMENT, AUTO_INCREMENT=13;

--
-- AUTO_INCREMENT for table `addresses`
--
ALTER TABLE `addresses`
  MODIFY `id` int(10) UNSIGNED NOT NULL AUTO_INCREMENT, AUTO_INCREMENT=8;

--
-- AUTO_INCREMENT for table `attributes`
--
ALTER TABLE `attributes`
  MODIFY `id` int(10) UNSIGNED NOT NULL AUTO_INCREMENT;

--
-- AUTO_INCREMENT for table `attribute_sets`
--
ALTER TABLE `attribute_sets`
  MODIFY `id` int(10) UNSIGNED NOT NULL AUTO_INCREMENT;

--
-- AUTO_INCREMENT for table `attribute_set_translations`
--
ALTER TABLE `attribute_set_translations`
  MODIFY `id` int(10) UNSIGNED NOT NULL AUTO_INCREMENT;

--
-- AUTO_INCREMENT for table `attribute_translations`
--
ALTER TABLE `attribute_translations`
  MODIFY `id` int(10) UNSIGNED NOT NULL AUTO_INCREMENT;

--
-- AUTO_INCREMENT for table `attribute_values`
--
ALTER TABLE `attribute_values`
  MODIFY `id` int(10) UNSIGNED NOT NULL AUTO_INCREMENT;

--
-- AUTO_INCREMENT for table `attribute_value_translations`
--
ALTER TABLE `attribute_value_translations`
  MODIFY `id` int(10) UNSIGNED NOT NULL AUTO_INCREMENT;

--
-- AUTO_INCREMENT for table `blog_categories`
--
ALTER TABLE `blog_categories`
  MODIFY `id` bigint(20) UNSIGNED NOT NULL AUTO_INCREMENT;

--
-- AUTO_INCREMENT for table `blog_category_translations`
--
ALTER TABLE `blog_category_translations`
  MODIFY `id` int(10) UNSIGNED NOT NULL AUTO_INCREMENT;

--
-- AUTO_INCREMENT for table `blog_posts`
--
ALTER TABLE `blog_posts`
  MODIFY `id` bigint(20) UNSIGNED NOT NULL AUTO_INCREMENT;

--
-- AUTO_INCREMENT for table `blog_post_translations`
--
ALTER TABLE `blog_post_translations`
  MODIFY `id` int(10) UNSIGNED NOT NULL AUTO_INCREMENT;

--
-- AUTO_INCREMENT for table `blog_tags`
--
ALTER TABLE `blog_tags`
  MODIFY `id` bigint(20) UNSIGNED NOT NULL AUTO_INCREMENT;

--
-- AUTO_INCREMENT for table `blog_tag_translations`
--
ALTER TABLE `blog_tag_translations`
  MODIFY `id` int(10) UNSIGNED NOT NULL AUTO_INCREMENT;

--
-- AUTO_INCREMENT for table `brands`
--
ALTER TABLE `brands`
  MODIFY `id` int(10) UNSIGNED NOT NULL AUTO_INCREMENT, AUTO_INCREMENT=12;

--
-- AUTO_INCREMENT for table `brand_translations`
--
ALTER TABLE `brand_translations`
  MODIFY `id` int(10) UNSIGNED NOT NULL AUTO_INCREMENT, AUTO_INCREMENT=12;

--
-- AUTO_INCREMENT for table `categories`
--
ALTER TABLE `categories`
  MODIFY `id` int(10) UNSIGNED NOT NULL AUTO_INCREMENT, AUTO_INCREMENT=28;

--
-- AUTO_INCREMENT for table `category_translations`
--
ALTER TABLE `category_translations`
  MODIFY `id` int(10) UNSIGNED NOT NULL AUTO_INCREMENT, AUTO_INCREMENT=28;

--
-- AUTO_INCREMENT for table `coupons`
--
ALTER TABLE `coupons`
  MODIFY `id` int(10) UNSIGNED NOT NULL AUTO_INCREMENT;

--
-- AUTO_INCREMENT for table `coupon_translations`
--
ALTER TABLE `coupon_translations`
  MODIFY `id` int(10) UNSIGNED NOT NULL AUTO_INCREMENT;

--
-- AUTO_INCREMENT for table `currency_rates`
--
ALTER TABLE `currency_rates`
  MODIFY `id` int(10) UNSIGNED NOT NULL AUTO_INCREMENT, AUTO_INCREMENT=3;

--
-- AUTO_INCREMENT for table `default_addresses`
--
ALTER TABLE `default_addresses`
  MODIFY `id` int(10) UNSIGNED NOT NULL AUTO_INCREMENT, AUTO_INCREMENT=3;

--
-- AUTO_INCREMENT for table `deposits`
--
ALTER TABLE `deposits`
  MODIFY `id` bigint(20) NOT NULL AUTO_INCREMENT, AUTO_INCREMENT=7;

--
-- AUTO_INCREMENT for table `entity_files`
--
ALTER TABLE `entity_files`
  MODIFY `id` int(10) UNSIGNED NOT NULL AUTO_INCREMENT, AUTO_INCREMENT=217;

--
-- AUTO_INCREMENT for table `files`
--
ALTER TABLE `files`
  MODIFY `id` int(10) UNSIGNED NOT NULL AUTO_INCREMENT, AUTO_INCREMENT=160;

--
-- AUTO_INCREMENT for table `flash_sales`
--
ALTER TABLE `flash_sales`
  MODIFY `id` int(10) UNSIGNED NOT NULL AUTO_INCREMENT, AUTO_INCREMENT=2;

--
-- AUTO_INCREMENT for table `flash_sale_products`
--
ALTER TABLE `flash_sale_products`
  MODIFY `id` int(10) UNSIGNED NOT NULL AUTO_INCREMENT, AUTO_INCREMENT=3;

--
-- AUTO_INCREMENT for table `flash_sale_translations`
--
ALTER TABLE `flash_sale_translations`
  MODIFY `id` int(10) UNSIGNED NOT NULL AUTO_INCREMENT, AUTO_INCREMENT=2;

--
-- AUTO_INCREMENT for table `hire_commissions`
--
ALTER TABLE `hire_commissions`
  MODIFY `id` bigint(20) NOT NULL AUTO_INCREMENT, AUTO_INCREMENT=34;

--
-- AUTO_INCREMENT for table `hire_purchase_items`
--
ALTER TABLE `hire_purchase_items`
  MODIFY `id` int(11) NOT NULL AUTO_INCREMENT, AUTO_INCREMENT=4;

--
-- AUTO_INCREMENT for table `hire_purchase_payments`
--
ALTER TABLE `hire_purchase_payments`
  MODIFY `id` bigint(20) NOT NULL AUTO_INCREMENT, AUTO_INCREMENT=8;

--
-- AUTO_INCREMENT for table `menus`
--
ALTER TABLE `menus`
  MODIFY `id` int(10) UNSIGNED NOT NULL AUTO_INCREMENT, AUTO_INCREMENT=3;

--
-- AUTO_INCREMENT for table `menu_items`
--
ALTER TABLE `menu_items`
  MODIFY `id` int(10) UNSIGNED NOT NULL AUTO_INCREMENT, AUTO_INCREMENT=20;

--
-- AUTO_INCREMENT for table `menu_item_translations`
--
ALTER TABLE `menu_item_translations`
  MODIFY `id` int(10) UNSIGNED NOT NULL AUTO_INCREMENT, AUTO_INCREMENT=20;

--
-- AUTO_INCREMENT for table `menu_translations`
--
ALTER TABLE `menu_translations`
  MODIFY `id` int(10) UNSIGNED NOT NULL AUTO_INCREMENT, AUTO_INCREMENT=3;

--
-- AUTO_INCREMENT for table `meta_data`
--
ALTER TABLE `meta_data`
  MODIFY `id` int(10) UNSIGNED NOT NULL AUTO_INCREMENT, AUTO_INCREMENT=36;

--
-- AUTO_INCREMENT for table `meta_data_translations`
--
ALTER TABLE `meta_data_translations`
  MODIFY `id` int(10) UNSIGNED NOT NULL AUTO_INCREMENT, AUTO_INCREMENT=19;

--
-- AUTO_INCREMENT for table `migrations`
--
ALTER TABLE `migrations`
  MODIFY `id` int(10) UNSIGNED NOT NULL AUTO_INCREMENT, AUTO_INCREMENT=113;

--
-- AUTO_INCREMENT for table `options`
--
ALTER TABLE `options`
  MODIFY `id` int(10) UNSIGNED NOT NULL AUTO_INCREMENT, AUTO_INCREMENT=11;

--
-- AUTO_INCREMENT for table `option_translations`
--
ALTER TABLE `option_translations`
  MODIFY `id` int(10) UNSIGNED NOT NULL AUTO_INCREMENT, AUTO_INCREMENT=11;

--
-- AUTO_INCREMENT for table `option_values`
--
ALTER TABLE `option_values`
  MODIFY `id` int(10) UNSIGNED NOT NULL AUTO_INCREMENT, AUTO_INCREMENT=18;

--
-- AUTO_INCREMENT for table `option_value_translations`
--
ALTER TABLE `option_value_translations`
  MODIFY `id` int(10) UNSIGNED NOT NULL AUTO_INCREMENT, AUTO_INCREMENT=18;

--
-- AUTO_INCREMENT for table `orders`
--
ALTER TABLE `orders`
  MODIFY `id` int(10) UNSIGNED NOT NULL AUTO_INCREMENT, AUTO_INCREMENT=70;

--
-- AUTO_INCREMENT for table `order_downloads`
--
ALTER TABLE `order_downloads`
  MODIFY `id` int(10) UNSIGNED NOT NULL AUTO_INCREMENT;

--
-- AUTO_INCREMENT for table `order_products`
--
ALTER TABLE `order_products`
  MODIFY `id` int(10) UNSIGNED NOT NULL AUTO_INCREMENT, AUTO_INCREMENT=70;

--
-- AUTO_INCREMENT for table `order_product_options`
--
ALTER TABLE `order_product_options`
  MODIFY `id` int(10) UNSIGNED NOT NULL AUTO_INCREMENT;

--
-- AUTO_INCREMENT for table `order_product_variations`
--
ALTER TABLE `order_product_variations`
  MODIFY `id` int(10) UNSIGNED NOT NULL AUTO_INCREMENT;

--
-- AUTO_INCREMENT for table `pages`
--
ALTER TABLE `pages`
  MODIFY `id` int(10) UNSIGNED NOT NULL AUTO_INCREMENT;

--
-- AUTO_INCREMENT for table `page_translations`
--
ALTER TABLE `page_translations`
  MODIFY `id` int(10) UNSIGNED NOT NULL AUTO_INCREMENT;

--
-- AUTO_INCREMENT for table `persistences`
--
ALTER TABLE `persistences`
  MODIFY `id` int(10) UNSIGNED NOT NULL AUTO_INCREMENT, AUTO_INCREMENT=32;

--
-- AUTO_INCREMENT for table `products`
--
ALTER TABLE `products`
  MODIFY `id` int(10) UNSIGNED NOT NULL AUTO_INCREMENT, AUTO_INCREMENT=26;

--
-- AUTO_INCREMENT for table `product_attributes`
--
ALTER TABLE `product_attributes`
  MODIFY `id` int(10) UNSIGNED NOT NULL AUTO_INCREMENT;

--
-- AUTO_INCREMENT for table `product_translations`
--
ALTER TABLE `product_translations`
  MODIFY `id` int(10) UNSIGNED NOT NULL AUTO_INCREMENT, AUTO_INCREMENT=25;

--
-- AUTO_INCREMENT for table `product_variants`
--
ALTER TABLE `product_variants`
  MODIFY `id` int(10) UNSIGNED NOT NULL AUTO_INCREMENT;

--
-- AUTO_INCREMENT for table `reminders`
--
ALTER TABLE `reminders`
  MODIFY `id` int(10) UNSIGNED NOT NULL AUTO_INCREMENT;

--
-- AUTO_INCREMENT for table `reviews`
--
ALTER TABLE `reviews`
  MODIFY `id` int(10) UNSIGNED NOT NULL AUTO_INCREMENT, AUTO_INCREMENT=3;

--
-- AUTO_INCREMENT for table `roles`
--
ALTER TABLE `roles`
  MODIFY `id` int(10) UNSIGNED NOT NULL AUTO_INCREMENT, AUTO_INCREMENT=3;

--
-- AUTO_INCREMENT for table `role_translations`
--
ALTER TABLE `role_translations`
  MODIFY `id` int(10) UNSIGNED NOT NULL AUTO_INCREMENT, AUTO_INCREMENT=3;

--
-- AUTO_INCREMENT for table `search_terms`
--
ALTER TABLE `search_terms`
  MODIFY `id` int(10) UNSIGNED NOT NULL AUTO_INCREMENT, AUTO_INCREMENT=3;

--
-- AUTO_INCREMENT for table `settings`
--
ALTER TABLE `settings`
  MODIFY `id` int(10) UNSIGNED NOT NULL AUTO_INCREMENT, AUTO_INCREMENT=389;

--
-- AUTO_INCREMENT for table `setting_translations`
--
ALTER TABLE `setting_translations`
  MODIFY `id` int(10) UNSIGNED NOT NULL AUTO_INCREMENT, AUTO_INCREMENT=89;

--
-- AUTO_INCREMENT for table `sliders`
--
ALTER TABLE `sliders`
  MODIFY `id` int(10) UNSIGNED NOT NULL AUTO_INCREMENT, AUTO_INCREMENT=2;

--
-- AUTO_INCREMENT for table `slider_slides`
--
ALTER TABLE `slider_slides`
  MODIFY `id` int(10) UNSIGNED NOT NULL AUTO_INCREMENT, AUTO_INCREMENT=5;

--
-- AUTO_INCREMENT for table `slider_slide_translations`
--
ALTER TABLE `slider_slide_translations`
  MODIFY `id` int(10) UNSIGNED NOT NULL AUTO_INCREMENT, AUTO_INCREMENT=5;

--
-- AUTO_INCREMENT for table `slider_translations`
--
ALTER TABLE `slider_translations`
  MODIFY `id` int(10) UNSIGNED NOT NULL AUTO_INCREMENT, AUTO_INCREMENT=2;

--
-- AUTO_INCREMENT for table `tags`
--
ALTER TABLE `tags`
  MODIFY `id` int(10) UNSIGNED NOT NULL AUTO_INCREMENT, AUTO_INCREMENT=15;

--
-- AUTO_INCREMENT for table `tag_translations`
--
ALTER TABLE `tag_translations`
  MODIFY `id` int(10) UNSIGNED NOT NULL AUTO_INCREMENT, AUTO_INCREMENT=15;

--
-- AUTO_INCREMENT for table `tax_classes`
--
ALTER TABLE `tax_classes`
  MODIFY `id` int(10) UNSIGNED NOT NULL AUTO_INCREMENT;

--
-- AUTO_INCREMENT for table `tax_class_translations`
--
ALTER TABLE `tax_class_translations`
  MODIFY `id` int(10) UNSIGNED NOT NULL AUTO_INCREMENT;

--
-- AUTO_INCREMENT for table `tax_rates`
--
ALTER TABLE `tax_rates`
  MODIFY `id` int(10) UNSIGNED NOT NULL AUTO_INCREMENT;

--
-- AUTO_INCREMENT for table `tax_rate_translations`
--
ALTER TABLE `tax_rate_translations`
  MODIFY `id` int(10) UNSIGNED NOT NULL AUTO_INCREMENT;

--
-- AUTO_INCREMENT for table `throttle`
--
ALTER TABLE `throttle`
  MODIFY `id` int(10) UNSIGNED NOT NULL AUTO_INCREMENT, AUTO_INCREMENT=17;

--
-- AUTO_INCREMENT for table `transactions`
--
ALTER TABLE `transactions`
  MODIFY `id` int(10) UNSIGNED NOT NULL AUTO_INCREMENT;

--
-- AUTO_INCREMENT for table `translations`
--
ALTER TABLE `translations`
  MODIFY `id` int(10) UNSIGNED NOT NULL AUTO_INCREMENT;

--
-- AUTO_INCREMENT for table `translation_translations`
--
ALTER TABLE `translation_translations`
  MODIFY `id` int(10) UNSIGNED NOT NULL AUTO_INCREMENT;

--
-- AUTO_INCREMENT for table `updater_scripts`
--
ALTER TABLE `updater_scripts`
  MODIFY `id` int(10) UNSIGNED NOT NULL AUTO_INCREMENT, AUTO_INCREMENT=2;

--
-- AUTO_INCREMENT for table `users`
--
ALTER TABLE `users`
  MODIFY `id` int(10) UNSIGNED NOT NULL AUTO_INCREMENT, AUTO_INCREMENT=13;

--
-- AUTO_INCREMENT for table `variations`
--
ALTER TABLE `variations`
  MODIFY `id` int(10) UNSIGNED NOT NULL AUTO_INCREMENT;

--
-- AUTO_INCREMENT for table `variation_translations`
--
ALTER TABLE `variation_translations`
  MODIFY `id` int(10) UNSIGNED NOT NULL AUTO_INCREMENT;

--
-- AUTO_INCREMENT for table `variation_values`
--
ALTER TABLE `variation_values`
  MODIFY `id` int(10) UNSIGNED NOT NULL AUTO_INCREMENT;

--
-- AUTO_INCREMENT for table `variation_value_translations`
--
ALTER TABLE `variation_value_translations`
  MODIFY `id` int(10) UNSIGNED NOT NULL AUTO_INCREMENT;

--
-- Constraints for dumped tables
--

--
-- Constraints for table `activations`
--
ALTER TABLE `activations`
  ADD CONSTRAINT `activations_user_id_foreign` FOREIGN KEY (`user_id`) REFERENCES `users` (`id`) ON DELETE CASCADE;

--
-- Constraints for table `addresses`
--
ALTER TABLE `addresses`
  ADD CONSTRAINT `addresses_customer_id_foreign` FOREIGN KEY (`customer_id`) REFERENCES `users` (`id`) ON DELETE CASCADE;

--
-- Constraints for table `attributes`
--
ALTER TABLE `attributes`
  ADD CONSTRAINT `attributes_attribute_set_id_foreign` FOREIGN KEY (`attribute_set_id`) REFERENCES `attribute_sets` (`id`) ON DELETE CASCADE;

--
-- Constraints for table `attribute_categories`
--
ALTER TABLE `attribute_categories`
  ADD CONSTRAINT `attribute_categories_attribute_id_foreign` FOREIGN KEY (`attribute_id`) REFERENCES `attributes` (`id`) ON DELETE CASCADE,
  ADD CONSTRAINT `attribute_categories_category_id_foreign` FOREIGN KEY (`category_id`) REFERENCES `categories` (`id`) ON DELETE CASCADE;

--
-- Constraints for table `attribute_set_translations`
--
ALTER TABLE `attribute_set_translations`
  ADD CONSTRAINT `attribute_set_translations_attribute_set_id_foreign` FOREIGN KEY (`attribute_set_id`) REFERENCES `attribute_sets` (`id`) ON DELETE CASCADE;

--
-- Constraints for table `attribute_translations`
--
ALTER TABLE `attribute_translations`
  ADD CONSTRAINT `attribute_translations_attribute_id_foreign` FOREIGN KEY (`attribute_id`) REFERENCES `attributes` (`id`) ON DELETE CASCADE;

--
-- Constraints for table `attribute_values`
--
ALTER TABLE `attribute_values`
  ADD CONSTRAINT `attribute_values_attribute_id_foreign` FOREIGN KEY (`attribute_id`) REFERENCES `attributes` (`id`) ON DELETE CASCADE;

--
-- Constraints for table `attribute_value_translations`
--
ALTER TABLE `attribute_value_translations`
  ADD CONSTRAINT `attribute_value_translations_attribute_value_id_foreign` FOREIGN KEY (`attribute_value_id`) REFERENCES `attribute_values` (`id`) ON DELETE CASCADE;

--
-- Constraints for table `blog_category_translations`
--
ALTER TABLE `blog_category_translations`
  ADD CONSTRAINT `blog_category_translations_blog_category_id_foreign` FOREIGN KEY (`blog_category_id`) REFERENCES `blog_categories` (`id`) ON DELETE CASCADE;

--
-- Constraints for table `blog_posts`
--
ALTER TABLE `blog_posts`
  ADD CONSTRAINT `blog_posts_blog_category_id_foreign` FOREIGN KEY (`blog_category_id`) REFERENCES `blog_categories` (`id`) ON DELETE CASCADE,
  ADD CONSTRAINT `blog_posts_user_id_foreign` FOREIGN KEY (`user_id`) REFERENCES `users` (`id`) ON DELETE CASCADE;

--
-- Constraints for table `blog_post_blog_tag`
--
ALTER TABLE `blog_post_blog_tag`
  ADD CONSTRAINT `blog_post_blog_tag_blog_post_id_foreign` FOREIGN KEY (`blog_post_id`) REFERENCES `blog_posts` (`id`) ON DELETE CASCADE,
  ADD CONSTRAINT `blog_post_blog_tag_blog_tag_id_foreign` FOREIGN KEY (`blog_tag_id`) REFERENCES `blog_tags` (`id`) ON DELETE CASCADE;

--
-- Constraints for table `blog_post_translations`
--
ALTER TABLE `blog_post_translations`
  ADD CONSTRAINT `blog_post_translations_blog_post_id_foreign` FOREIGN KEY (`blog_post_id`) REFERENCES `blog_posts` (`id`) ON DELETE CASCADE;

--
-- Constraints for table `blog_tag_translations`
--
ALTER TABLE `blog_tag_translations`
  ADD CONSTRAINT `blog_tag_translations_blog_tag_id_foreign` FOREIGN KEY (`blog_tag_id`) REFERENCES `blog_tags` (`id`) ON DELETE CASCADE;

--
-- Constraints for table `categories`
--
ALTER TABLE `categories`
  ADD CONSTRAINT `categories_parent_id_foreign` FOREIGN KEY (`parent_id`) REFERENCES `categories` (`id`) ON DELETE CASCADE;

--
-- Constraints for table `category_translations`
--
ALTER TABLE `category_translations`
  ADD CONSTRAINT `category_translations_category_id_foreign` FOREIGN KEY (`category_id`) REFERENCES `categories` (`id`) ON DELETE CASCADE;

--
-- Constraints for table `coupon_categories`
--
ALTER TABLE `coupon_categories`
  ADD CONSTRAINT `coupon_categories_category_id_foreign` FOREIGN KEY (`category_id`) REFERENCES `categories` (`id`) ON DELETE CASCADE,
  ADD CONSTRAINT `coupon_categories_coupon_id_foreign` FOREIGN KEY (`coupon_id`) REFERENCES `coupons` (`id`) ON DELETE CASCADE;

--
-- Constraints for table `coupon_products`
--
ALTER TABLE `coupon_products`
  ADD CONSTRAINT `coupon_products_coupon_id_foreign` FOREIGN KEY (`coupon_id`) REFERENCES `coupons` (`id`) ON DELETE CASCADE,
  ADD CONSTRAINT `coupon_products_product_id_foreign` FOREIGN KEY (`product_id`) REFERENCES `products` (`id`) ON DELETE CASCADE;

--
-- Constraints for table `coupon_translations`
--
ALTER TABLE `coupon_translations`
  ADD CONSTRAINT `coupon_translations_coupon_id_foreign` FOREIGN KEY (`coupon_id`) REFERENCES `coupons` (`id`) ON DELETE CASCADE;

--
-- Constraints for table `cross_sell_products`
--
ALTER TABLE `cross_sell_products`
  ADD CONSTRAINT `cross_sell_products_cross_sell_product_id_foreign` FOREIGN KEY (`cross_sell_product_id`) REFERENCES `products` (`id`) ON DELETE CASCADE,
  ADD CONSTRAINT `cross_sell_products_product_id_foreign` FOREIGN KEY (`product_id`) REFERENCES `products` (`id`) ON DELETE CASCADE;

--
-- Constraints for table `default_addresses`
--
ALTER TABLE `default_addresses`
  ADD CONSTRAINT `default_addresses_address_id_foreign` FOREIGN KEY (`address_id`) REFERENCES `addresses` (`id`) ON DELETE CASCADE,
  ADD CONSTRAINT `default_addresses_customer_id_foreign` FOREIGN KEY (`customer_id`) REFERENCES `users` (`id`) ON DELETE CASCADE;

--
-- Constraints for table `entity_files`
--
ALTER TABLE `entity_files`
  ADD CONSTRAINT `entity_files_file_id_foreign` FOREIGN KEY (`file_id`) REFERENCES `files` (`id`) ON DELETE CASCADE;

--
-- Constraints for table `flash_sale_products`
--
ALTER TABLE `flash_sale_products`
  ADD CONSTRAINT `flash_sale_products_flash_sale_id_foreign` FOREIGN KEY (`flash_sale_id`) REFERENCES `flash_sales` (`id`) ON DELETE CASCADE,
  ADD CONSTRAINT `flash_sale_products_product_id_foreign` FOREIGN KEY (`product_id`) REFERENCES `products` (`id`) ON DELETE CASCADE;

--
-- Constraints for table `flash_sale_product_orders`
--
ALTER TABLE `flash_sale_product_orders`
  ADD CONSTRAINT `flash_sale_product_orders_flash_sale_product_id_foreign` FOREIGN KEY (`flash_sale_product_id`) REFERENCES `flash_sale_products` (`id`) ON DELETE CASCADE,
  ADD CONSTRAINT `flash_sale_product_orders_order_id_foreign` FOREIGN KEY (`order_id`) REFERENCES `orders` (`id`) ON DELETE CASCADE;

--
-- Constraints for table `flash_sale_translations`
--
ALTER TABLE `flash_sale_translations`
  ADD CONSTRAINT `flash_sale_translations_flash_sale_id_foreign` FOREIGN KEY (`flash_sale_id`) REFERENCES `flash_sales` (`id`) ON DELETE CASCADE;

--
-- Constraints for table `menu_items`
--
ALTER TABLE `menu_items`
  ADD CONSTRAINT `menu_items_category_id_foreign` FOREIGN KEY (`category_id`) REFERENCES `categories` (`id`) ON DELETE CASCADE,
  ADD CONSTRAINT `menu_items_menu_id_foreign` FOREIGN KEY (`menu_id`) REFERENCES `menus` (`id`) ON DELETE CASCADE,
  ADD CONSTRAINT `menu_items_page_id_foreign` FOREIGN KEY (`page_id`) REFERENCES `pages` (`id`) ON DELETE CASCADE,
  ADD CONSTRAINT `menu_items_parent_id_foreign` FOREIGN KEY (`parent_id`) REFERENCES `menu_items` (`id`) ON DELETE CASCADE;

--
-- Constraints for table `menu_item_translations`
--
ALTER TABLE `menu_item_translations`
  ADD CONSTRAINT `menu_item_translations_menu_item_id_foreign` FOREIGN KEY (`menu_item_id`) REFERENCES `menu_items` (`id`) ON DELETE CASCADE;

--
-- Constraints for table `menu_translations`
--
ALTER TABLE `menu_translations`
  ADD CONSTRAINT `menu_translations_menu_id_foreign` FOREIGN KEY (`menu_id`) REFERENCES `menus` (`id`) ON DELETE CASCADE;

--
-- Constraints for table `meta_data_translations`
--
ALTER TABLE `meta_data_translations`
  ADD CONSTRAINT `meta_data_translations_meta_data_id_foreign` FOREIGN KEY (`meta_data_id`) REFERENCES `meta_data` (`id`) ON DELETE CASCADE;

--
-- Constraints for table `option_translations`
--
ALTER TABLE `option_translations`
  ADD CONSTRAINT `option_translations_option_id_foreign` FOREIGN KEY (`option_id`) REFERENCES `options` (`id`) ON DELETE CASCADE;

--
-- Constraints for table `option_values`
--
ALTER TABLE `option_values`
  ADD CONSTRAINT `option_values_option_id_foreign` FOREIGN KEY (`option_id`) REFERENCES `options` (`id`) ON DELETE CASCADE;

--
-- Constraints for table `option_value_translations`
--
ALTER TABLE `option_value_translations`
  ADD CONSTRAINT `option_value_translations_option_value_id_foreign` FOREIGN KEY (`option_value_id`) REFERENCES `option_values` (`id`) ON DELETE CASCADE;

--
-- Constraints for table `order_downloads`
--
ALTER TABLE `order_downloads`
  ADD CONSTRAINT `order_downloads_file_id_foreign` FOREIGN KEY (`file_id`) REFERENCES `files` (`id`) ON DELETE CASCADE,
  ADD CONSTRAINT `order_downloads_order_id_foreign` FOREIGN KEY (`order_id`) REFERENCES `orders` (`id`) ON DELETE CASCADE;

--
-- Constraints for table `order_products`
--
ALTER TABLE `order_products`
  ADD CONSTRAINT `order_products_order_id_foreign` FOREIGN KEY (`order_id`) REFERENCES `orders` (`id`) ON DELETE CASCADE,
  ADD CONSTRAINT `order_products_product_id_foreign` FOREIGN KEY (`product_id`) REFERENCES `products` (`id`) ON DELETE CASCADE;

--
-- Constraints for table `order_product_options`
--
ALTER TABLE `order_product_options`
  ADD CONSTRAINT `order_product_options_option_id_foreign` FOREIGN KEY (`option_id`) REFERENCES `options` (`id`) ON DELETE CASCADE,
  ADD CONSTRAINT `order_product_options_order_product_id_foreign` FOREIGN KEY (`order_product_id`) REFERENCES `order_products` (`id`) ON DELETE CASCADE;

--
-- Constraints for table `order_product_option_values`
--
ALTER TABLE `order_product_option_values`
  ADD CONSTRAINT `order_product_option_values_option_value_id_foreign` FOREIGN KEY (`option_value_id`) REFERENCES `option_values` (`id`) ON DELETE CASCADE,
  ADD CONSTRAINT `order_product_option_values_order_product_option_id_foreign` FOREIGN KEY (`order_product_option_id`) REFERENCES `order_product_options` (`id`) ON DELETE CASCADE;

--
-- Constraints for table `order_product_variations`
--
ALTER TABLE `order_product_variations`
  ADD CONSTRAINT `order_product_variations_order_product_id_foreign` FOREIGN KEY (`order_product_id`) REFERENCES `order_products` (`id`) ON DELETE CASCADE,
  ADD CONSTRAINT `order_product_variations_variation_id_foreign` FOREIGN KEY (`variation_id`) REFERENCES `variations` (`id`) ON DELETE CASCADE;

--
-- Constraints for table `order_product_variation_values`
--
ALTER TABLE `order_product_variation_values`
  ADD CONSTRAINT `order_product_variation_values_order_product_variation_id` FOREIGN KEY (`order_product_variation_id`) REFERENCES `order_product_variations` (`id`) ON DELETE CASCADE,
  ADD CONSTRAINT `order_product_variation_values_variation_value_id_foreign` FOREIGN KEY (`variation_value_id`) REFERENCES `variation_values` (`id`) ON DELETE CASCADE;

--
-- Constraints for table `order_taxes`
--
ALTER TABLE `order_taxes`
  ADD CONSTRAINT `order_taxes_order_id_foreign` FOREIGN KEY (`order_id`) REFERENCES `orders` (`id`) ON DELETE CASCADE,
  ADD CONSTRAINT `order_taxes_tax_rate_id_foreign` FOREIGN KEY (`tax_rate_id`) REFERENCES `tax_rates` (`id`) ON DELETE CASCADE;

--
-- Constraints for table `page_translations`
--
ALTER TABLE `page_translations`
  ADD CONSTRAINT `page_translations_page_id_foreign` FOREIGN KEY (`page_id`) REFERENCES `pages` (`id`) ON DELETE CASCADE;

--
-- Constraints for table `persistences`
--
ALTER TABLE `persistences`
  ADD CONSTRAINT `persistences_user_id_foreign` FOREIGN KEY (`user_id`) REFERENCES `users` (`id`) ON DELETE CASCADE;

--
-- Constraints for table `products`
--
ALTER TABLE `products`
  ADD CONSTRAINT `products_brand_id_foreign` FOREIGN KEY (`brand_id`) REFERENCES `brands` (`id`) ON DELETE SET NULL;

--
-- Constraints for table `product_attributes`
--
ALTER TABLE `product_attributes`
  ADD CONSTRAINT `product_attributes_attribute_id_foreign` FOREIGN KEY (`attribute_id`) REFERENCES `attributes` (`id`) ON DELETE CASCADE,
  ADD CONSTRAINT `product_attributes_product_id_foreign` FOREIGN KEY (`product_id`) REFERENCES `products` (`id`) ON DELETE CASCADE;

--
-- Constraints for table `product_attribute_values`
--
ALTER TABLE `product_attribute_values`
  ADD CONSTRAINT `product_attribute_values_attribute_value_id_foreign` FOREIGN KEY (`attribute_value_id`) REFERENCES `attribute_values` (`id`) ON DELETE CASCADE,
  ADD CONSTRAINT `product_attribute_values_product_attribute_id_foreign` FOREIGN KEY (`product_attribute_id`) REFERENCES `product_attributes` (`id`) ON DELETE CASCADE;

--
-- Constraints for table `product_categories`
--
ALTER TABLE `product_categories`
  ADD CONSTRAINT `product_categories_category_id_foreign` FOREIGN KEY (`category_id`) REFERENCES `categories` (`id`) ON DELETE CASCADE,
  ADD CONSTRAINT `product_categories_product_id_foreign` FOREIGN KEY (`product_id`) REFERENCES `products` (`id`) ON DELETE CASCADE;

--
-- Constraints for table `product_options`
--
ALTER TABLE `product_options`
  ADD CONSTRAINT `product_options_option_id_foreign` FOREIGN KEY (`option_id`) REFERENCES `options` (`id`) ON DELETE CASCADE,
  ADD CONSTRAINT `product_options_product_id_foreign` FOREIGN KEY (`product_id`) REFERENCES `products` (`id`) ON DELETE CASCADE;

--
-- Constraints for table `product_tags`
--
ALTER TABLE `product_tags`
  ADD CONSTRAINT `product_tags_product_id_foreign` FOREIGN KEY (`product_id`) REFERENCES `products` (`id`) ON DELETE CASCADE,
  ADD CONSTRAINT `product_tags_tag_id_foreign` FOREIGN KEY (`tag_id`) REFERENCES `tags` (`id`) ON DELETE CASCADE;

--
-- Constraints for table `product_translations`
--
ALTER TABLE `product_translations`
  ADD CONSTRAINT `product_translations_product_id_foreign` FOREIGN KEY (`product_id`) REFERENCES `products` (`id`) ON DELETE CASCADE;

--
-- Constraints for table `product_variants`
--
ALTER TABLE `product_variants`
  ADD CONSTRAINT `product_variants_product_id_foreign` FOREIGN KEY (`product_id`) REFERENCES `products` (`id`) ON DELETE CASCADE;

--
-- Constraints for table `product_variations`
--
ALTER TABLE `product_variations`
  ADD CONSTRAINT `product_variations_product_id_foreign` FOREIGN KEY (`product_id`) REFERENCES `products` (`id`) ON DELETE CASCADE,
  ADD CONSTRAINT `product_variations_variation_id_foreign` FOREIGN KEY (`variation_id`) REFERENCES `variations` (`id`) ON DELETE CASCADE;

--
-- Constraints for table `related_products`
--
ALTER TABLE `related_products`
  ADD CONSTRAINT `related_products_product_id_foreign` FOREIGN KEY (`product_id`) REFERENCES `products` (`id`) ON DELETE CASCADE,
  ADD CONSTRAINT `related_products_related_product_id_foreign` FOREIGN KEY (`related_product_id`) REFERENCES `products` (`id`) ON DELETE CASCADE;

--
-- Constraints for table `reminders`
--
ALTER TABLE `reminders`
  ADD CONSTRAINT `reminders_user_id_foreign` FOREIGN KEY (`user_id`) REFERENCES `users` (`id`) ON DELETE CASCADE;

--
-- Constraints for table `reviews`
--
ALTER TABLE `reviews`
  ADD CONSTRAINT `reviews_product_id_foreign` FOREIGN KEY (`product_id`) REFERENCES `products` (`id`) ON DELETE CASCADE;

--
-- Constraints for table `role_translations`
--
ALTER TABLE `role_translations`
  ADD CONSTRAINT `role_translations_role_id_foreign` FOREIGN KEY (`role_id`) REFERENCES `roles` (`id`) ON DELETE CASCADE;

--
-- Constraints for table `setting_translations`
--
ALTER TABLE `setting_translations`
  ADD CONSTRAINT `setting_translations_setting_id_foreign` FOREIGN KEY (`setting_id`) REFERENCES `settings` (`id`) ON DELETE CASCADE;

--
-- Constraints for table `slider_slides`
--
ALTER TABLE `slider_slides`
  ADD CONSTRAINT `slider_slides_slider_id_foreign` FOREIGN KEY (`slider_id`) REFERENCES `sliders` (`id`) ON DELETE CASCADE;

--
-- Constraints for table `slider_slide_translations`
--
ALTER TABLE `slider_slide_translations`
  ADD CONSTRAINT `slider_slide_translations_slider_slide_id_foreign` FOREIGN KEY (`slider_slide_id`) REFERENCES `slider_slides` (`id`) ON DELETE CASCADE;

--
-- Constraints for table `slider_translations`
--
ALTER TABLE `slider_translations`
  ADD CONSTRAINT `slider_translations_slider_id_foreign` FOREIGN KEY (`slider_id`) REFERENCES `sliders` (`id`) ON DELETE CASCADE;

--
-- Constraints for table `tag_translations`
--
ALTER TABLE `tag_translations`
  ADD CONSTRAINT `tag_translations_tag_id_foreign` FOREIGN KEY (`tag_id`) REFERENCES `tags` (`id`) ON DELETE CASCADE;

--
-- Constraints for table `tax_class_translations`
--
ALTER TABLE `tax_class_translations`
  ADD CONSTRAINT `tax_class_translations_tax_class_id_foreign` FOREIGN KEY (`tax_class_id`) REFERENCES `tax_classes` (`id`) ON DELETE CASCADE;

--
-- Constraints for table `tax_rates`
--
ALTER TABLE `tax_rates`
  ADD CONSTRAINT `tax_rates_tax_class_id_foreign` FOREIGN KEY (`tax_class_id`) REFERENCES `tax_classes` (`id`) ON DELETE CASCADE;

--
-- Constraints for table `tax_rate_translations`
--
ALTER TABLE `tax_rate_translations`
  ADD CONSTRAINT `tax_rate_translations_tax_rate_id_foreign` FOREIGN KEY (`tax_rate_id`) REFERENCES `tax_rates` (`id`) ON DELETE CASCADE;

--
-- Constraints for table `throttle`
--
ALTER TABLE `throttle`
  ADD CONSTRAINT `throttle_user_id_foreign` FOREIGN KEY (`user_id`) REFERENCES `users` (`id`) ON DELETE CASCADE;

--
-- Constraints for table `transactions`
--
ALTER TABLE `transactions`
  ADD CONSTRAINT `transactions_order_id_foreign` FOREIGN KEY (`order_id`) REFERENCES `orders` (`id`) ON DELETE CASCADE;

--
-- Constraints for table `translation_translations`
--
ALTER TABLE `translation_translations`
  ADD CONSTRAINT `translation_translations_translation_id_foreign` FOREIGN KEY (`translation_id`) REFERENCES `translations` (`id`) ON DELETE CASCADE;

--
-- Constraints for table `up_sell_products`
--
ALTER TABLE `up_sell_products`
  ADD CONSTRAINT `up_sell_products_product_id_foreign` FOREIGN KEY (`product_id`) REFERENCES `products` (`id`) ON DELETE CASCADE,
  ADD CONSTRAINT `up_sell_products_up_sell_product_id_foreign` FOREIGN KEY (`up_sell_product_id`) REFERENCES `products` (`id`) ON DELETE CASCADE;

--
-- Constraints for table `user_roles`
--
ALTER TABLE `user_roles`
  ADD CONSTRAINT `user_roles_role_id_foreign` FOREIGN KEY (`role_id`) REFERENCES `roles` (`id`) ON DELETE CASCADE,
  ADD CONSTRAINT `user_roles_user_id_foreign` FOREIGN KEY (`user_id`) REFERENCES `users` (`id`) ON DELETE CASCADE;

--
-- Constraints for table `variation_translations`
--
ALTER TABLE `variation_translations`
  ADD CONSTRAINT `variation_translations_variation_id_foreign` FOREIGN KEY (`variation_id`) REFERENCES `variations` (`id`) ON DELETE CASCADE;

--
-- Constraints for table `variation_values`
--
ALTER TABLE `variation_values`
  ADD CONSTRAINT `variation_values_variation_id_foreign` FOREIGN KEY (`variation_id`) REFERENCES `variations` (`id`) ON DELETE CASCADE;

--
-- Constraints for table `variation_value_translations`
--
ALTER TABLE `variation_value_translations`
  ADD CONSTRAINT `variation_value_translations_variation_value_id_foreign` FOREIGN KEY (`variation_value_id`) REFERENCES `variation_values` (`id`) ON DELETE CASCADE;

--
-- Constraints for table `wish_lists`
--
ALTER TABLE `wish_lists`
  ADD CONSTRAINT `wish_lists_product_id_foreign` FOREIGN KEY (`product_id`) REFERENCES `products` (`id`) ON DELETE CASCADE,
  ADD CONSTRAINT `wish_lists_user_id_foreign` FOREIGN KEY (`user_id`) REFERENCES `users` (`id`) ON DELETE CASCADE;
COMMIT;

